{"id":2424,"date":"2021-10-28T06:23:00","date_gmt":"2021-10-28T04:23:00","guid":{"rendered":"https:\/\/feuerwehrwoerth.de\/?post_type=einsatz&#038;p=2424"},"modified":"2021-10-29T17:34:35","modified_gmt":"2021-10-29T15:34:35","slug":"vu-person-eingeklemmt","status":"publish","type":"einsatz","link":"https:\/\/feuerwehrwoerth.de\/index.php\/einsatzberichte\/vu-person-eingeklemmt\/","title":{"rendered":"VU Person eingeklemmt"},"content":{"rendered":"\n<p>Zusammen mit den Einheiten Schaidt und B\u00fcchelberg wurden wir zu einem schweren Verkehrsunfall auf die Kreisstra\u00dfe 15 alarmiert.<br>Durch die Rettungsleitstelle wurde ein Unfall mit zwei beteiligten PKW und mindestens einer eingeklemmten Person gemeldet. Bereits kurz nach dem Eintreffen konnte der Einsatzleiter diese Meldung best\u00e4tigen. Nach einem Frontalzusammensto\u00df war einer der beiden Fahrzeugf\u00fchrer massiv in seinem Fahrzeug eingeklemmt. Der zweite Fahrzeugf\u00fchrer konnte sich selbst\u00e4ndig aus seinem Fahrzeug befreien und wurde lediglich leicht verletzt.<br>Durch die Einheiten Schaidt und B\u00fcchelberg wurde der schwer verletzte Fahrer mit hydraulischem Rettungsger\u00e4t befreit und an den Rettungsdienst \u00fcbergeben.<br>Des Weiteren wurde durch uns die Einsatzstelle ausgeleuchtet, der Brandschutz sichergestellt und die Unfallstelle gegen den Verkehr abgesichert.<\/p>\n","protected":false},"author":1,"featured_media":2425,"template":"","meta":{"advgb_blocks_editor_width":"","advgb_blocks_columns_visual_guide":"","ngg_post_thumbnail":0,"einsatz_weight":1,"footnotes":""},"categories":[],"einsatzart":[5],"fahrzeug":[16,25,27,28,48,15],"exteinsatzmittel":[10,9],"alarmierungsart":[],"evw_unit":[45,46,43],"class_list":["post-2424","einsatz","type-einsatz","status-publish","has-post-thumbnail","hentry","einsatzart-technische-hilfeleistung","fahrzeug-hlf-10-10","fahrzeug-tlf-16-25-schaidt","fahrzeug-mtf-schaidt","fahrzeug-lf-8-6-maximiliansau","fahrzeug-fez","fahrzeug-elw-1","exteinsatzmittel-rettungsdienst","exteinsatzmittel-polizei","evw_unit-schaidt","evw_unit-buechelberg","evw_unit-woerth-am-rhein"],"featured_img":"https:\/\/feuerwehrwoerth.de\/wp-content\/uploads\/2021\/10\/2021-10-28-vu-k15-scaled.jpg","coauthors":[],"author_meta":{"author_link":"https:\/\/feuerwehrwoerth.de\/index.php\/author\/chris\/","display_name":"Christian"},"relative_dates":{"created":"Posted 5\u00a0Jahren ago","modified":"Updated 4\u00a0Jahren ago"},"absolute_dates":{"created":"Posted on 28. Oktober 2021","modified":"Updated on 29. Oktober 2021"},"absolute_dates_time":{"created":"Posted on 28. Oktober 2021 6:23","modified":"Updated on 29. Oktober 2021 17:34"},"featured_img_caption":"","tax_additional":{"category":{"linked":[],"unlinked":[],"slug":"category","name":"Kategorien"},"einsatzart":{"linked":["<a href=\"https:\/\/feuerwehrwoerth.de\/index.php\/einsatzart\/technische-hilfeleistung\/\" class=\"advgb-post-tax-term\">Technische Hilfeleistung<\/a>"],"unlinked":["<span class=\"advgb-post-tax-term\">Technische Hilfeleistung<\/span>"],"slug":"einsatzart","name":"Einsatzarten"},"fahrzeug":{"linked":["<a href=\"https:\/\/feuerwehrwoerth.de\/index.php\/fahrzeug\/hlf-10-10\/\" class=\"advgb-post-tax-term\">1\/45 (HLF 10\/10)<\/a>","<a href=\"https:\/\/feuerwehrwoerth.de\/index.php\/fahrzeug\/tlf-16-25-schaidt\/\" class=\"advgb-post-tax-term\">3\/23 (TLF 16\/25)<\/a>","<a href=\"https:\/\/feuerwehrwoerth.de\/index.php\/fahrzeug\/mtf-schaidt\/\" class=\"advgb-post-tax-term\">3\/19 (MTF)<\/a>","<a href=\"https:\/\/feuerwehrwoerth.de\/index.php\/fahrzeug\/lf-8-6-maximiliansau\/\" class=\"advgb-post-tax-term\">2\/44\/2 (LF 8\/6)<\/a>","<a href=\"https:\/\/feuerwehrwoerth.de\/index.php\/fahrzeug\/fez\/\" class=\"advgb-post-tax-term\">FEZ<\/a>","<a href=\"https:\/\/feuerwehrwoerth.de\/index.php\/fahrzeug\/elw-1\/\" class=\"advgb-post-tax-term\">1\/11 (ELW 1)<\/a>"],"unlinked":["<span class=\"advgb-post-tax-term\">1\/45 (HLF 10\/10)<\/span>","<span class=\"advgb-post-tax-term\">3\/23 (TLF 16\/25)<\/span>","<span class=\"advgb-post-tax-term\">3\/19 (MTF)<\/span>","<span class=\"advgb-post-tax-term\">2\/44\/2 (LF 8\/6)<\/span>","<span class=\"advgb-post-tax-term\">FEZ<\/span>","<span class=\"advgb-post-tax-term\">1\/11 (ELW 1)<\/span>"],"slug":"fahrzeug","name":"Fahrzeuge"},"exteinsatzmittel":{"linked":["<a href=\"https:\/\/feuerwehrwoerth.de\/index.php\/externe-einsatzmittel\/rettungsdienst\/\" class=\"advgb-post-tax-term\">Rettungsdienst<\/a>","<a href=\"https:\/\/feuerwehrwoerth.de\/index.php\/externe-einsatzmittel\/polizei\/\" class=\"advgb-post-tax-term\">Polizei<\/a>"],"unlinked":["<span class=\"advgb-post-tax-term\">Rettungsdienst<\/span>","<span class=\"advgb-post-tax-term\">Polizei<\/span>"],"slug":"exteinsatzmittel","name":"Externe Einsatzmittel"},"alarmierungsart":{"linked":[],"unlinked":[],"slug":"alarmierungsart","name":"Alarmierungsarten"},"evw_unit":{"linked":["<a href=\"https:\/\/feuerwehrwoerth.de\/index.php\/evw_unit\/schaidt\/\" class=\"advgb-post-tax-term\">Schaidt<\/a>","<a href=\"https:\/\/feuerwehrwoerth.de\/index.php\/evw_unit\/buechelberg\/\" class=\"advgb-post-tax-term\">B\u00fcchelberg<\/a>","<a href=\"https:\/\/feuerwehrwoerth.de\/index.php\/evw_unit\/woerth-am-rhein\/\" class=\"advgb-post-tax-term\">W\u00f6rth<\/a>"],"unlinked":["<span class=\"advgb-post-tax-term\">Schaidt<\/span>","<span class=\"advgb-post-tax-term\">B\u00fcchelberg<\/span>","<span class=\"advgb-post-tax-term\">W\u00f6rth<\/span>"],"slug":"evw_unit","name":"Einheiten"}},"series_order":"","jetpack_sharing_enabled":true,"_links":{"self":[{"href":"https:\/\/feuerwehrwoerth.de\/index.php\/wp-json\/wp\/v2\/einsatz\/2424","targetHints":{"allow":["GET"]}}],"collection":[{"href":"https:\/\/feuerwehrwoerth.de\/index.php\/wp-json\/wp\/v2\/einsatz"}],"about":[{"href":"https:\/\/feuerwehrwoerth.de\/index.php\/wp-json\/wp\/v2\/types\/einsatz"}],"author":[{"embeddable":true,"href":"https:\/\/feuerwehrwoerth.de\/index.php\/wp-json\/wp\/v2\/users\/1"}],"version-history":[{"count":2,"href":"https:\/\/feuerwehrwoerth.de\/index.php\/wp-json\/wp\/v2\/einsatz\/2424\/revisions"}],"predecessor-version":[{"id":2427,"href":"https:\/\/feuerwehrwoerth.de\/index.php\/wp-json\/wp\/v2\/einsatz\/2424\/revisions\/2427"}],"wp:featuredmedia":[{"embeddable":true,"href":"https:\/\/feuerwehrwoerth.de\/index.php\/wp-json\/wp\/v2\/media\/2425"}],"wp:attachment":[{"href":"https:\/\/feuerwehrwoerth.de\/index.php\/wp-json\/wp\/v2\/media?parent=2424"}],"wp:term":[{"taxonomy":"category","embeddable":true,"href":"https:\/\/feuerwehrwoerth.de\/index.php\/wp-json\/wp\/v2\/categories?post=2424"},{"taxonomy":"einsatzart","embeddable":true,"href":"https:\/\/feuerwehrwoerth.de\/index.php\/wp-json\/wp\/v2\/einsatzart?post=2424"},{"taxonomy":"fahrzeug","embeddable":true,"href":"https:\/\/feuerwehrwoerth.de\/index.php\/wp-json\/wp\/v2\/fahrzeug?post=2424"},{"taxonomy":"exteinsatzmittel","embeddable":true,"href":"https:\/\/feuerwehrwoerth.de\/index.php\/wp-json\/wp\/v2\/exteinsatzmittel?post=2424"},{"taxonomy":"alarmierungsart","embeddable":true,"href":"https:\/\/feuerwehrwoerth.de\/index.php\/wp-json\/wp\/v2\/alarmierungsart?post=2424"},{"taxonomy":"evw_unit","embeddable":true,"href":"https:\/\/feuerwehrwoerth.de\/index.php\/wp-json\/wp\/v2\/evw_unit?post=2424"}],"curies":[{"name":"wp","href":"https:\/\/api.w.org\/{rel}","templated":true}]}}

<p>Zusammen mit den Einheiten Schaidt und Büchelberg wurden wir zu einem schweren Verkehrsunfall auf die Kreisstraße 15 alarmiert.<br>Durch die Rettungsleitstelle wurde ein Unfall mit zwei beteiligten PKW und mindestens einer eingeklemmten Person gemeldet. Bereits kurz nach dem Eintreffen konnte der Einsatzleiter diese Meldung bestätigen. Nach einem Frontalzusammenstoß war einer der beiden Fahrzeugführer massiv in seinem Fahrzeug eingeklemmt. Der zweite Fahrzeugführer konnte sich selbständig aus seinem Fahrzeug befreien und wurde lediglich leicht verletzt.<br>Durch die Einheiten Schaidt und Büchelberg wurde der schwer verletzte Fahrer mit hydraulischem Rettungsgerät befreit und an den Rettungsdienst übergeben.<br>Des Weiteren wurde durch uns die Einsatzstelle ausgeleuchtet, der Brandschutz sichergestellt und die Unfallstelle gegen den Verkehr abgesichert.</p>

<a href="https://feuerwehrwoerth.de/index.php/evw_unit/buechelberg/" class="advgb-post-tax-term">Büchelberg</a>

<a href="https://feuerwehrwoerth.de/index.php/evw_unit/woerth-am-rhein/" class="advgb-post-tax-term">Wörth</a>

<span class="advgb-post-tax-term">Büchelberg</span>

<span class="advgb-post-tax-term">Wörth</span>
