{"id":2452,"date":"2021-11-11T05:49:00","date_gmt":"2021-11-11T04:49:00","guid":{"rendered":"https:\/\/feuerwehrwoerth.de\/?post_type=einsatz&#038;p=2452"},"modified":"2021-11-11T16:49:52","modified_gmt":"2021-11-11T15:49:52","slug":"ausfall-notrufnummern","status":"publish","type":"einsatz","link":"https:\/\/feuerwehrwoerth.de\/index.php\/einsatzberichte\/ausfall-notrufnummern\/","title":{"rendered":"Ausfall Notrufnummern"},"content":{"rendered":"\n<p>Es kam zu einem bundesweiten Ausfall der Notrufnummern 112 und 110. Daher wurden die Feuerwehrger\u00e4teh\u00e4user in W\u00f6rth, Maximiliansau, Schaidt und B\u00fcchelberg besetzt. Im Notfall kann in solch einem Fall dann vom B\u00fcrger direkt die Feuerwehr angefahren werden um Hilfe zu erhalten. Die Feuerwehrh\u00e4user haben per Funk Kontakt zur Leitstelle Landau und k\u00f6nnen dadurch Notrufe weitergeben.<\/p>\n\n\n\n<p>Gegen 6:45 funktionierten die Notrufnummern wieder und unsere Einsatzbereitschaft konnte aufgel\u00f6st werden.<\/p>\n","protected":false},"author":1,"featured_media":1930,"template":"","meta":{"advgb_blocks_editor_width":"","advgb_blocks_columns_visual_guide":"","ngg_post_thumbnail":0,"einsatz_weight":1,"footnotes":""},"categories":[],"einsatzart":[12],"fahrzeug":[48],"exteinsatzmittel":[],"alarmierungsart":[],"evw_unit":[43],"class_list":["post-2452","einsatz","type-einsatz","status-publish","has-post-thumbnail","hentry","einsatzart-dienstleistung","fahrzeug-fez","evw_unit-woerth-am-rhein"],"featured_img":"https:\/\/feuerwehrwoerth.de\/wp-content\/uploads\/2021\/10\/bma_artikelbild-e1681295674568.jpg","coauthors":[],"author_meta":{"author_link":"https:\/\/feuerwehrwoerth.de\/index.php\/author\/chris\/","display_name":"Christian"},"relative_dates":{"created":"Posted 4\u00a0Jahren ago","modified":"Updated 4\u00a0Jahren ago"},"absolute_dates":{"created":"Posted on 11. November 2021","modified":"Updated on 11. November 2021"},"absolute_dates_time":{"created":"Posted on 11. November 2021 5:49","modified":"Updated on 11. November 2021 16:49"},"featured_img_caption":"","tax_additional":{"category":{"linked":[],"unlinked":[],"slug":"category","name":"Kategorien"},"einsatzart":{"linked":["<a href=\"https:\/\/feuerwehrwoerth.de\/index.php\/einsatzart\/dienstleistung\/\" class=\"advgb-post-tax-term\">Dienstleistung<\/a>"],"unlinked":["<span class=\"advgb-post-tax-term\">Dienstleistung<\/span>"],"slug":"einsatzart","name":"Einsatzarten"},"fahrzeug":{"linked":["<a href=\"https:\/\/feuerwehrwoerth.de\/index.php\/fahrzeug\/fez\/\" class=\"advgb-post-tax-term\">FEZ<\/a>"],"unlinked":["<span class=\"advgb-post-tax-term\">FEZ<\/span>"],"slug":"fahrzeug","name":"Fahrzeuge"},"exteinsatzmittel":{"linked":[],"unlinked":[],"slug":"exteinsatzmittel","name":"Externe Einsatzmittel"},"alarmierungsart":{"linked":[],"unlinked":[],"slug":"alarmierungsart","name":"Alarmierungsarten"},"evw_unit":{"linked":["<a href=\"https:\/\/feuerwehrwoerth.de\/index.php\/evw_unit\/woerth-am-rhein\/\" class=\"advgb-post-tax-term\">W\u00f6rth<\/a>"],"unlinked":["<span class=\"advgb-post-tax-term\">W\u00f6rth<\/span>"],"slug":"evw_unit","name":"Einheiten"}},"series_order":"","jetpack_sharing_enabled":true,"_links":{"self":[{"href":"https:\/\/feuerwehrwoerth.de\/index.php\/wp-json\/wp\/v2\/einsatz\/2452","targetHints":{"allow":["GET"]}}],"collection":[{"href":"https:\/\/feuerwehrwoerth.de\/index.php\/wp-json\/wp\/v2\/einsatz"}],"about":[{"href":"https:\/\/feuerwehrwoerth.de\/index.php\/wp-json\/wp\/v2\/types\/einsatz"}],"author":[{"embeddable":true,"href":"https:\/\/feuerwehrwoerth.de\/index.php\/wp-json\/wp\/v2\/users\/1"}],"version-history":[{"count":1,"href":"https:\/\/feuerwehrwoerth.de\/index.php\/wp-json\/wp\/v2\/einsatz\/2452\/revisions"}],"predecessor-version":[{"id":2453,"href":"https:\/\/feuerwehrwoerth.de\/index.php\/wp-json\/wp\/v2\/einsatz\/2452\/revisions\/2453"}],"wp:featuredmedia":[{"embeddable":true,"href":"https:\/\/feuerwehrwoerth.de\/index.php\/wp-json\/wp\/v2\/media\/1930"}],"wp:attachment":[{"href":"https:\/\/feuerwehrwoerth.de\/index.php\/wp-json\/wp\/v2\/media?parent=2452"}],"wp:term":[{"taxonomy":"category","embeddable":true,"href":"https:\/\/feuerwehrwoerth.de\/index.php\/wp-json\/wp\/v2\/categories?post=2452"},{"taxonomy":"einsatzart","embeddable":true,"href":"https:\/\/feuerwehrwoerth.de\/index.php\/wp-json\/wp\/v2\/einsatzart?post=2452"},{"taxonomy":"fahrzeug","embeddable":true,"href":"https:\/\/feuerwehrwoerth.de\/index.php\/wp-json\/wp\/v2\/fahrzeug?post=2452"},{"taxonomy":"exteinsatzmittel","embeddable":true,"href":"https:\/\/feuerwehrwoerth.de\/index.php\/wp-json\/wp\/v2\/exteinsatzmittel?post=2452"},{"taxonomy":"alarmierungsart","embeddable":true,"href":"https:\/\/feuerwehrwoerth.de\/index.php\/wp-json\/wp\/v2\/alarmierungsart?post=2452"},{"taxonomy":"evw_unit","embeddable":true,"href":"https:\/\/feuerwehrwoerth.de\/index.php\/wp-json\/wp\/v2\/evw_unit?post=2452"}],"curies":[{"name":"wp","href":"https:\/\/api.w.org\/{rel}","templated":true}]}}

<p>Es kam zu einem bundesweiten Ausfall der Notrufnummern 112 und 110. Daher wurden die Feuerwehrgerätehäuser in Wörth, Maximiliansau, Schaidt und Büchelberg besetzt. Im Notfall kann in solch einem Fall dann vom Bürger direkt die Feuerwehr angefahren werden um Hilfe zu erhalten. Die Feuerwehrhäuser haben per Funk Kontakt zur Leitstelle Landau und können dadurch Notrufe weitergeben.</p>



<p>Gegen 6:45 funktionierten die Notrufnummern wieder und unsere Einsatzbereitschaft konnte aufgelöst werden.</p>

<a href="https://feuerwehrwoerth.de/index.php/evw_unit/woerth-am-rhein/" class="advgb-post-tax-term">Wörth</a>

<span class="advgb-post-tax-term">Wörth</span>
