{"id":2499,"date":"2021-12-13T09:11:00","date_gmt":"2021-12-13T08:11:00","guid":{"rendered":"https:\/\/feuerwehrwoerth.de\/?post_type=einsatz&#038;p=2499"},"modified":"2021-12-14T14:37:06","modified_gmt":"2021-12-14T13:37:06","slug":"auslaufende-betriebsstoffe","status":"publish","type":"einsatz","link":"https:\/\/feuerwehrwoerth.de\/index.php\/einsatzberichte\/auslaufende-betriebsstoffe\/","title":{"rendered":"Auslaufende Betriebsstoffe"},"content":{"rendered":"\n<p>Wir wurden zusammen mit der Einheit Maximiliansau und der Gefahrgut Einheit der Stadt W\u00f6rth am Rhein zu einem Verkehrsunfall mit auslaufenden Betriebsstoffen alarmiert. Beim befahren einer engen Stra\u00dfe war der Fahrer eines M\u00fcllfahrzeugs an einer Mauer h\u00e4ngen geblieben und hatte sich dabei den Kraftstofftank massiv besch\u00e4digt. Innerhalb weniger Sekunden entleerte sich der komplette Dieseltank in den direkt unter der Unfallstelle liegenden Kanalschacht.<\/p>\n\n\n\n<p>Durch uns wurden die entsprechenden Beh\u00f6rden, der st\u00e4dtische Bauhof und die Kl\u00e4ranlage verst\u00e4ndigt, weitere Ma\u00dfnahmen waren f\u00fcr uns nicht mehr m\u00f6glich.<\/p>\n\n\n\n<figure class=\"wp-block-gallery columns-3 is-cropped wp-block-gallery-1\"><ul class=\"blocks-gallery-grid\"><li class=\"blocks-gallery-item\"><figure><img loading=\"lazy\" decoding=\"async\" width=\"480\" height=\"640\" src=\"https:\/\/feuerwehrwoerth.de\/wp-content\/uploads\/2021\/12\/7842FDE7-2E7F-4C2A-9D96-B4DD7234AC75.jpeg\" alt=\"\" data-id=\"2502\" data-full-url=\"https:\/\/feuerwehrwoerth.de\/wp-content\/uploads\/2021\/12\/7842FDE7-2E7F-4C2A-9D96-B4DD7234AC75.jpeg\" data-link=\"https:\/\/feuerwehrwoerth.de\/7842fde7-2e7f-4c2a-9d96-b4dd7234ac75\/\" class=\"wp-image-2502\" srcset=\"https:\/\/feuerwehrwoerth.de\/wp-content\/uploads\/2021\/12\/7842FDE7-2E7F-4C2A-9D96-B4DD7234AC75.jpeg 480w, https:\/\/feuerwehrwoerth.de\/wp-content\/uploads\/2021\/12\/7842FDE7-2E7F-4C2A-9D96-B4DD7234AC75-225x300.jpeg 225w\" sizes=\"auto, (max-width: 480px) 100vw, 480px\" \/><\/figure><\/li><li class=\"blocks-gallery-item\"><figure><img loading=\"lazy\" decoding=\"async\" width=\"480\" height=\"640\" src=\"https:\/\/feuerwehrwoerth.de\/wp-content\/uploads\/2021\/12\/7EF29B54-BE59-4367-BE54-C1766100EC98.jpeg\" alt=\"\" data-id=\"2501\" data-full-url=\"https:\/\/feuerwehrwoerth.de\/wp-content\/uploads\/2021\/12\/7EF29B54-BE59-4367-BE54-C1766100EC98.jpeg\" data-link=\"https:\/\/feuerwehrwoerth.de\/7ef29b54-be59-4367-be54-c1766100ec98\/\" class=\"wp-image-2501\" srcset=\"https:\/\/feuerwehrwoerth.de\/wp-content\/uploads\/2021\/12\/7EF29B54-BE59-4367-BE54-C1766100EC98.jpeg 480w, https:\/\/feuerwehrwoerth.de\/wp-content\/uploads\/2021\/12\/7EF29B54-BE59-4367-BE54-C1766100EC98-225x300.jpeg 225w\" sizes=\"auto, (max-width: 480px) 100vw, 480px\" \/><\/figure><\/li><li class=\"blocks-gallery-item\"><figure><img loading=\"lazy\" decoding=\"async\" width=\"480\" height=\"640\" src=\"https:\/\/feuerwehrwoerth.de\/wp-content\/uploads\/2021\/12\/FB77EF8A-464E-4AF8-ABB9-05B482FE51D9.jpeg\" alt=\"\" data-id=\"2500\" data-full-url=\"https:\/\/feuerwehrwoerth.de\/wp-content\/uploads\/2021\/12\/FB77EF8A-464E-4AF8-ABB9-05B482FE51D9.jpeg\" data-link=\"https:\/\/feuerwehrwoerth.de\/fb77ef8a-464e-4af8-abb9-05b482fe51d9\/\" class=\"wp-image-2500 is-layout-flex wp-block-gallery-is-layout-flex\" srcset=\"https:\/\/feuerwehrwoerth.de\/wp-content\/uploads\/2021\/12\/FB77EF8A-464E-4AF8-ABB9-05B482FE51D9.jpeg 480w, https:\/\/feuerwehrwoerth.de\/wp-content\/uploads\/2021\/12\/FB77EF8A-464E-4AF8-ABB9-05B482FE51D9-225x300.jpeg 225w\" sizes=\"auto, (max-width: 480px) 100vw, 480px\" \/><\/figure><\/li><\/ul><\/figure>\n","protected":false},"author":1,"featured_media":2501,"template":"","meta":{"advgb_blocks_editor_width":"","advgb_blocks_columns_visual_guide":"","ngg_post_thumbnail":0,"einsatz_weight":1,"footnotes":""},"categories":[],"einsatzart":[6],"fahrzeug":[16,21,22,31,48],"exteinsatzmittel":[83,84],"alarmierungsart":[],"evw_unit":[43,44],"class_list":["post-2499","einsatz","type-einsatz","status-publish","has-post-thumbnail","hentry","einsatzart-gefahrstoffe","fahrzeug-hlf-10-10","fahrzeug-wlf-kran","fahrzeug-lf-10-6-maximiliansau","fahrzeug-ab-umwelt","fahrzeug-fez","exteinsatzmittel-bauhof-stadt-woerth-am-rhein","exteinsatzmittel-klaerwerk","evw_unit-woerth-am-rhein","evw_unit-maximiliansau"],"featured_img":"https:\/\/feuerwehrwoerth.de\/wp-content\/uploads\/2021\/12\/7EF29B54-BE59-4367-BE54-C1766100EC98.jpeg","coauthors":[],"author_meta":{"author_link":"https:\/\/feuerwehrwoerth.de\/index.php\/author\/chris\/","display_name":"Christian"},"relative_dates":{"created":"Posted 4\u00a0Jahren ago","modified":"Updated 4\u00a0Jahren ago"},"absolute_dates":{"created":"Posted on 13. Dezember 2021","modified":"Updated on 14. Dezember 2021"},"absolute_dates_time":{"created":"Posted on 13. Dezember 2021 9:11","modified":"Updated on 14. Dezember 2021 14:37"},"featured_img_caption":"","tax_additional":{"category":{"linked":[],"unlinked":[],"slug":"category","name":"Kategorien"},"einsatzart":{"linked":["<a href=\"https:\/\/feuerwehrwoerth.de\/index.php\/einsatzart\/gefahrstoffe\/\" class=\"advgb-post-tax-term\">Gefahrstoffe<\/a>"],"unlinked":["<span class=\"advgb-post-tax-term\">Gefahrstoffe<\/span>"],"slug":"einsatzart","name":"Einsatzarten"},"fahrzeug":{"linked":["<a href=\"https:\/\/feuerwehrwoerth.de\/index.php\/fahrzeug\/hlf-10-10\/\" class=\"advgb-post-tax-term\">1\/45 (HLF 10\/10)<\/a>","<a href=\"https:\/\/feuerwehrwoerth.de\/index.php\/fahrzeug\/wlf-kran\/\" class=\"advgb-post-tax-term\">1\/66 (WLF-Kran)<\/a>","<a href=\"https:\/\/feuerwehrwoerth.de\/index.php\/fahrzeug\/lf-10-6-maximiliansau\/\" class=\"advgb-post-tax-term\">2\/44\/1 (LF 10\/6)<\/a>","<a href=\"https:\/\/feuerwehrwoerth.de\/index.php\/fahrzeug\/ab-umwelt\/\" class=\"advgb-post-tax-term\">AB-Umwelt<\/a>","<a href=\"https:\/\/feuerwehrwoerth.de\/index.php\/fahrzeug\/fez\/\" class=\"advgb-post-tax-term\">FEZ<\/a>"],"unlinked":["<span class=\"advgb-post-tax-term\">1\/45 (HLF 10\/10)<\/span>","<span class=\"advgb-post-tax-term\">1\/66 (WLF-Kran)<\/span>","<span class=\"advgb-post-tax-term\">2\/44\/1 (LF 10\/6)<\/span>","<span class=\"advgb-post-tax-term\">AB-Umwelt<\/span>","<span class=\"advgb-post-tax-term\">FEZ<\/span>"],"slug":"fahrzeug","name":"Fahrzeuge"},"exteinsatzmittel":{"linked":["<a href=\"https:\/\/feuerwehrwoerth.de\/index.php\/externe-einsatzmittel\/bauhof-stadt-woerth-am-rhein\/\" class=\"advgb-post-tax-term\">Bauhof Stadt W\u00f6rth am Rhein<\/a>","<a href=\"https:\/\/feuerwehrwoerth.de\/index.php\/externe-einsatzmittel\/klaerwerk\/\" class=\"advgb-post-tax-term\">Kl\u00e4rwerk<\/a>"],"unlinked":["<span class=\"advgb-post-tax-term\">Bauhof Stadt W\u00f6rth am Rhein<\/span>","<span class=\"advgb-post-tax-term\">Kl\u00e4rwerk<\/span>"],"slug":"exteinsatzmittel","name":"Externe Einsatzmittel"},"alarmierungsart":{"linked":[],"unlinked":[],"slug":"alarmierungsart","name":"Alarmierungsarten"},"evw_unit":{"linked":["<a href=\"https:\/\/feuerwehrwoerth.de\/index.php\/evw_unit\/woerth-am-rhein\/\" class=\"advgb-post-tax-term\">W\u00f6rth<\/a>","<a href=\"https:\/\/feuerwehrwoerth.de\/index.php\/evw_unit\/maximiliansau\/\" class=\"advgb-post-tax-term\">Maximiliansau<\/a>"],"unlinked":["<span class=\"advgb-post-tax-term\">W\u00f6rth<\/span>","<span class=\"advgb-post-tax-term\">Maximiliansau<\/span>"],"slug":"evw_unit","name":"Einheiten"}},"series_order":"","jetpack_sharing_enabled":true,"_links":{"self":[{"href":"https:\/\/feuerwehrwoerth.de\/index.php\/wp-json\/wp\/v2\/einsatz\/2499","targetHints":{"allow":["GET"]}}],"collection":[{"href":"https:\/\/feuerwehrwoerth.de\/index.php\/wp-json\/wp\/v2\/einsatz"}],"about":[{"href":"https:\/\/feuerwehrwoerth.de\/index.php\/wp-json\/wp\/v2\/types\/einsatz"}],"author":[{"embeddable":true,"href":"https:\/\/feuerwehrwoerth.de\/index.php\/wp-json\/wp\/v2\/users\/1"}],"version-history":[{"count":1,"href":"https:\/\/feuerwehrwoerth.de\/index.php\/wp-json\/wp\/v2\/einsatz\/2499\/revisions"}],"predecessor-version":[{"id":2503,"href":"https:\/\/feuerwehrwoerth.de\/index.php\/wp-json\/wp\/v2\/einsatz\/2499\/revisions\/2503"}],"wp:featuredmedia":[{"embeddable":true,"href":"https:\/\/feuerwehrwoerth.de\/index.php\/wp-json\/wp\/v2\/media\/2501"}],"wp:attachment":[{"href":"https:\/\/feuerwehrwoerth.de\/index.php\/wp-json\/wp\/v2\/media?parent=2499"}],"wp:term":[{"taxonomy":"category","embeddable":true,"href":"https:\/\/feuerwehrwoerth.de\/index.php\/wp-json\/wp\/v2\/categories?post=2499"},{"taxonomy":"einsatzart","embeddable":true,"href":"https:\/\/feuerwehrwoerth.de\/index.php\/wp-json\/wp\/v2\/einsatzart?post=2499"},{"taxonomy":"fahrzeug","embeddable":true,"href":"https:\/\/feuerwehrwoerth.de\/index.php\/wp-json\/wp\/v2\/fahrzeug?post=2499"},{"taxonomy":"exteinsatzmittel","embeddable":true,"href":"https:\/\/feuerwehrwoerth.de\/index.php\/wp-json\/wp\/v2\/exteinsatzmittel?post=2499"},{"taxonomy":"alarmierungsart","embeddable":true,"href":"https:\/\/feuerwehrwoerth.de\/index.php\/wp-json\/wp\/v2\/alarmierungsart?post=2499"},{"taxonomy":"evw_unit","embeddable":true,"href":"https:\/\/feuerwehrwoerth.de\/index.php\/wp-json\/wp\/v2\/evw_unit?post=2499"}],"curies":[{"name":"wp","href":"https:\/\/api.w.org\/{rel}","templated":true}]}}

<p>Wir wurden zusammen mit der Einheit Maximiliansau und der Gefahrgut Einheit der Stadt Wörth am Rhein zu einem Verkehrsunfall mit auslaufenden Betriebsstoffen alarmiert. Beim befahren einer engen Straße war der Fahrer eines Müllfahrzeugs an einer Mauer hängen geblieben und hatte sich dabei den Kraftstofftank massiv beschädigt. Innerhalb weniger Sekunden entleerte sich der komplette Dieseltank in den direkt unter der Unfallstelle liegenden Kanalschacht.</p>



<p>Durch uns wurden die entsprechenden Behörden, der städtische Bauhof und die Kläranlage verständigt, weitere Maßnahmen waren für uns nicht mehr möglich.</p>



<figure class="wp-block-gallery columns-3 is-cropped wp-block-gallery-1"><ul class="blocks-gallery-grid"><li class="blocks-gallery-item"><figure><img loading="lazy" decoding="async" width="480" height="640" src="https://feuerwehrwoerth.de/wp-content/uploads/2021/12/7842FDE7-2E7F-4C2A-9D96-B4DD7234AC75.jpeg" alt="" data-id="2502" data-full-url="https://feuerwehrwoerth.de/wp-content/uploads/2021/12/7842FDE7-2E7F-4C2A-9D96-B4DD7234AC75.jpeg" data-link="https://feuerwehrwoerth.de/7842fde7-2e7f-4c2a-9d96-b4dd7234ac75/" class="wp-image-2502" srcset="https://feuerwehrwoerth.de/wp-content/uploads/2021/12/7842FDE7-2E7F-4C2A-9D96-B4DD7234AC75.jpeg 480w, https://feuerwehrwoerth.de/wp-content/uploads/2021/12/7842FDE7-2E7F-4C2A-9D96-B4DD7234AC75-225x300.jpeg 225w" sizes="auto, (max-width: 480px) 100vw, 480px" /></figure></li><li class="blocks-gallery-item"><figure><img loading="lazy" decoding="async" width="480" height="640" src="https://feuerwehrwoerth.de/wp-content/uploads/2021/12/7EF29B54-BE59-4367-BE54-C1766100EC98.jpeg" alt="" data-id="2501" data-full-url="https://feuerwehrwoerth.de/wp-content/uploads/2021/12/7EF29B54-BE59-4367-BE54-C1766100EC98.jpeg" data-link="https://feuerwehrwoerth.de/7ef29b54-be59-4367-be54-c1766100ec98/" class="wp-image-2501" srcset="https://feuerwehrwoerth.de/wp-content/uploads/2021/12/7EF29B54-BE59-4367-BE54-C1766100EC98.jpeg 480w, https://feuerwehrwoerth.de/wp-content/uploads/2021/12/7EF29B54-BE59-4367-BE54-C1766100EC98-225x300.jpeg 225w" sizes="auto, (max-width: 480px) 100vw, 480px" /></figure></li><li class="blocks-gallery-item"><figure><img loading="lazy" decoding="async" width="480" height="640" src="https://feuerwehrwoerth.de/wp-content/uploads/2021/12/FB77EF8A-464E-4AF8-ABB9-05B482FE51D9.jpeg" alt="" data-id="2500" data-full-url="https://feuerwehrwoerth.de/wp-content/uploads/2021/12/FB77EF8A-464E-4AF8-ABB9-05B482FE51D9.jpeg" data-link="https://feuerwehrwoerth.de/fb77ef8a-464e-4af8-abb9-05b482fe51d9/" class="wp-image-2500 is-layout-flex wp-block-gallery-is-layout-flex" srcset="https://feuerwehrwoerth.de/wp-content/uploads/2021/12/FB77EF8A-464E-4AF8-ABB9-05B482FE51D9.jpeg 480w, https://feuerwehrwoerth.de/wp-content/uploads/2021/12/FB77EF8A-464E-4AF8-ABB9-05B482FE51D9-225x300.jpeg 225w" sizes="auto, (max-width: 480px) 100vw, 480px" /></figure></li></ul></figure>

<a href="https://feuerwehrwoerth.de/index.php/externe-einsatzmittel/bauhof-stadt-woerth-am-rhein/" class="advgb-post-tax-term">Bauhof Stadt Wörth am Rhein</a>

<a href="https://feuerwehrwoerth.de/index.php/externe-einsatzmittel/klaerwerk/" class="advgb-post-tax-term">Klärwerk</a>

<span class="advgb-post-tax-term">Bauhof Stadt Wörth am Rhein</span>

<span class="advgb-post-tax-term">Klärwerk</span>

<a href="https://feuerwehrwoerth.de/index.php/evw_unit/woerth-am-rhein/" class="advgb-post-tax-term">Wörth</a>

<span class="advgb-post-tax-term">Wörth</span>
