{"id":3737,"date":"2022-06-19T13:38:00","date_gmt":"2022-06-19T11:38:00","guid":{"rendered":"https:\/\/feuerwehrwoerth.de\/?post_type=einsatz&#038;p=3737"},"modified":"2022-06-20T10:55:05","modified_gmt":"2022-06-20T08:55:05","slug":"nebengebaeudebrand","status":"publish","type":"einsatz","link":"https:\/\/feuerwehrwoerth.de\/index.php\/einsatzberichte\/nebengebaeudebrand\/","title":{"rendered":"Nebengeb\u00e4udebrand"},"content":{"rendered":"\n<h4 class=\"wp-block-heading\">Brand an zwei Stellen fordert Gro\u00dfaufgebot an Einsatzkr\u00e4ften.<\/h4>\n\n\n\n<p>Zusammen mit den Kameraden aus Schaidt wurden wir zu einem gemeldeten Nebengeb\u00e4udebrand alarmiert. Kurz nach dem eintreffen an der Einsatzstelle erh\u00f6hte der Einsatzleiter das Alarmstichwort, weshalb umgehende Stadtvollalarm ausgel\u00f6st wurde. Au\u00dferdem wurden weitere wasserf\u00fchrende Fahrzeuge der Feuerwehr Kandel alarmiert. Noch w\u00e4hrend der ersten L\u00f6schma\u00dfnahmen wurde durch die Einsatzkr\u00e4fte eine weitere Brandstelle nur ca. 50m von der ersten entfernt festgestellt. Aufgrund des vorgefundenen Ausma\u00dfes musste der Einsatz in mehrere Abschnitte eingeteilt werden. Durch den Einsatz von mehreren Strahlrohren und eines Wasserwerfers konnte der Brand unter Kontrolle gebracht werden. Die Nachl\u00f6scharbeiten zogen sich bis in die fr\u00fchen Abendstunden.<\/p>\n\n\n\n<p>Zur Sicherung und Versorgung der Rettungskr\u00e4fte wurden die Schnelleinsatzgruppen Sanit\u00e4t und Versorgung des Landkreises alarmiert. Die <a href=\"https:\/\/www.feuerwehr-jockgrim.de\/index.php\/component\/einsatzkomponente\/einsatzbericht\/865?Itemid=294\" class=\"ek-link\">Feuerwehr Jockgrim<\/a> wurde zur Sicherung des Grundschutzes alarmiert und besetzte mit einer Gruppe das Feuerwehrger\u00e4tehaus W\u00f6rth.<\/p>\n\n\n\n<p>Zur Ermittlung der Brandursache nimmt die Polizei sachdienliche Hinweise entgegen.<\/p>\n\n\n\n<p>Noch w\u00e4hrend der laufenden L\u00f6scharbeiten wurden wir zur Unterst\u00fctzung der Feuerwehr Hagenbach zu einem gemeldeten Wald und Fl\u00e4chenbrand alarmiert. <a href=\"https:\/\/feuerwehrwoerth.de\/index.php\/einsatzberichte\/waldbrand\/\" class=\"ek-link\">Wir berichten hierzu gesondert<\/a>.<\/p>\n\n\n\nngg_shortcode_0_placeholder\n","protected":false},"author":1,"featured_media":3757,"template":"","meta":{"advgb_blocks_editor_width":"","advgb_blocks_columns_visual_guide":"","ngg_post_thumbnail":0,"einsatz_weight":1,"footnotes":""},"categories":[38],"einsatzart":[4],"fahrzeug":[25,26,27,28,29,30,37,48,81,3,13,15,16,18,22],"exteinsatzmittel":[9,49,50,56,98,108],"alarmierungsart":[],"evw_unit":[43,44,45,46],"class_list":["post-3737","einsatz","type-einsatz","status-publish","has-post-thumbnail","hentry","category-einsatzbericht","einsatzart-brand","fahrzeug-tlf-16-25-schaidt","fahrzeug-mzf-schaidt","fahrzeug-mtf-schaidt","fahrzeug-lf-8-6-maximiliansau","fahrzeug-mtf-buechelberg","fahrzeug-ab-tank","fahrzeug-wlf","fahrzeug-fez","fahrzeug-mzf-woerth","fahrzeug-hlf-20-16","fahrzeug-lf-kats-maximiliansau","fahrzeug-elw-1","fahrzeug-hlf-10-10","fahrzeug-mtf","fahrzeug-lf-10-6-maximiliansau","exteinsatzmittel-polizei","exteinsatzmittel-feuerwehr-hagenbach","exteinsatzmittel-feuerwehr-kandel","exteinsatzmittel-feuerwehr-jockgrim","exteinsatzmittel-seg-v","exteinsatzmittel-seg-san","evw_unit-woerth-am-rhein","evw_unit-maximiliansau","evw_unit-schaidt","evw_unit-buechelberg"],"featured_img":"https:\/\/feuerwehrwoerth.de\/wp-content\/uploads\/2022\/06\/2022-06-19-nebengebaeudebrand-artikelbild.jpg","coauthors":[],"author_meta":{"author_link":"https:\/\/feuerwehrwoerth.de\/index.php\/author\/chris\/","display_name":"Christian"},"relative_dates":{"created":"Posted 4\u00a0Jahren ago","modified":"Updated 4\u00a0Jahren ago"},"absolute_dates":{"created":"Posted on 19. Juni 2022","modified":"Updated on 20. Juni 2022"},"absolute_dates_time":{"created":"Posted on 19. Juni 2022 13:38","modified":"Updated on 20. Juni 2022 10:55"},"featured_img_caption":"","tax_additional":{"category":{"linked":["<a href=\"https:\/\/feuerwehrwoerth.de\/index.php\/category\/einsatzbericht\/\" class=\"advgb-post-tax-term\">Einsatzbericht<\/a>"],"unlinked":["<span class=\"advgb-post-tax-term\">Einsatzbericht<\/span>"],"slug":"category","name":"Kategorien"},"einsatzart":{"linked":["<a href=\"https:\/\/feuerwehrwoerth.de\/index.php\/einsatzart\/brand\/\" class=\"advgb-post-tax-term\">Brand<\/a>"],"unlinked":["<span class=\"advgb-post-tax-term\">Brand<\/span>"],"slug":"einsatzart","name":"Einsatzarten"},"fahrzeug":{"linked":["<a href=\"https:\/\/feuerwehrwoerth.de\/index.php\/fahrzeug\/tlf-16-25-schaidt\/\" class=\"advgb-post-tax-term\">3\/23 (TLF 16\/25)<\/a>","<a href=\"https:\/\/feuerwehrwoerth.de\/index.php\/fahrzeug\/mzf-schaidt\/\" class=\"advgb-post-tax-term\">3\/73 (MZF 1)<\/a>","<a href=\"https:\/\/feuerwehrwoerth.de\/index.php\/fahrzeug\/mtf-schaidt\/\" class=\"advgb-post-tax-term\">3\/19 (MTF)<\/a>","<a href=\"https:\/\/feuerwehrwoerth.de\/index.php\/fahrzeug\/lf-8-6-maximiliansau\/\" class=\"advgb-post-tax-term\">2\/44\/2 (LF 8\/6)<\/a>","<a href=\"https:\/\/feuerwehrwoerth.de\/index.php\/fahrzeug\/mtf-buechelberg\/\" class=\"advgb-post-tax-term\">4\/19 (MTF)<\/a>","<a href=\"https:\/\/feuerwehrwoerth.de\/index.php\/fahrzeug\/ab-tank\/\" class=\"advgb-post-tax-term\">AB-Tank<\/a>","<a href=\"https:\/\/feuerwehrwoerth.de\/index.php\/fahrzeug\/wlf\/\" class=\"advgb-post-tax-term\">1\/65 (WLF)<\/a>","<a href=\"https:\/\/feuerwehrwoerth.de\/index.php\/fahrzeug\/fez\/\" class=\"advgb-post-tax-term\">FEZ<\/a>","<a href=\"https:\/\/feuerwehrwoerth.de\/index.php\/fahrzeug\/mzf-woerth\/\" class=\"advgb-post-tax-term\">1\/71 (MZF 1)<\/a>","<a href=\"https:\/\/feuerwehrwoerth.de\/index.php\/fahrzeug\/hlf-20-16\/\" class=\"advgb-post-tax-term\">1\/46 (HLF 20\/16)<\/a>","<a href=\"https:\/\/feuerwehrwoerth.de\/index.php\/fahrzeug\/lf-kats-maximiliansau\/\" class=\"advgb-post-tax-term\">2\/48 (LF KatS)<\/a>","<a href=\"https:\/\/feuerwehrwoerth.de\/index.php\/fahrzeug\/elw-1\/\" class=\"advgb-post-tax-term\">1\/11 (ELW 1)<\/a>","<a href=\"https:\/\/feuerwehrwoerth.de\/index.php\/fahrzeug\/hlf-10-10\/\" class=\"advgb-post-tax-term\">1\/45 (HLF 10\/10)<\/a>","<a href=\"https:\/\/feuerwehrwoerth.de\/index.php\/fahrzeug\/mtf\/\" class=\"advgb-post-tax-term\">1\/19 (MTF)<\/a>","<a href=\"https:\/\/feuerwehrwoerth.de\/index.php\/fahrzeug\/lf-10-6-maximiliansau\/\" class=\"advgb-post-tax-term\">2\/44\/1 (LF 10\/6)<\/a>"],"unlinked":["<span class=\"advgb-post-tax-term\">3\/23 (TLF 16\/25)<\/span>","<span class=\"advgb-post-tax-term\">3\/73 (MZF 1)<\/span>","<span class=\"advgb-post-tax-term\">3\/19 (MTF)<\/span>","<span class=\"advgb-post-tax-term\">2\/44\/2 (LF 8\/6)<\/span>","<span class=\"advgb-post-tax-term\">4\/19 (MTF)<\/span>","<span class=\"advgb-post-tax-term\">AB-Tank<\/span>","<span class=\"advgb-post-tax-term\">1\/65 (WLF)<\/span>","<span class=\"advgb-post-tax-term\">FEZ<\/span>","<span class=\"advgb-post-tax-term\">1\/71 (MZF 1)<\/span>","<span class=\"advgb-post-tax-term\">1\/46 (HLF 20\/16)<\/span>","<span class=\"advgb-post-tax-term\">2\/48 (LF KatS)<\/span>","<span class=\"advgb-post-tax-term\">1\/11 (ELW 1)<\/span>","<span class=\"advgb-post-tax-term\">1\/45 (HLF 10\/10)<\/span>","<span class=\"advgb-post-tax-term\">1\/19 (MTF)<\/span>","<span class=\"advgb-post-tax-term\">2\/44\/1 (LF 10\/6)<\/span>"],"slug":"fahrzeug","name":"Fahrzeuge"},"exteinsatzmittel":{"linked":["<a href=\"https:\/\/feuerwehrwoerth.de\/index.php\/externe-einsatzmittel\/polizei\/\" class=\"advgb-post-tax-term\">Polizei<\/a>","<a href=\"https:\/\/feuerwehrwoerth.de\/index.php\/externe-einsatzmittel\/feuerwehr-hagenbach\/\" class=\"advgb-post-tax-term\">Feuerwehr VG Hagenbach<\/a>","<a href=\"https:\/\/feuerwehrwoerth.de\/index.php\/externe-einsatzmittel\/feuerwehr-kandel\/\" class=\"advgb-post-tax-term\">Feuerwehr Kandel<\/a>","<a href=\"https:\/\/feuerwehrwoerth.de\/index.php\/externe-einsatzmittel\/feuerwehr-jockgrim\/\" class=\"advgb-post-tax-term\">Feuerwehr VG Jockgrim<\/a>","<a href=\"https:\/\/feuerwehrwoerth.de\/index.php\/externe-einsatzmittel\/seg-v\/\" class=\"advgb-post-tax-term\">SEG-V<\/a>","<a href=\"https:\/\/feuerwehrwoerth.de\/index.php\/externe-einsatzmittel\/seg-san\/\" class=\"advgb-post-tax-term\">SEG-San<\/a>"],"unlinked":["<span class=\"advgb-post-tax-term\">Polizei<\/span>","<span class=\"advgb-post-tax-term\">Feuerwehr VG Hagenbach<\/span>","<span class=\"advgb-post-tax-term\">Feuerwehr Kandel<\/span>","<span class=\"advgb-post-tax-term\">Feuerwehr VG Jockgrim<\/span>","<span class=\"advgb-post-tax-term\">SEG-V<\/span>","<span class=\"advgb-post-tax-term\">SEG-San<\/span>"],"slug":"exteinsatzmittel","name":"Externe Einsatzmittel"},"alarmierungsart":{"linked":[],"unlinked":[],"slug":"alarmierungsart","name":"Alarmierungsarten"},"evw_unit":{"linked":["<a href=\"https:\/\/feuerwehrwoerth.de\/index.php\/evw_unit\/woerth-am-rhein\/\" class=\"advgb-post-tax-term\">W\u00f6rth<\/a>","<a href=\"https:\/\/feuerwehrwoerth.de\/index.php\/evw_unit\/maximiliansau\/\" class=\"advgb-post-tax-term\">Maximiliansau<\/a>","<a href=\"https:\/\/feuerwehrwoerth.de\/index.php\/evw_unit\/schaidt\/\" class=\"advgb-post-tax-term\">Schaidt<\/a>","<a href=\"https:\/\/feuerwehrwoerth.de\/index.php\/evw_unit\/buechelberg\/\" class=\"advgb-post-tax-term\">B\u00fcchelberg<\/a>"],"unlinked":["<span class=\"advgb-post-tax-term\">W\u00f6rth<\/span>","<span class=\"advgb-post-tax-term\">Maximiliansau<\/span>","<span class=\"advgb-post-tax-term\">Schaidt<\/span>","<span class=\"advgb-post-tax-term\">B\u00fcchelberg<\/span>"],"slug":"evw_unit","name":"Einheiten"}},"series_order":"","jetpack_sharing_enabled":true,"_links":{"self":[{"href":"https:\/\/feuerwehrwoerth.de\/index.php\/wp-json\/wp\/v2\/einsatz\/3737","targetHints":{"allow":["GET"]}}],"collection":[{"href":"https:\/\/feuerwehrwoerth.de\/index.php\/wp-json\/wp\/v2\/einsatz"}],"about":[{"href":"https:\/\/feuerwehrwoerth.de\/index.php\/wp-json\/wp\/v2\/types\/einsatz"}],"author":[{"embeddable":true,"href":"https:\/\/feuerwehrwoerth.de\/index.php\/wp-json\/wp\/v2\/users\/1"}],"version-history":[{"count":4,"href":"https:\/\/feuerwehrwoerth.de\/index.php\/wp-json\/wp\/v2\/einsatz\/3737\/revisions"}],"predecessor-version":[{"id":3761,"href":"https:\/\/feuerwehrwoerth.de\/index.php\/wp-json\/wp\/v2\/einsatz\/3737\/revisions\/3761"}],"wp:featuredmedia":[{"embeddable":true,"href":"https:\/\/feuerwehrwoerth.de\/index.php\/wp-json\/wp\/v2\/media\/3757"}],"wp:attachment":[{"href":"https:\/\/feuerwehrwoerth.de\/index.php\/wp-json\/wp\/v2\/media?parent=3737"}],"wp:term":[{"taxonomy":"category","embeddable":true,"href":"https:\/\/feuerwehrwoerth.de\/index.php\/wp-json\/wp\/v2\/categories?post=3737"},{"taxonomy":"einsatzart","embeddable":true,"href":"https:\/\/feuerwehrwoerth.de\/index.php\/wp-json\/wp\/v2\/einsatzart?post=3737"},{"taxonomy":"fahrzeug","embeddable":true,"href":"https:\/\/feuerwehrwoerth.de\/index.php\/wp-json\/wp\/v2\/fahrzeug?post=3737"},{"taxonomy":"exteinsatzmittel","embeddable":true,"href":"https:\/\/feuerwehrwoerth.de\/index.php\/wp-json\/wp\/v2\/exteinsatzmittel?post=3737"},{"taxonomy":"alarmierungsart","embeddable":true,"href":"https:\/\/feuerwehrwoerth.de\/index.php\/wp-json\/wp\/v2\/alarmierungsart?post=3737"},{"taxonomy":"evw_unit","embeddable":true,"href":"https:\/\/feuerwehrwoerth.de\/index.php\/wp-json\/wp\/v2\/evw_unit?post=3737"}],"curies":[{"name":"wp","href":"https:\/\/api.w.org\/{rel}","templated":true}]}}

Nebengebäudebrand

<h4 class="wp-block-heading">Brand an zwei Stellen fordert Großaufgebot an Einsatzkräften.</h4>



<p>Zusammen mit den Kameraden aus Schaidt wurden wir zu einem gemeldeten Nebengebäudebrand alarmiert. Kurz nach dem eintreffen an der Einsatzstelle erhöhte der Einsatzleiter das Alarmstichwort, weshalb umgehende Stadtvollalarm ausgelöst wurde. Außerdem wurden weitere wasserführende Fahrzeuge der Feuerwehr Kandel alarmiert. Noch während der ersten Löschmaßnahmen wurde durch die Einsatzkräfte eine weitere Brandstelle nur ca. 50m von der ersten entfernt festgestellt. Aufgrund des vorgefundenen Ausmaßes musste der Einsatz in mehrere Abschnitte eingeteilt werden. Durch den Einsatz von mehreren Strahlrohren und eines Wasserwerfers konnte der Brand unter Kontrolle gebracht werden. Die Nachlöscharbeiten zogen sich bis in die frühen Abendstunden.</p>



<p>Zur Sicherung und Versorgung der Rettungskräfte wurden die Schnelleinsatzgruppen Sanität und Versorgung des Landkreises alarmiert. Die <a href="https://www.feuerwehr-jockgrim.de/index.php/component/einsatzkomponente/einsatzbericht/865?Itemid=294" class="ek-link">Feuerwehr Jockgrim</a> wurde zur Sicherung des Grundschutzes alarmiert und besetzte mit einer Gruppe das Feuerwehrgerätehaus Wörth.</p>



<p>Zur Ermittlung der Brandursache nimmt die Polizei sachdienliche Hinweise entgegen.</p>



<p>Noch während der laufenden Löscharbeiten wurden wir zur Unterstützung der Feuerwehr Hagenbach zu einem gemeldeten Wald und Flächenbrand alarmiert. <a href="https://feuerwehrwoerth.de/index.php/einsatzberichte/waldbrand/" class="ek-link">Wir berichten hierzu gesondert</a>.</p>



ngg_shortcode_0_placeholder

<a href="https://feuerwehrwoerth.de/index.php/evw_unit/woerth-am-rhein/" class="advgb-post-tax-term">Wörth</a>

<a href="https://feuerwehrwoerth.de/index.php/evw_unit/buechelberg/" class="advgb-post-tax-term">Büchelberg</a>

<span class="advgb-post-tax-term">Wörth</span>

<span class="advgb-post-tax-term">Büchelberg</span>
