{"id":3860,"date":"2022-07-15T22:36:00","date_gmt":"2022-07-15T20:36:00","guid":{"rendered":"https:\/\/feuerwehrwoerth.de\/?post_type=einsatz&#038;p=3860"},"modified":"2022-07-16T12:07:47","modified_gmt":"2022-07-16T10:07:47","slug":"muelltonnenbrand-2","status":"publish","type":"einsatz","link":"https:\/\/feuerwehrwoerth.de\/index.php\/einsatzberichte\/muelltonnenbrand-2\/","title":{"rendered":"M\u00fclltonnenbrand"},"content":{"rendered":"\n<p>Wir wurden zu einer unklaren Rauchentwicklung in der n\u00e4he eines Einkaufsmarktes im Ortsgebiet von W\u00f6rth alarmiert. Aufgrund weiterer Anrufe wurde durch die Leitstelle das Alarmstichwort auf Nebengeb\u00e4udebrand erh\u00f6ht, wodurch zus\u00e4tzlich noch die Kameraden aus Maximiliansau alarmiert wurden. Beim eintreffen an der Einsatzstelle brannten mehrere, direkt am Geb\u00e4ude abgestellte M\u00fclltonnen. Das Feuer drohte auf das Geb\u00e4ude \u00fcber zugreifen, die Dachverkleidung hatte bereits merklichen Schaden genommen. Durch einen Trupp unter Atemschutz konnte der Brand mit einem Strahlrohr z\u00fcgig gel\u00f6scht werden. Um sicher zu gehen, dass im Dachbereich keine Glutnester vorhanden waren, musste die D\u00e4mmung im Bereich der Brandstelle entfernt werden. Nach eintreffen der Marktleitung wurde das Geb\u00e4ude noch im inneren kontrolliert.<\/p>\n","protected":false},"author":1,"featured_media":3861,"template":"","meta":{"advgb_blocks_editor_width":"","advgb_blocks_columns_visual_guide":"","ngg_post_thumbnail":0,"einsatz_weight":1,"footnotes":""},"categories":[],"einsatzart":[4],"fahrzeug":[3,15,16,22,30,37,48],"exteinsatzmittel":[9,10],"alarmierungsart":[],"evw_unit":[43,44],"class_list":["post-3860","einsatz","type-einsatz","status-publish","has-post-thumbnail","hentry","einsatzart-brand","fahrzeug-hlf-20-16","fahrzeug-elw-1","fahrzeug-hlf-10-10","fahrzeug-lf-10-6-maximiliansau","fahrzeug-ab-tank","fahrzeug-wlf","fahrzeug-fez","exteinsatzmittel-polizei","exteinsatzmittel-rettungsdienst","evw_unit-woerth-am-rhein","evw_unit-maximiliansau"],"featured_img":"https:\/\/feuerwehrwoerth.de\/wp-content\/uploads\/2022\/07\/2022-07-15_muelltonnenbrand.jpg","coauthors":[],"author_meta":{"author_link":"https:\/\/feuerwehrwoerth.de\/index.php\/author\/chris\/","display_name":"Christian"},"relative_dates":{"created":"Posted 4\u00a0Jahren ago","modified":"Updated 4\u00a0Jahren ago"},"absolute_dates":{"created":"Posted on 15. Juli 2022","modified":"Updated on 16. Juli 2022"},"absolute_dates_time":{"created":"Posted on 15. Juli 2022 22:36","modified":"Updated on 16. Juli 2022 12:07"},"featured_img_caption":"","tax_additional":{"category":{"linked":[],"unlinked":[],"slug":"category","name":"Kategorien"},"einsatzart":{"linked":["<a href=\"https:\/\/feuerwehrwoerth.de\/index.php\/einsatzart\/brand\/\" class=\"advgb-post-tax-term\">Brand<\/a>"],"unlinked":["<span class=\"advgb-post-tax-term\">Brand<\/span>"],"slug":"einsatzart","name":"Einsatzarten"},"fahrzeug":{"linked":["<a href=\"https:\/\/feuerwehrwoerth.de\/index.php\/fahrzeug\/hlf-20-16\/\" class=\"advgb-post-tax-term\">1\/46 (HLF 20\/16)<\/a>","<a href=\"https:\/\/feuerwehrwoerth.de\/index.php\/fahrzeug\/elw-1\/\" class=\"advgb-post-tax-term\">1\/11 (ELW 1)<\/a>","<a href=\"https:\/\/feuerwehrwoerth.de\/index.php\/fahrzeug\/hlf-10-10\/\" class=\"advgb-post-tax-term\">1\/45 (HLF 10\/10)<\/a>","<a href=\"https:\/\/feuerwehrwoerth.de\/index.php\/fahrzeug\/lf-10-6-maximiliansau\/\" class=\"advgb-post-tax-term\">2\/44\/1 (LF 10\/6)<\/a>","<a href=\"https:\/\/feuerwehrwoerth.de\/index.php\/fahrzeug\/ab-tank\/\" class=\"advgb-post-tax-term\">AB-Tank<\/a>","<a href=\"https:\/\/feuerwehrwoerth.de\/index.php\/fahrzeug\/wlf\/\" class=\"advgb-post-tax-term\">1\/65 (WLF)<\/a>","<a href=\"https:\/\/feuerwehrwoerth.de\/index.php\/fahrzeug\/fez\/\" class=\"advgb-post-tax-term\">FEZ<\/a>"],"unlinked":["<span class=\"advgb-post-tax-term\">1\/46 (HLF 20\/16)<\/span>","<span class=\"advgb-post-tax-term\">1\/11 (ELW 1)<\/span>","<span class=\"advgb-post-tax-term\">1\/45 (HLF 10\/10)<\/span>","<span class=\"advgb-post-tax-term\">2\/44\/1 (LF 10\/6)<\/span>","<span class=\"advgb-post-tax-term\">AB-Tank<\/span>","<span class=\"advgb-post-tax-term\">1\/65 (WLF)<\/span>","<span class=\"advgb-post-tax-term\">FEZ<\/span>"],"slug":"fahrzeug","name":"Fahrzeuge"},"exteinsatzmittel":{"linked":["<a href=\"https:\/\/feuerwehrwoerth.de\/index.php\/externe-einsatzmittel\/polizei\/\" class=\"advgb-post-tax-term\">Polizei<\/a>","<a href=\"https:\/\/feuerwehrwoerth.de\/index.php\/externe-einsatzmittel\/rettungsdienst\/\" class=\"advgb-post-tax-term\">Rettungsdienst<\/a>"],"unlinked":["<span class=\"advgb-post-tax-term\">Polizei<\/span>","<span class=\"advgb-post-tax-term\">Rettungsdienst<\/span>"],"slug":"exteinsatzmittel","name":"Externe Einsatzmittel"},"alarmierungsart":{"linked":[],"unlinked":[],"slug":"alarmierungsart","name":"Alarmierungsarten"},"evw_unit":{"linked":["<a href=\"https:\/\/feuerwehrwoerth.de\/index.php\/evw_unit\/woerth-am-rhein\/\" class=\"advgb-post-tax-term\">W\u00f6rth<\/a>","<a href=\"https:\/\/feuerwehrwoerth.de\/index.php\/evw_unit\/maximiliansau\/\" class=\"advgb-post-tax-term\">Maximiliansau<\/a>"],"unlinked":["<span class=\"advgb-post-tax-term\">W\u00f6rth<\/span>","<span class=\"advgb-post-tax-term\">Maximiliansau<\/span>"],"slug":"evw_unit","name":"Einheiten"}},"series_order":"","jetpack_sharing_enabled":true,"_links":{"self":[{"href":"https:\/\/feuerwehrwoerth.de\/index.php\/wp-json\/wp\/v2\/einsatz\/3860","targetHints":{"allow":["GET"]}}],"collection":[{"href":"https:\/\/feuerwehrwoerth.de\/index.php\/wp-json\/wp\/v2\/einsatz"}],"about":[{"href":"https:\/\/feuerwehrwoerth.de\/index.php\/wp-json\/wp\/v2\/types\/einsatz"}],"author":[{"embeddable":true,"href":"https:\/\/feuerwehrwoerth.de\/index.php\/wp-json\/wp\/v2\/users\/1"}],"version-history":[{"count":2,"href":"https:\/\/feuerwehrwoerth.de\/index.php\/wp-json\/wp\/v2\/einsatz\/3860\/revisions"}],"predecessor-version":[{"id":3863,"href":"https:\/\/feuerwehrwoerth.de\/index.php\/wp-json\/wp\/v2\/einsatz\/3860\/revisions\/3863"}],"wp:featuredmedia":[{"embeddable":true,"href":"https:\/\/feuerwehrwoerth.de\/index.php\/wp-json\/wp\/v2\/media\/3861"}],"wp:attachment":[{"href":"https:\/\/feuerwehrwoerth.de\/index.php\/wp-json\/wp\/v2\/media?parent=3860"}],"wp:term":[{"taxonomy":"category","embeddable":true,"href":"https:\/\/feuerwehrwoerth.de\/index.php\/wp-json\/wp\/v2\/categories?post=3860"},{"taxonomy":"einsatzart","embeddable":true,"href":"https:\/\/feuerwehrwoerth.de\/index.php\/wp-json\/wp\/v2\/einsatzart?post=3860"},{"taxonomy":"fahrzeug","embeddable":true,"href":"https:\/\/feuerwehrwoerth.de\/index.php\/wp-json\/wp\/v2\/fahrzeug?post=3860"},{"taxonomy":"exteinsatzmittel","embeddable":true,"href":"https:\/\/feuerwehrwoerth.de\/index.php\/wp-json\/wp\/v2\/exteinsatzmittel?post=3860"},{"taxonomy":"alarmierungsart","embeddable":true,"href":"https:\/\/feuerwehrwoerth.de\/index.php\/wp-json\/wp\/v2\/alarmierungsart?post=3860"},{"taxonomy":"evw_unit","embeddable":true,"href":"https:\/\/feuerwehrwoerth.de\/index.php\/wp-json\/wp\/v2\/evw_unit?post=3860"}],"curies":[{"name":"wp","href":"https:\/\/api.w.org\/{rel}","templated":true}]}}

Mülltonnenbrand

<p>Wir wurden zu einer unklaren Rauchentwicklung in der nähe eines Einkaufsmarktes im Ortsgebiet von Wörth alarmiert. Aufgrund weiterer Anrufe wurde durch die Leitstelle das Alarmstichwort auf Nebengebäudebrand erhöht, wodurch zusätzlich noch die Kameraden aus Maximiliansau alarmiert wurden. Beim eintreffen an der Einsatzstelle brannten mehrere, direkt am Gebäude abgestellte Mülltonnen. Das Feuer drohte auf das Gebäude über zugreifen, die Dachverkleidung hatte bereits merklichen Schaden genommen. Durch einen Trupp unter Atemschutz konnte der Brand mit einem Strahlrohr zügig gelöscht werden. Um sicher zu gehen, dass im Dachbereich keine Glutnester vorhanden waren, musste die Dämmung im Bereich der Brandstelle entfernt werden. Nach eintreffen der Marktleitung wurde das Gebäude noch im inneren kontrolliert.</p>

<a href="https://feuerwehrwoerth.de/index.php/evw_unit/woerth-am-rhein/" class="advgb-post-tax-term">Wörth</a>

<span class="advgb-post-tax-term">Wörth</span>
