{"id":3871,"date":"2022-07-18T05:11:00","date_gmt":"2022-07-18T03:11:00","guid":{"rendered":"https:\/\/feuerwehrwoerth.de\/?post_type=einsatz&#038;p=3871"},"modified":"2025-08-24T22:07:10","modified_gmt":"2025-08-24T20:07:10","slug":"waldbrand-2","status":"publish","type":"einsatz","link":"https:\/\/feuerwehrwoerth.de\/index.php\/einsatzberichte\/waldbrand-2\/","title":{"rendered":"Waldbrand"},"content":{"rendered":"\n<p>Wir wurden zur Unterst\u00fctzung der Feuerwehr Berg\/Pfalz zu einem gemeldeten Waldbrand zwischen Hagenbach und Berg alarmiert. Dort hatte sich ein Feuer auf ca. 15000qm Waldfl\u00e4che ausgebreitet. Wir unterst\u00fctzten mit wasserf\u00fchrenden Fahrzeugen und bei der F\u00fchrung des Kathastrophenschutz-Zuges.<br>Noch w\u00e4hrend dem laufenden Einsatz unterst\u00fctzten wir die Feuerwehr Hagenbach dabei, erste Hilfe nach einem schweren Verkehrsunfall zu leisten. Der Fahrer eines Kleinkraftrades war mit einem Reh zusammen gesto\u00dfen und heftig gest\u00fcrzt. Der bewusstlose Patient wurde bis zum eintreffen des Rettungsdienstes durch die Feuerwehr erstversorgt. Gegen 12:30 Uhr war der Einsatz f\u00fcr uns beendet.<\/p>\n\n\n\n<p><\/p>\n","protected":false},"author":1,"featured_media":3874,"template":"","meta":{"advgb_blocks_editor_width":"","advgb_blocks_columns_visual_guide":"","ngg_post_thumbnail":0,"einsatz_weight":1,"footnotes":""},"categories":[],"einsatzart":[4],"fahrzeug":[37,48,3,15,29,30],"exteinsatzmittel":[52,56,103,9,10,49,50],"alarmierungsart":[],"evw_unit":[43,46],"class_list":["post-3871","einsatz","type-einsatz","status-publish","has-post-thumbnail","hentry","einsatzart-brand","fahrzeug-wlf","fahrzeug-fez","fahrzeug-hlf-20-16","fahrzeug-elw-1","fahrzeug-mtf-buechelberg","fahrzeug-ab-tank","exteinsatzmittel-dlrg","exteinsatzmittel-feuerwehr-jockgrim","exteinsatzmittel-feuerwehr-lingenfeld","exteinsatzmittel-polizei","exteinsatzmittel-rettungsdienst","exteinsatzmittel-feuerwehr-hagenbach","exteinsatzmittel-feuerwehr-kandel","evw_unit-woerth-am-rhein","evw_unit-buechelberg"],"featured_img":"https:\/\/feuerwehrwoerth.de\/wp-content\/uploads\/2022\/07\/waldbrand_2022_07_18.jpg","coauthors":[],"author_meta":{"author_link":"https:\/\/feuerwehrwoerth.de\/index.php\/author\/chris\/","display_name":"Christian"},"relative_dates":{"created":"Posted 4\u00a0Jahren ago","modified":"Updated 8\u00a0Monaten ago"},"absolute_dates":{"created":"Posted on 18. Juli 2022","modified":"Updated on 24. August 2025"},"absolute_dates_time":{"created":"Posted on 18. Juli 2022 5:11","modified":"Updated on 24. August 2025 22:07"},"featured_img_caption":"","tax_additional":{"category":{"linked":[],"unlinked":[],"slug":"category","name":"Kategorien"},"einsatzart":{"linked":["<a href=\"https:\/\/feuerwehrwoerth.de\/index.php\/einsatzart\/brand\/\" class=\"advgb-post-tax-term\">Brand<\/a>"],"unlinked":["<span class=\"advgb-post-tax-term\">Brand<\/span>"],"slug":"einsatzart","name":"Einsatzarten"},"fahrzeug":{"linked":["<a href=\"https:\/\/feuerwehrwoerth.de\/index.php\/fahrzeug\/wlf\/\" class=\"advgb-post-tax-term\">1\/65 (WLF)<\/a>","<a href=\"https:\/\/feuerwehrwoerth.de\/index.php\/fahrzeug\/fez\/\" class=\"advgb-post-tax-term\">FEZ<\/a>","<a href=\"https:\/\/feuerwehrwoerth.de\/index.php\/fahrzeug\/hlf-20-16\/\" class=\"advgb-post-tax-term\">1\/46 (HLF 20\/16)<\/a>","<a href=\"https:\/\/feuerwehrwoerth.de\/index.php\/fahrzeug\/elw-1\/\" class=\"advgb-post-tax-term\">1\/11 (ELW 1)<\/a>","<a href=\"https:\/\/feuerwehrwoerth.de\/index.php\/fahrzeug\/mtf-buechelberg\/\" class=\"advgb-post-tax-term\">4\/19 (MTF)<\/a>","<a href=\"https:\/\/feuerwehrwoerth.de\/index.php\/fahrzeug\/ab-tank\/\" class=\"advgb-post-tax-term\">AB-Tank<\/a>"],"unlinked":["<span class=\"advgb-post-tax-term\">1\/65 (WLF)<\/span>","<span class=\"advgb-post-tax-term\">FEZ<\/span>","<span class=\"advgb-post-tax-term\">1\/46 (HLF 20\/16)<\/span>","<span class=\"advgb-post-tax-term\">1\/11 (ELW 1)<\/span>","<span class=\"advgb-post-tax-term\">4\/19 (MTF)<\/span>","<span class=\"advgb-post-tax-term\">AB-Tank<\/span>"],"slug":"fahrzeug","name":"Fahrzeuge"},"exteinsatzmittel":{"linked":["<a href=\"https:\/\/feuerwehrwoerth.de\/index.php\/externe-einsatzmittel\/dlrg\/\" class=\"advgb-post-tax-term\">DLRG<\/a>","<a href=\"https:\/\/feuerwehrwoerth.de\/index.php\/externe-einsatzmittel\/feuerwehr-jockgrim\/\" class=\"advgb-post-tax-term\">Feuerwehr VG Jockgrim<\/a>","<a href=\"https:\/\/feuerwehrwoerth.de\/index.php\/externe-einsatzmittel\/feuerwehr-lingenfeld\/\" class=\"advgb-post-tax-term\">Feuerwehr Lingenfeld<\/a>","<a href=\"https:\/\/feuerwehrwoerth.de\/index.php\/externe-einsatzmittel\/polizei\/\" class=\"advgb-post-tax-term\">Polizei<\/a>","<a href=\"https:\/\/feuerwehrwoerth.de\/index.php\/externe-einsatzmittel\/rettungsdienst\/\" class=\"advgb-post-tax-term\">Rettungsdienst<\/a>","<a href=\"https:\/\/feuerwehrwoerth.de\/index.php\/externe-einsatzmittel\/feuerwehr-hagenbach\/\" class=\"advgb-post-tax-term\">Feuerwehr VG Hagenbach<\/a>","<a href=\"https:\/\/feuerwehrwoerth.de\/index.php\/externe-einsatzmittel\/feuerwehr-kandel\/\" class=\"advgb-post-tax-term\">Feuerwehr Kandel<\/a>"],"unlinked":["<span class=\"advgb-post-tax-term\">DLRG<\/span>","<span class=\"advgb-post-tax-term\">Feuerwehr VG Jockgrim<\/span>","<span class=\"advgb-post-tax-term\">Feuerwehr Lingenfeld<\/span>","<span class=\"advgb-post-tax-term\">Polizei<\/span>","<span class=\"advgb-post-tax-term\">Rettungsdienst<\/span>","<span class=\"advgb-post-tax-term\">Feuerwehr VG Hagenbach<\/span>","<span class=\"advgb-post-tax-term\">Feuerwehr Kandel<\/span>"],"slug":"exteinsatzmittel","name":"Externe Einsatzmittel"},"alarmierungsart":{"linked":[],"unlinked":[],"slug":"alarmierungsart","name":"Alarmierungsarten"},"evw_unit":{"linked":["<a href=\"https:\/\/feuerwehrwoerth.de\/index.php\/evw_unit\/woerth-am-rhein\/\" class=\"advgb-post-tax-term\">W\u00f6rth<\/a>","<a href=\"https:\/\/feuerwehrwoerth.de\/index.php\/evw_unit\/buechelberg\/\" class=\"advgb-post-tax-term\">B\u00fcchelberg<\/a>"],"unlinked":["<span class=\"advgb-post-tax-term\">W\u00f6rth<\/span>","<span class=\"advgb-post-tax-term\">B\u00fcchelberg<\/span>"],"slug":"evw_unit","name":"Einheiten"}},"series_order":"","jetpack_sharing_enabled":true,"_links":{"self":[{"href":"https:\/\/feuerwehrwoerth.de\/index.php\/wp-json\/wp\/v2\/einsatz\/3871","targetHints":{"allow":["GET"]}}],"collection":[{"href":"https:\/\/feuerwehrwoerth.de\/index.php\/wp-json\/wp\/v2\/einsatz"}],"about":[{"href":"https:\/\/feuerwehrwoerth.de\/index.php\/wp-json\/wp\/v2\/types\/einsatz"}],"author":[{"embeddable":true,"href":"https:\/\/feuerwehrwoerth.de\/index.php\/wp-json\/wp\/v2\/users\/1"}],"version-history":[{"count":4,"href":"https:\/\/feuerwehrwoerth.de\/index.php\/wp-json\/wp\/v2\/einsatz\/3871\/revisions"}],"predecessor-version":[{"id":7557,"href":"https:\/\/feuerwehrwoerth.de\/index.php\/wp-json\/wp\/v2\/einsatz\/3871\/revisions\/7557"}],"wp:featuredmedia":[{"embeddable":true,"href":"https:\/\/feuerwehrwoerth.de\/index.php\/wp-json\/wp\/v2\/media\/3874"}],"wp:attachment":[{"href":"https:\/\/feuerwehrwoerth.de\/index.php\/wp-json\/wp\/v2\/media?parent=3871"}],"wp:term":[{"taxonomy":"category","embeddable":true,"href":"https:\/\/feuerwehrwoerth.de\/index.php\/wp-json\/wp\/v2\/categories?post=3871"},{"taxonomy":"einsatzart","embeddable":true,"href":"https:\/\/feuerwehrwoerth.de\/index.php\/wp-json\/wp\/v2\/einsatzart?post=3871"},{"taxonomy":"fahrzeug","embeddable":true,"href":"https:\/\/feuerwehrwoerth.de\/index.php\/wp-json\/wp\/v2\/fahrzeug?post=3871"},{"taxonomy":"exteinsatzmittel","embeddable":true,"href":"https:\/\/feuerwehrwoerth.de\/index.php\/wp-json\/wp\/v2\/exteinsatzmittel?post=3871"},{"taxonomy":"alarmierungsart","embeddable":true,"href":"https:\/\/feuerwehrwoerth.de\/index.php\/wp-json\/wp\/v2\/alarmierungsart?post=3871"},{"taxonomy":"evw_unit","embeddable":true,"href":"https:\/\/feuerwehrwoerth.de\/index.php\/wp-json\/wp\/v2\/evw_unit?post=3871"}],"curies":[{"name":"wp","href":"https:\/\/api.w.org\/{rel}","templated":true}]}}

<p>Wir wurden zur Unterstützung der Feuerwehr Berg/Pfalz zu einem gemeldeten Waldbrand zwischen Hagenbach und Berg alarmiert. Dort hatte sich ein Feuer auf ca. 15000qm Waldfläche ausgebreitet. Wir unterstützten mit wasserführenden Fahrzeugen und bei der Führung des Kathastrophenschutz-Zuges.<br>Noch während dem laufenden Einsatz unterstützten wir die Feuerwehr Hagenbach dabei, erste Hilfe nach einem schweren Verkehrsunfall zu leisten. Der Fahrer eines Kleinkraftrades war mit einem Reh zusammen gestoßen und heftig gestürzt. Der bewusstlose Patient wurde bis zum eintreffen des Rettungsdienstes durch die Feuerwehr erstversorgt. Gegen 12:30 Uhr war der Einsatz für uns beendet.</p>



<p></p>

<a href="https://feuerwehrwoerth.de/index.php/evw_unit/woerth-am-rhein/" class="advgb-post-tax-term">Wörth</a>

<a href="https://feuerwehrwoerth.de/index.php/evw_unit/buechelberg/" class="advgb-post-tax-term">Büchelberg</a>

<span class="advgb-post-tax-term">Wörth</span>

<span class="advgb-post-tax-term">Büchelberg</span>
