{"id":3921,"date":"2022-08-11T16:23:00","date_gmt":"2022-08-11T14:23:00","guid":{"rendered":"https:\/\/feuerwehrwoerth.de\/?post_type=einsatz&#038;p=3921"},"modified":"2022-08-12T10:26:13","modified_gmt":"2022-08-12T08:26:13","slug":"unklare-rauchentwicklung-4","status":"publish","type":"einsatz","link":"https:\/\/feuerwehrwoerth.de\/index.php\/einsatzberichte\/unklare-rauchentwicklung-4\/","title":{"rendered":"Unklare Rauchentwicklung"},"content":{"rendered":"\n<p>Bei unserem zweiten Einsatz an diesem Tag wurden wir zu einer unklaren Rauchentwicklung auf den Friedhof in W\u00f6rth alarmiert. Passanten beobachteten eine Person, die im Bereich einer Parkbank ein Feuer entz\u00fcndet hatte. Der Kleinbrand wurde noch vor unserem eintreffen gel\u00f6scht. Wir f\u00fchrten Nachl\u00f6scharbeiten durch. Die Polizei hat die Ermittlungen aufgenommen.<\/p>\n","protected":false},"author":1,"featured_media":2879,"template":"","meta":{"advgb_blocks_editor_width":"","advgb_blocks_columns_visual_guide":"","ngg_post_thumbnail":0,"einsatz_weight":1,"footnotes":""},"categories":[],"einsatzart":[4],"fahrzeug":[48,3,15],"exteinsatzmittel":[9],"alarmierungsart":[],"evw_unit":[43],"class_list":["post-3921","einsatz","type-einsatz","status-publish","has-post-thumbnail","hentry","einsatzart-brand","fahrzeug-fez","fahrzeug-hlf-20-16","fahrzeug-elw-1","exteinsatzmittel-polizei","evw_unit-woerth-am-rhein"],"featured_img":"https:\/\/feuerwehrwoerth.de\/wp-content\/uploads\/2022\/01\/brand_artikelbild-e1681295356990.jpg","coauthors":[],"author_meta":{"author_link":"https:\/\/feuerwehrwoerth.de\/index.php\/author\/chris\/","display_name":"Christian"},"relative_dates":{"created":"Posted 4\u00a0Jahren ago","modified":"Updated 4\u00a0Jahren ago"},"absolute_dates":{"created":"Posted on 11. August 2022","modified":"Updated on 12. August 2022"},"absolute_dates_time":{"created":"Posted on 11. August 2022 16:23","modified":"Updated on 12. August 2022 10:26"},"featured_img_caption":"","tax_additional":{"category":{"linked":[],"unlinked":[],"slug":"category","name":"Kategorien"},"einsatzart":{"linked":["<a href=\"https:\/\/feuerwehrwoerth.de\/index.php\/einsatzart\/brand\/\" class=\"advgb-post-tax-term\">Brand<\/a>"],"unlinked":["<span class=\"advgb-post-tax-term\">Brand<\/span>"],"slug":"einsatzart","name":"Einsatzarten"},"fahrzeug":{"linked":["<a href=\"https:\/\/feuerwehrwoerth.de\/index.php\/fahrzeug\/fez\/\" class=\"advgb-post-tax-term\">FEZ<\/a>","<a href=\"https:\/\/feuerwehrwoerth.de\/index.php\/fahrzeug\/hlf-20-16\/\" class=\"advgb-post-tax-term\">1\/46 (HLF 20\/16)<\/a>","<a href=\"https:\/\/feuerwehrwoerth.de\/index.php\/fahrzeug\/elw-1\/\" class=\"advgb-post-tax-term\">1\/11 (ELW 1)<\/a>"],"unlinked":["<span class=\"advgb-post-tax-term\">FEZ<\/span>","<span class=\"advgb-post-tax-term\">1\/46 (HLF 20\/16)<\/span>","<span class=\"advgb-post-tax-term\">1\/11 (ELW 1)<\/span>"],"slug":"fahrzeug","name":"Fahrzeuge"},"exteinsatzmittel":{"linked":["<a href=\"https:\/\/feuerwehrwoerth.de\/index.php\/externe-einsatzmittel\/polizei\/\" class=\"advgb-post-tax-term\">Polizei<\/a>"],"unlinked":["<span class=\"advgb-post-tax-term\">Polizei<\/span>"],"slug":"exteinsatzmittel","name":"Externe Einsatzmittel"},"alarmierungsart":{"linked":[],"unlinked":[],"slug":"alarmierungsart","name":"Alarmierungsarten"},"evw_unit":{"linked":["<a href=\"https:\/\/feuerwehrwoerth.de\/index.php\/evw_unit\/woerth-am-rhein\/\" class=\"advgb-post-tax-term\">W\u00f6rth<\/a>"],"unlinked":["<span class=\"advgb-post-tax-term\">W\u00f6rth<\/span>"],"slug":"evw_unit","name":"Einheiten"}},"series_order":"","jetpack_sharing_enabled":true,"_links":{"self":[{"href":"https:\/\/feuerwehrwoerth.de\/index.php\/wp-json\/wp\/v2\/einsatz\/3921","targetHints":{"allow":["GET"]}}],"collection":[{"href":"https:\/\/feuerwehrwoerth.de\/index.php\/wp-json\/wp\/v2\/einsatz"}],"about":[{"href":"https:\/\/feuerwehrwoerth.de\/index.php\/wp-json\/wp\/v2\/types\/einsatz"}],"author":[{"embeddable":true,"href":"https:\/\/feuerwehrwoerth.de\/index.php\/wp-json\/wp\/v2\/users\/1"}],"version-history":[{"count":3,"href":"https:\/\/feuerwehrwoerth.de\/index.php\/wp-json\/wp\/v2\/einsatz\/3921\/revisions"}],"predecessor-version":[{"id":3925,"href":"https:\/\/feuerwehrwoerth.de\/index.php\/wp-json\/wp\/v2\/einsatz\/3921\/revisions\/3925"}],"wp:featuredmedia":[{"embeddable":true,"href":"https:\/\/feuerwehrwoerth.de\/index.php\/wp-json\/wp\/v2\/media\/2879"}],"wp:attachment":[{"href":"https:\/\/feuerwehrwoerth.de\/index.php\/wp-json\/wp\/v2\/media?parent=3921"}],"wp:term":[{"taxonomy":"category","embeddable":true,"href":"https:\/\/feuerwehrwoerth.de\/index.php\/wp-json\/wp\/v2\/categories?post=3921"},{"taxonomy":"einsatzart","embeddable":true,"href":"https:\/\/feuerwehrwoerth.de\/index.php\/wp-json\/wp\/v2\/einsatzart?post=3921"},{"taxonomy":"fahrzeug","embeddable":true,"href":"https:\/\/feuerwehrwoerth.de\/index.php\/wp-json\/wp\/v2\/fahrzeug?post=3921"},{"taxonomy":"exteinsatzmittel","embeddable":true,"href":"https:\/\/feuerwehrwoerth.de\/index.php\/wp-json\/wp\/v2\/exteinsatzmittel?post=3921"},{"taxonomy":"alarmierungsart","embeddable":true,"href":"https:\/\/feuerwehrwoerth.de\/index.php\/wp-json\/wp\/v2\/alarmierungsart?post=3921"},{"taxonomy":"evw_unit","embeddable":true,"href":"https:\/\/feuerwehrwoerth.de\/index.php\/wp-json\/wp\/v2\/evw_unit?post=3921"}],"curies":[{"name":"wp","href":"https:\/\/api.w.org\/{rel}","templated":true}]}}

<p>Bei unserem zweiten Einsatz an diesem Tag wurden wir zu einer unklaren Rauchentwicklung auf den Friedhof in Wörth alarmiert. Passanten beobachteten eine Person, die im Bereich einer Parkbank ein Feuer entzündet hatte. Der Kleinbrand wurde noch vor unserem eintreffen gelöscht. Wir führten Nachlöscharbeiten durch. Die Polizei hat die Ermittlungen aufgenommen.</p>

<a href="https://feuerwehrwoerth.de/index.php/evw_unit/woerth-am-rhein/" class="advgb-post-tax-term">Wörth</a>

<span class="advgb-post-tax-term">Wörth</span>
