{"id":4052,"date":"2022-09-09T02:11:00","date_gmt":"2022-09-09T00:11:00","guid":{"rendered":"https:\/\/feuerwehrwoerth.de\/?post_type=einsatz&#038;p=4052"},"modified":"2022-09-30T13:48:43","modified_gmt":"2022-09-30T11:48:43","slug":"verkehrsunfall-7","status":"publish","type":"einsatz","link":"https:\/\/feuerwehrwoerth.de\/index.php\/einsatzberichte\/verkehrsunfall-7\/","title":{"rendered":"Verkehrsunfall"},"content":{"rendered":"\n<p>Heute Nacht wurden wir zusammen mit den Kameraden aus B\u00fcchelberg, Schaidt und Scheibenhardt zu einem Verkehrsunfall auf der Bundesstra\u00dfe 9 alarmiert. Vor Ort kam es zu einem Frontalzusammensto\u00df zwischen einem PKW und LKW. Gl\u00fccklicherweise waren keine Beteiligten in den Fahrzeugen einklemmt. Durch die Feuerwehr wurde die Einsatzstelle abgesichert und bis zum Eintreffen des Rettungsdienst die verletzte Person im PKW versorgt. Der Einsatz war nach Unfallaufnahme durch einen Gutachter gegen 05:00 Uhr beendet.<\/p>\n","protected":false},"author":1,"featured_media":2878,"template":"","meta":{"advgb_blocks_editor_width":"","advgb_blocks_columns_visual_guide":"","ngg_post_thumbnail":0,"einsatz_weight":1,"footnotes":""},"categories":[],"einsatzart":[5],"fahrzeug":[16,28,48],"exteinsatzmittel":[9,10,49],"alarmierungsart":[],"evw_unit":[43,46],"class_list":["post-4052","einsatz","type-einsatz","status-publish","has-post-thumbnail","hentry","einsatzart-technische-hilfeleistung","fahrzeug-hlf-10-10","fahrzeug-lf-8-6-maximiliansau","fahrzeug-fez","exteinsatzmittel-polizei","exteinsatzmittel-rettungsdienst","exteinsatzmittel-feuerwehr-hagenbach","evw_unit-woerth-am-rhein","evw_unit-buechelberg"],"featured_img":"https:\/\/feuerwehrwoerth.de\/wp-content\/uploads\/2022\/01\/verkehrsunfall_artikelbild-e1681295383770.jpg","coauthors":[],"author_meta":{"author_link":"https:\/\/feuerwehrwoerth.de\/index.php\/author\/chris\/","display_name":"Christian"},"relative_dates":{"created":"Posted 4\u00a0Jahren ago","modified":"Updated 4\u00a0Jahren ago"},"absolute_dates":{"created":"Posted on 9. September 2022","modified":"Updated on 30. September 2022"},"absolute_dates_time":{"created":"Posted on 9. September 2022 2:11","modified":"Updated on 30. September 2022 13:48"},"featured_img_caption":"","tax_additional":{"category":{"linked":[],"unlinked":[],"slug":"category","name":"Kategorien"},"einsatzart":{"linked":["<a href=\"https:\/\/feuerwehrwoerth.de\/index.php\/einsatzart\/technische-hilfeleistung\/\" class=\"advgb-post-tax-term\">Technische Hilfeleistung<\/a>"],"unlinked":["<span class=\"advgb-post-tax-term\">Technische Hilfeleistung<\/span>"],"slug":"einsatzart","name":"Einsatzarten"},"fahrzeug":{"linked":["<a href=\"https:\/\/feuerwehrwoerth.de\/index.php\/fahrzeug\/hlf-10-10\/\" class=\"advgb-post-tax-term\">1\/45 (HLF 10\/10)<\/a>","<a href=\"https:\/\/feuerwehrwoerth.de\/index.php\/fahrzeug\/lf-8-6-maximiliansau\/\" class=\"advgb-post-tax-term\">2\/44\/2 (LF 8\/6)<\/a>","<a href=\"https:\/\/feuerwehrwoerth.de\/index.php\/fahrzeug\/fez\/\" class=\"advgb-post-tax-term\">FEZ<\/a>"],"unlinked":["<span class=\"advgb-post-tax-term\">1\/45 (HLF 10\/10)<\/span>","<span class=\"advgb-post-tax-term\">2\/44\/2 (LF 8\/6)<\/span>","<span class=\"advgb-post-tax-term\">FEZ<\/span>"],"slug":"fahrzeug","name":"Fahrzeuge"},"exteinsatzmittel":{"linked":["<a href=\"https:\/\/feuerwehrwoerth.de\/index.php\/externe-einsatzmittel\/polizei\/\" class=\"advgb-post-tax-term\">Polizei<\/a>","<a href=\"https:\/\/feuerwehrwoerth.de\/index.php\/externe-einsatzmittel\/rettungsdienst\/\" class=\"advgb-post-tax-term\">Rettungsdienst<\/a>","<a href=\"https:\/\/feuerwehrwoerth.de\/index.php\/externe-einsatzmittel\/feuerwehr-hagenbach\/\" class=\"advgb-post-tax-term\">Feuerwehr VG Hagenbach<\/a>"],"unlinked":["<span class=\"advgb-post-tax-term\">Polizei<\/span>","<span class=\"advgb-post-tax-term\">Rettungsdienst<\/span>","<span class=\"advgb-post-tax-term\">Feuerwehr VG Hagenbach<\/span>"],"slug":"exteinsatzmittel","name":"Externe Einsatzmittel"},"alarmierungsart":{"linked":[],"unlinked":[],"slug":"alarmierungsart","name":"Alarmierungsarten"},"evw_unit":{"linked":["<a href=\"https:\/\/feuerwehrwoerth.de\/index.php\/evw_unit\/woerth-am-rhein\/\" class=\"advgb-post-tax-term\">W\u00f6rth<\/a>","<a href=\"https:\/\/feuerwehrwoerth.de\/index.php\/evw_unit\/buechelberg\/\" class=\"advgb-post-tax-term\">B\u00fcchelberg<\/a>"],"unlinked":["<span class=\"advgb-post-tax-term\">W\u00f6rth<\/span>","<span class=\"advgb-post-tax-term\">B\u00fcchelberg<\/span>"],"slug":"evw_unit","name":"Einheiten"}},"series_order":"","jetpack_sharing_enabled":true,"_links":{"self":[{"href":"https:\/\/feuerwehrwoerth.de\/index.php\/wp-json\/wp\/v2\/einsatz\/4052","targetHints":{"allow":["GET"]}}],"collection":[{"href":"https:\/\/feuerwehrwoerth.de\/index.php\/wp-json\/wp\/v2\/einsatz"}],"about":[{"href":"https:\/\/feuerwehrwoerth.de\/index.php\/wp-json\/wp\/v2\/types\/einsatz"}],"author":[{"embeddable":true,"href":"https:\/\/feuerwehrwoerth.de\/index.php\/wp-json\/wp\/v2\/users\/1"}],"version-history":[{"count":1,"href":"https:\/\/feuerwehrwoerth.de\/index.php\/wp-json\/wp\/v2\/einsatz\/4052\/revisions"}],"predecessor-version":[{"id":4053,"href":"https:\/\/feuerwehrwoerth.de\/index.php\/wp-json\/wp\/v2\/einsatz\/4052\/revisions\/4053"}],"wp:featuredmedia":[{"embeddable":true,"href":"https:\/\/feuerwehrwoerth.de\/index.php\/wp-json\/wp\/v2\/media\/2878"}],"wp:attachment":[{"href":"https:\/\/feuerwehrwoerth.de\/index.php\/wp-json\/wp\/v2\/media?parent=4052"}],"wp:term":[{"taxonomy":"category","embeddable":true,"href":"https:\/\/feuerwehrwoerth.de\/index.php\/wp-json\/wp\/v2\/categories?post=4052"},{"taxonomy":"einsatzart","embeddable":true,"href":"https:\/\/feuerwehrwoerth.de\/index.php\/wp-json\/wp\/v2\/einsatzart?post=4052"},{"taxonomy":"fahrzeug","embeddable":true,"href":"https:\/\/feuerwehrwoerth.de\/index.php\/wp-json\/wp\/v2\/fahrzeug?post=4052"},{"taxonomy":"exteinsatzmittel","embeddable":true,"href":"https:\/\/feuerwehrwoerth.de\/index.php\/wp-json\/wp\/v2\/exteinsatzmittel?post=4052"},{"taxonomy":"alarmierungsart","embeddable":true,"href":"https:\/\/feuerwehrwoerth.de\/index.php\/wp-json\/wp\/v2\/alarmierungsart?post=4052"},{"taxonomy":"evw_unit","embeddable":true,"href":"https:\/\/feuerwehrwoerth.de\/index.php\/wp-json\/wp\/v2\/evw_unit?post=4052"}],"curies":[{"name":"wp","href":"https:\/\/api.w.org\/{rel}","templated":true}]}}

<p>Heute Nacht wurden wir zusammen mit den Kameraden aus Büchelberg, Schaidt und Scheibenhardt zu einem Verkehrsunfall auf der Bundesstraße 9 alarmiert. Vor Ort kam es zu einem Frontalzusammenstoß zwischen einem PKW und LKW. Glücklicherweise waren keine Beteiligten in den Fahrzeugen einklemmt. Durch die Feuerwehr wurde die Einsatzstelle abgesichert und bis zum Eintreffen des Rettungsdienst die verletzte Person im PKW versorgt. Der Einsatz war nach Unfallaufnahme durch einen Gutachter gegen 05:00 Uhr beendet.</p>

<a href="https://feuerwehrwoerth.de/index.php/evw_unit/woerth-am-rhein/" class="advgb-post-tax-term">Wörth</a>

<a href="https://feuerwehrwoerth.de/index.php/evw_unit/buechelberg/" class="advgb-post-tax-term">Büchelberg</a>

<span class="advgb-post-tax-term">Wörth</span>

<span class="advgb-post-tax-term">Büchelberg</span>
