{"id":4431,"date":"2023-01-18T19:20:00","date_gmt":"2023-01-18T18:20:00","guid":{"rendered":"https:\/\/feuerwehrwoerth.de\/?post_type=einsatz&#038;p=4431"},"modified":"2023-01-19T12:03:08","modified_gmt":"2023-01-19T11:03:08","slug":"zugunfall-2","status":"publish","type":"einsatz","link":"https:\/\/feuerwehrwoerth.de\/index.php\/einsatzberichte\/zugunfall-2\/","title":{"rendered":"Zugunfall"},"content":{"rendered":"\n<p>Zusammen mit den Kameraden aus Maximiliansau wurden wir zum dritten Einsatz des Tages mit dem Stichwort &#8222;Person unter Zug&#8220; zum Bahnhaltepunkt Eisenbahnstra\u00dfe alarmiert. Eine Person wurde von einem Zug erfasst. Durch uns, durch den Rettungsdienst und die Notfallseelsorge des DRK Bellheim wurden zwei Z\u00fcge evakuiert und kurzzeitig ca. 45 Personen aus den Z\u00fcgen betreut und im sp\u00e4teren Verlauf mit Mannschaftstransportern an den Bahnhof W\u00f6rth verbracht. Au\u00dferdem wurde die Unfallstelle ausgeleuchtet.<\/p>\n\n\n\n<p><\/p>\n\n\n\n<div class=\"wp-block-advgb-infobox advgb-infobox-wrapper has-text-align-center advgb-infobox-c3fbd0ee-9a4d-40f4-8dd4-8971276c7a99\"><div class=\"advgb-infobox-wrap\"><div class=\"advgb-infobox-icon-container\"><div class=\"advgb-infobox-icon-inner-container\"><i class=\"material-icons-outlined\">announcement<\/i><\/div><\/div><div class=\"advgb-infobox-textcontent\"><h3 class=\"advgb-infobox-title\">Hinweis<\/h3><p class=\"advgb-infobox-text\">Wenn Sie sich selbst in einer Ausnahmesituation befinden erhalten Sie Hilfe, beispielsweise bei der Telefonseelsorge unter 0800 111 0 111.<\/p><\/div><\/div><\/div>\n<style class=\"advgb-styles-renderer\">#advgb-infobox-c3fbd0ee-9a4d-40f4-8dd4-8971276c7a99, .advgb-infobox-c3fbd0ee-9a4d-40f4-8dd4-8971276c7a99 {background-color: #f5f5f5;padding: 20px 20px 20px 20px;border: 0px solid #e8e8e8 ;border-radius: 0px;}#advgb-infobox-c3fbd0ee-9a4d-40f4-8dd4-8971276c7a99 .advgb-infobox-icon-container, .advgb-infobox-c3fbd0ee-9a4d-40f4-8dd4-8971276c7a99 .advgb-infobox-icon-container {background-color: #f5f5f5;padding: 0;margin: 0;border: 0px solid #e8e8e8 ;border-radius: 0px;}#advgb-infobox-c3fbd0ee-9a4d-40f4-8dd4-8971276c7a99 .advgb-infobox-icon-container i, .advgb-infobox-c3fbd0ee-9a4d-40f4-8dd4-8971276c7a99 .advgb-infobox-icon-container i {color: #333;font-size: 70px;display: block;}#advgb-infobox-c3fbd0ee-9a4d-40f4-8dd4-8971276c7a99 .advgb-infobox-textcontent .advgb-infobox-title, .advgb-infobox-c3fbd0ee-9a4d-40f4-8dd4-8971276c7a99 .advgb-infobox-textcontent .advgb-infobox-title {color: #333;padding: 0;margin: 5px 0 10px 0;white-space: pre-wrap;}#advgb-infobox-c3fbd0ee-9a4d-40f4-8dd4-8971276c7a99 .advgb-infobox-textcontent .advgb-infobox-text, .advgb-infobox-c3fbd0ee-9a4d-40f4-8dd4-8971276c7a99 .advgb-infobox-textcontent .advgb-infobox-text {color: #333;padding: 0;margin: 0;white-space: pre-wrap;}<\/style>","protected":false},"author":1,"featured_media":4408,"template":"","meta":{"advgb_blocks_editor_width":"","advgb_blocks_columns_visual_guide":"","ngg_post_thumbnail":0,"einsatz_weight":1,"footnotes":""},"categories":[],"einsatzart":[5],"fahrzeug":[23,48,3,15,16,17,22],"exteinsatzmittel":[9,10,87],"alarmierungsart":[],"evw_unit":[43,44],"class_list":["post-4431","einsatz","type-einsatz","status-publish","has-post-thumbnail","hentry","einsatzart-technische-hilfeleistung","fahrzeug-mtf-maximiliansau","fahrzeug-fez","fahrzeug-hlf-20-16","fahrzeug-elw-1","fahrzeug-hlf-10-10","fahrzeug-dlk-23-12","fahrzeug-lf-10-6-maximiliansau","exteinsatzmittel-polizei","exteinsatzmittel-rettungsdienst","exteinsatzmittel-notfallmanager-bahn","evw_unit-woerth-am-rhein","evw_unit-maximiliansau"],"featured_img":"https:\/\/feuerwehrwoerth.de\/wp-content\/uploads\/2023\/01\/zug_artikelbild-e1681293976177.jpg","coauthors":[],"author_meta":{"author_link":"https:\/\/feuerwehrwoerth.de\/index.php\/author\/chris\/","display_name":"Christian"},"relative_dates":{"created":"Posted 3\u00a0Jahren ago","modified":"Updated 3\u00a0Jahren ago"},"absolute_dates":{"created":"Posted on 18. Januar 2023","modified":"Updated on 19. Januar 2023"},"absolute_dates_time":{"created":"Posted on 18. Januar 2023 19:20","modified":"Updated on 19. Januar 2023 12:03"},"featured_img_caption":"","tax_additional":{"category":{"linked":[],"unlinked":[],"slug":"category","name":"Kategorien"},"einsatzart":{"linked":["<a href=\"https:\/\/feuerwehrwoerth.de\/index.php\/einsatzart\/technische-hilfeleistung\/\" class=\"advgb-post-tax-term\">Technische Hilfeleistung<\/a>"],"unlinked":["<span class=\"advgb-post-tax-term\">Technische Hilfeleistung<\/span>"],"slug":"einsatzart","name":"Einsatzarten"},"fahrzeug":{"linked":["<a href=\"https:\/\/feuerwehrwoerth.de\/index.php\/fahrzeug\/mtf-maximiliansau\/\" class=\"advgb-post-tax-term\">2\/19 (MTF)<\/a>","<a href=\"https:\/\/feuerwehrwoerth.de\/index.php\/fahrzeug\/fez\/\" class=\"advgb-post-tax-term\">FEZ<\/a>","<a href=\"https:\/\/feuerwehrwoerth.de\/index.php\/fahrzeug\/hlf-20-16\/\" class=\"advgb-post-tax-term\">1\/46 (HLF 20\/16)<\/a>","<a href=\"https:\/\/feuerwehrwoerth.de\/index.php\/fahrzeug\/elw-1\/\" class=\"advgb-post-tax-term\">1\/11 (ELW 1)<\/a>","<a href=\"https:\/\/feuerwehrwoerth.de\/index.php\/fahrzeug\/hlf-10-10\/\" class=\"advgb-post-tax-term\">1\/45 (HLF 10\/10)<\/a>","<a href=\"https:\/\/feuerwehrwoerth.de\/index.php\/fahrzeug\/dlk-23-12\/\" class=\"advgb-post-tax-term\">1\/34 (DL(A)K 23\/12)<\/a>","<a href=\"https:\/\/feuerwehrwoerth.de\/index.php\/fahrzeug\/lf-10-6-maximiliansau\/\" class=\"advgb-post-tax-term\">2\/44\/1 (LF 10\/6)<\/a>"],"unlinked":["<span class=\"advgb-post-tax-term\">2\/19 (MTF)<\/span>","<span class=\"advgb-post-tax-term\">FEZ<\/span>","<span class=\"advgb-post-tax-term\">1\/46 (HLF 20\/16)<\/span>","<span class=\"advgb-post-tax-term\">1\/11 (ELW 1)<\/span>","<span class=\"advgb-post-tax-term\">1\/45 (HLF 10\/10)<\/span>","<span class=\"advgb-post-tax-term\">1\/34 (DL(A)K 23\/12)<\/span>","<span class=\"advgb-post-tax-term\">2\/44\/1 (LF 10\/6)<\/span>"],"slug":"fahrzeug","name":"Fahrzeuge"},"exteinsatzmittel":{"linked":["<a href=\"https:\/\/feuerwehrwoerth.de\/index.php\/externe-einsatzmittel\/polizei\/\" class=\"advgb-post-tax-term\">Polizei<\/a>","<a href=\"https:\/\/feuerwehrwoerth.de\/index.php\/externe-einsatzmittel\/rettungsdienst\/\" class=\"advgb-post-tax-term\">Rettungsdienst<\/a>","<a href=\"https:\/\/feuerwehrwoerth.de\/index.php\/externe-einsatzmittel\/notfallmanager-bahn\/\" class=\"advgb-post-tax-term\">Notfallmanager Bahn<\/a>"],"unlinked":["<span class=\"advgb-post-tax-term\">Polizei<\/span>","<span class=\"advgb-post-tax-term\">Rettungsdienst<\/span>","<span class=\"advgb-post-tax-term\">Notfallmanager Bahn<\/span>"],"slug":"exteinsatzmittel","name":"Externe Einsatzmittel"},"alarmierungsart":{"linked":[],"unlinked":[],"slug":"alarmierungsart","name":"Alarmierungsarten"},"evw_unit":{"linked":["<a href=\"https:\/\/feuerwehrwoerth.de\/index.php\/evw_unit\/woerth-am-rhein\/\" class=\"advgb-post-tax-term\">W\u00f6rth<\/a>","<a href=\"https:\/\/feuerwehrwoerth.de\/index.php\/evw_unit\/maximiliansau\/\" class=\"advgb-post-tax-term\">Maximiliansau<\/a>"],"unlinked":["<span class=\"advgb-post-tax-term\">W\u00f6rth<\/span>","<span class=\"advgb-post-tax-term\">Maximiliansau<\/span>"],"slug":"evw_unit","name":"Einheiten"}},"series_order":"","jetpack_sharing_enabled":true,"_links":{"self":[{"href":"https:\/\/feuerwehrwoerth.de\/index.php\/wp-json\/wp\/v2\/einsatz\/4431","targetHints":{"allow":["GET"]}}],"collection":[{"href":"https:\/\/feuerwehrwoerth.de\/index.php\/wp-json\/wp\/v2\/einsatz"}],"about":[{"href":"https:\/\/feuerwehrwoerth.de\/index.php\/wp-json\/wp\/v2\/types\/einsatz"}],"author":[{"embeddable":true,"href":"https:\/\/feuerwehrwoerth.de\/index.php\/wp-json\/wp\/v2\/users\/1"}],"version-history":[{"count":3,"href":"https:\/\/feuerwehrwoerth.de\/index.php\/wp-json\/wp\/v2\/einsatz\/4431\/revisions"}],"predecessor-version":[{"id":5345,"href":"https:\/\/feuerwehrwoerth.de\/index.php\/wp-json\/wp\/v2\/einsatz\/4431\/revisions\/5345"}],"wp:featuredmedia":[{"embeddable":true,"href":"https:\/\/feuerwehrwoerth.de\/index.php\/wp-json\/wp\/v2\/media\/4408"}],"wp:attachment":[{"href":"https:\/\/feuerwehrwoerth.de\/index.php\/wp-json\/wp\/v2\/media?parent=4431"}],"wp:term":[{"taxonomy":"category","embeddable":true,"href":"https:\/\/feuerwehrwoerth.de\/index.php\/wp-json\/wp\/v2\/categories?post=4431"},{"taxonomy":"einsatzart","embeddable":true,"href":"https:\/\/feuerwehrwoerth.de\/index.php\/wp-json\/wp\/v2\/einsatzart?post=4431"},{"taxonomy":"fahrzeug","embeddable":true,"href":"https:\/\/feuerwehrwoerth.de\/index.php\/wp-json\/wp\/v2\/fahrzeug?post=4431"},{"taxonomy":"exteinsatzmittel","embeddable":true,"href":"https:\/\/feuerwehrwoerth.de\/index.php\/wp-json\/wp\/v2\/exteinsatzmittel?post=4431"},{"taxonomy":"alarmierungsart","embeddable":true,"href":"https:\/\/feuerwehrwoerth.de\/index.php\/wp-json\/wp\/v2\/alarmierungsart?post=4431"},{"taxonomy":"evw_unit","embeddable":true,"href":"https:\/\/feuerwehrwoerth.de\/index.php\/wp-json\/wp\/v2\/evw_unit?post=4431"}],"curies":[{"name":"wp","href":"https:\/\/api.w.org\/{rel}","templated":true}]}}

<p>Zusammen mit den Kameraden aus Maximiliansau wurden wir zum dritten Einsatz des Tages mit dem Stichwort &#8222;Person unter Zug&#8220; zum Bahnhaltepunkt Eisenbahnstraße alarmiert. Eine Person wurde von einem Zug erfasst. Durch uns, durch den Rettungsdienst und die Notfallseelsorge des DRK Bellheim wurden zwei Züge evakuiert und kurzzeitig ca. 45 Personen aus den Zügen betreut und im späteren Verlauf mit Mannschaftstransportern an den Bahnhof Wörth verbracht. Außerdem wurde die Unfallstelle ausgeleuchtet.</p>



<p></p>



<div class="wp-block-advgb-infobox advgb-infobox-wrapper has-text-align-center advgb-infobox-c3fbd0ee-9a4d-40f4-8dd4-8971276c7a99"><div class="advgb-infobox-wrap"><div class="advgb-infobox-icon-container"><div class="advgb-infobox-icon-inner-container"><i class="material-icons-outlined">announcement</i></div></div><div class="advgb-infobox-textcontent"><h3 class="advgb-infobox-title">Hinweis</h3><p class="advgb-infobox-text">Wenn Sie sich selbst in einer Ausnahmesituation befinden erhalten Sie Hilfe, beispielsweise bei der Telefonseelsorge unter 0800 111 0 111.</p></div></div></div>
<style class="advgb-styles-renderer">#advgb-infobox-c3fbd0ee-9a4d-40f4-8dd4-8971276c7a99, .advgb-infobox-c3fbd0ee-9a4d-40f4-8dd4-8971276c7a99 {background-color: #f5f5f5;padding: 20px 20px 20px 20px;border: 0px solid #e8e8e8 ;border-radius: 0px;}#advgb-infobox-c3fbd0ee-9a4d-40f4-8dd4-8971276c7a99 .advgb-infobox-icon-container, .advgb-infobox-c3fbd0ee-9a4d-40f4-8dd4-8971276c7a99 .advgb-infobox-icon-container {background-color: #f5f5f5;padding: 0;margin: 0;border: 0px solid #e8e8e8 ;border-radius: 0px;}#advgb-infobox-c3fbd0ee-9a4d-40f4-8dd4-8971276c7a99 .advgb-infobox-icon-container i, .advgb-infobox-c3fbd0ee-9a4d-40f4-8dd4-8971276c7a99 .advgb-infobox-icon-container i {color: #333;font-size: 70px;display: block;}#advgb-infobox-c3fbd0ee-9a4d-40f4-8dd4-8971276c7a99 .advgb-infobox-textcontent .advgb-infobox-title, .advgb-infobox-c3fbd0ee-9a4d-40f4-8dd4-8971276c7a99 .advgb-infobox-textcontent .advgb-infobox-title {color: #333;padding: 0;margin: 5px 0 10px 0;white-space: pre-wrap;}#advgb-infobox-c3fbd0ee-9a4d-40f4-8dd4-8971276c7a99 .advgb-infobox-textcontent .advgb-infobox-text, .advgb-infobox-c3fbd0ee-9a4d-40f4-8dd4-8971276c7a99 .advgb-infobox-textcontent .advgb-infobox-text {color: #333;padding: 0;margin: 0;white-space: pre-wrap;}</style>

<a href="https://feuerwehrwoerth.de/index.php/evw_unit/woerth-am-rhein/" class="advgb-post-tax-term">Wörth</a>

<span class="advgb-post-tax-term">Wörth</span>
