{"id":5167,"date":"2023-07-17T16:06:00","date_gmt":"2023-07-17T14:06:00","guid":{"rendered":"https:\/\/feuerwehrwoerth.de\/?post_type=einsatz&#038;p=5167"},"modified":"2023-07-17T23:49:05","modified_gmt":"2023-07-17T21:49:05","slug":"dachstuhlbrand","status":"publish","type":"einsatz","link":"https:\/\/feuerwehrwoerth.de\/index.php\/einsatzberichte\/dachstuhlbrand\/","title":{"rendered":"Dachstuhlbrand"},"content":{"rendered":"\n<p>Wir wurden zur Unterst\u00fctzung unserer Kameraden der Verbandsgemeinde Hagenbach zu einem Geb\u00e4udebrand in Hagenbach alarmiert. Vor Ort stellte sich heraus, dass der Dachstuhl eines Wohngeb\u00e4udes brannte. Auf der stra\u00dfenabgewandten Dachseite war eine deutliche Rauchentwicklung sichtbar. Da ein Trupp unter Atemschutz schnell die Brandbek\u00e4mpfung beginnen konnte, konnte eine weitere Ausbreitung des Feuers verhindert werden. Im Zuge der L\u00f6scharbeiten mussten Teile des Dachs abgedeckt und entfernt werden.<\/p>\n\n\n\n<p>Wir unterst\u00fctzten bei der Absicherung der am Dach eingesetzten Kr\u00e4fte. Dabei kam auch unser Ger\u00e4tesatz Absturzsicherung zum Einsatz. So konnten die Arbeiten am Dach mit Hilfe einer Toprope-Sicherung problemlos erledigt werden. Hier kam wieder das Zusammenspiel der Einsatzkr\u00e4fte der Kommunen Hagenbach und W\u00f6rth am Rhein zum Tragen, welches insbesondere im <a href=\"https:\/\/feuerwehrwoerth.de\/index.php\/2023\/03\/27\/interkommunaler-lehrgang-absturzsicherung\/\" data-type=\"post\" data-id=\"4866\">Bereich der Absturzsicherung in diesem Jahr<\/a> deutlich verst\u00e4rkt wurde.<\/p>\n\n\n\n<p>Im Anschluss an die feuerwehrtechnischen Ma\u00dfnahmen wurde durch den THW-Ortsverband Germersheim die Eigentumssicherung des Objekts durchgef\u00fchrt.<\/p>\n\n\n\nngg_shortcode_0_placeholder\n","protected":false},"author":2,"featured_media":5173,"template":"","meta":{"advgb_blocks_editor_width":"","advgb_blocks_columns_visual_guide":"","ngg_post_thumbnail":0,"einsatz_weight":1,"footnotes":""},"categories":[38],"einsatzart":[4],"fahrzeug":[3,17,18,48],"exteinsatzmittel":[9,10,49],"alarmierungsart":[],"evw_unit":[43],"class_list":["post-5167","einsatz","type-einsatz","status-publish","has-post-thumbnail","hentry","category-einsatzbericht","einsatzart-brand","fahrzeug-hlf-20-16","fahrzeug-dlk-23-12","fahrzeug-mtf","fahrzeug-fez","exteinsatzmittel-polizei","exteinsatzmittel-rettungsdienst","exteinsatzmittel-feuerwehr-hagenbach","evw_unit-woerth-am-rhein"],"featured_img":"https:\/\/feuerwehrwoerth.de\/wp-content\/uploads\/2023\/07\/Titelbild_IMG_20230717_171906.jpg","coauthors":[],"author_meta":{"author_link":"https:\/\/feuerwehrwoerth.de\/index.php\/author\/tobias\/","display_name":"Tobias"},"relative_dates":{"created":"Posted 3\u00a0Jahren ago","modified":"Updated 3\u00a0Jahren ago"},"absolute_dates":{"created":"Posted on 17. Juli 2023","modified":"Updated on 17. Juli 2023"},"absolute_dates_time":{"created":"Posted on 17. Juli 2023 16:06","modified":"Updated on 17. Juli 2023 23:49"},"featured_img_caption":"","tax_additional":{"category":{"linked":["<a href=\"https:\/\/feuerwehrwoerth.de\/index.php\/category\/einsatzbericht\/\" class=\"advgb-post-tax-term\">Einsatzbericht<\/a>"],"unlinked":["<span class=\"advgb-post-tax-term\">Einsatzbericht<\/span>"],"slug":"category","name":"Kategorien"},"einsatzart":{"linked":["<a href=\"https:\/\/feuerwehrwoerth.de\/index.php\/einsatzart\/brand\/\" class=\"advgb-post-tax-term\">Brand<\/a>"],"unlinked":["<span class=\"advgb-post-tax-term\">Brand<\/span>"],"slug":"einsatzart","name":"Einsatzarten"},"fahrzeug":{"linked":["<a href=\"https:\/\/feuerwehrwoerth.de\/index.php\/fahrzeug\/hlf-20-16\/\" class=\"advgb-post-tax-term\">1\/46 (HLF 20\/16)<\/a>","<a href=\"https:\/\/feuerwehrwoerth.de\/index.php\/fahrzeug\/dlk-23-12\/\" class=\"advgb-post-tax-term\">1\/34 (DL(A)K 23\/12)<\/a>","<a href=\"https:\/\/feuerwehrwoerth.de\/index.php\/fahrzeug\/mtf\/\" class=\"advgb-post-tax-term\">1\/19 (MTF)<\/a>","<a href=\"https:\/\/feuerwehrwoerth.de\/index.php\/fahrzeug\/fez\/\" class=\"advgb-post-tax-term\">FEZ<\/a>"],"unlinked":["<span class=\"advgb-post-tax-term\">1\/46 (HLF 20\/16)<\/span>","<span class=\"advgb-post-tax-term\">1\/34 (DL(A)K 23\/12)<\/span>","<span class=\"advgb-post-tax-term\">1\/19 (MTF)<\/span>","<span class=\"advgb-post-tax-term\">FEZ<\/span>"],"slug":"fahrzeug","name":"Fahrzeuge"},"exteinsatzmittel":{"linked":["<a href=\"https:\/\/feuerwehrwoerth.de\/index.php\/externe-einsatzmittel\/polizei\/\" class=\"advgb-post-tax-term\">Polizei<\/a>","<a href=\"https:\/\/feuerwehrwoerth.de\/index.php\/externe-einsatzmittel\/rettungsdienst\/\" class=\"advgb-post-tax-term\">Rettungsdienst<\/a>","<a href=\"https:\/\/feuerwehrwoerth.de\/index.php\/externe-einsatzmittel\/feuerwehr-hagenbach\/\" class=\"advgb-post-tax-term\">Feuerwehr VG Hagenbach<\/a>"],"unlinked":["<span class=\"advgb-post-tax-term\">Polizei<\/span>","<span class=\"advgb-post-tax-term\">Rettungsdienst<\/span>","<span class=\"advgb-post-tax-term\">Feuerwehr VG Hagenbach<\/span>"],"slug":"exteinsatzmittel","name":"Externe Einsatzmittel"},"alarmierungsart":{"linked":[],"unlinked":[],"slug":"alarmierungsart","name":"Alarmierungsarten"},"evw_unit":{"linked":["<a href=\"https:\/\/feuerwehrwoerth.de\/index.php\/evw_unit\/woerth-am-rhein\/\" class=\"advgb-post-tax-term\">W\u00f6rth<\/a>"],"unlinked":["<span class=\"advgb-post-tax-term\">W\u00f6rth<\/span>"],"slug":"evw_unit","name":"Einheiten"}},"series_order":"","jetpack_sharing_enabled":true,"_links":{"self":[{"href":"https:\/\/feuerwehrwoerth.de\/index.php\/wp-json\/wp\/v2\/einsatz\/5167","targetHints":{"allow":["GET"]}}],"collection":[{"href":"https:\/\/feuerwehrwoerth.de\/index.php\/wp-json\/wp\/v2\/einsatz"}],"about":[{"href":"https:\/\/feuerwehrwoerth.de\/index.php\/wp-json\/wp\/v2\/types\/einsatz"}],"author":[{"embeddable":true,"href":"https:\/\/feuerwehrwoerth.de\/index.php\/wp-json\/wp\/v2\/users\/2"}],"version-history":[{"count":3,"href":"https:\/\/feuerwehrwoerth.de\/index.php\/wp-json\/wp\/v2\/einsatz\/5167\/revisions"}],"predecessor-version":[{"id":5181,"href":"https:\/\/feuerwehrwoerth.de\/index.php\/wp-json\/wp\/v2\/einsatz\/5167\/revisions\/5181"}],"wp:featuredmedia":[{"embeddable":true,"href":"https:\/\/feuerwehrwoerth.de\/index.php\/wp-json\/wp\/v2\/media\/5173"}],"wp:attachment":[{"href":"https:\/\/feuerwehrwoerth.de\/index.php\/wp-json\/wp\/v2\/media?parent=5167"}],"wp:term":[{"taxonomy":"category","embeddable":true,"href":"https:\/\/feuerwehrwoerth.de\/index.php\/wp-json\/wp\/v2\/categories?post=5167"},{"taxonomy":"einsatzart","embeddable":true,"href":"https:\/\/feuerwehrwoerth.de\/index.php\/wp-json\/wp\/v2\/einsatzart?post=5167"},{"taxonomy":"fahrzeug","embeddable":true,"href":"https:\/\/feuerwehrwoerth.de\/index.php\/wp-json\/wp\/v2\/fahrzeug?post=5167"},{"taxonomy":"exteinsatzmittel","embeddable":true,"href":"https:\/\/feuerwehrwoerth.de\/index.php\/wp-json\/wp\/v2\/exteinsatzmittel?post=5167"},{"taxonomy":"alarmierungsart","embeddable":true,"href":"https:\/\/feuerwehrwoerth.de\/index.php\/wp-json\/wp\/v2\/alarmierungsart?post=5167"},{"taxonomy":"evw_unit","embeddable":true,"href":"https:\/\/feuerwehrwoerth.de\/index.php\/wp-json\/wp\/v2\/evw_unit?post=5167"}],"curies":[{"name":"wp","href":"https:\/\/api.w.org\/{rel}","templated":true}]}}

<p>Wir wurden zur Unterstützung unserer Kameraden der Verbandsgemeinde Hagenbach zu einem Gebäudebrand in Hagenbach alarmiert. Vor Ort stellte sich heraus, dass der Dachstuhl eines Wohngebäudes brannte. Auf der straßenabgewandten Dachseite war eine deutliche Rauchentwicklung sichtbar. Da ein Trupp unter Atemschutz schnell die Brandbekämpfung beginnen konnte, konnte eine weitere Ausbreitung des Feuers verhindert werden. Im Zuge der Löscharbeiten mussten Teile des Dachs abgedeckt und entfernt werden.</p>



<p>Wir unterstützten bei der Absicherung der am Dach eingesetzten Kräfte. Dabei kam auch unser Gerätesatz Absturzsicherung zum Einsatz. So konnten die Arbeiten am Dach mit Hilfe einer Toprope-Sicherung problemlos erledigt werden. Hier kam wieder das Zusammenspiel der Einsatzkräfte der Kommunen Hagenbach und Wörth am Rhein zum Tragen, welches insbesondere im <a href="https://feuerwehrwoerth.de/index.php/2023/03/27/interkommunaler-lehrgang-absturzsicherung/" data-type="post" data-id="4866">Bereich der Absturzsicherung in diesem Jahr</a> deutlich verstärkt wurde.</p>



<p>Im Anschluss an die feuerwehrtechnischen Maßnahmen wurde durch den THW-Ortsverband Germersheim die Eigentumssicherung des Objekts durchgeführt.</p>



ngg_shortcode_0_placeholder

<a href="https://feuerwehrwoerth.de/index.php/evw_unit/woerth-am-rhein/" class="advgb-post-tax-term">Wörth</a>

<span class="advgb-post-tax-term">Wörth</span>
