{"id":6203,"date":"2024-07-17T17:38:00","date_gmt":"2024-07-17T15:38:00","guid":{"rendered":"https:\/\/feuerwehrwoerth.de\/?post_type=einsatz&#038;p=6203"},"modified":"2024-08-15T20:43:40","modified_gmt":"2024-08-15T18:43:40","slug":"brandmeldeanlage-28","status":"publish","type":"einsatz","link":"https:\/\/feuerwehrwoerth.de\/index.php\/einsatzberichte\/brandmeldeanlage-28\/","title":{"rendered":"Ausgedehnter Scheunenbrand"},"content":{"rendered":"\n<p>Gegen 17:40 Uhr ist in Hatzenb\u00fchl ein Brand im hinteren Bereich der Luitpoldstra\u00dfe ausgebrochen. Die Feuerwehren der VG Jockgrim und weitere Einheiten des Landkreises konnten den Schaden zun\u00e4chst auf das vorgefundene Ma\u00df begrenzen; Es kam zu keiner weiteren Brandausbreitung. In der Hochphase waren rund 200 Feuerwehrleute im Einsatz. Gegen 21:00 Uhr sind noch letzte Nachl\u00f6scharbeiten durchzuf\u00fchren, die laut jetzigen Stand bis tief in die Nacht hinein andauern werden. Die Einheiten des THW, des Deutschen Roten Kreuzes, der Malteser und der DLRG waren ebenfalls vor Ort; ebenso der Ger\u00e4tewagen Atemschutz des Landkreises S\u00fcdliche Weinstra\u00dfe. Die Drohneneinheit und der \u00fcberwiegende Teil des Katschutzzuges des Landkreises Germersheim waren zur Unterst\u00fctzung der Einheiten vor Ort.<\/p>\n\n\n\n<p>Aufgrund des beherzten und koordinierten Eingreifen der Kr\u00e4fte der Feuerwehren Hatzenb\u00fchl und der weiteren Einheiten der VG Jockgrim konnte das Schadensma\u00df begrenzt werden und die anliegenden Wohnh\u00e4user vor dem Feuer gesch\u00fctzt werden. B\u00fcrgermeister Karl Dieter W\u00fcnstel, Landrat Fritz Brechtel und der erste Kreisbeigeordnete Christoph Buttweiler waren vor Ort und konnten sich ein Bild der Lage verschaffen. Sie danken allen Einsatzkr\u00e4ften f\u00fcr ihren immens wichtigen Einsatz, sowie f\u00fcr ihre Leistungsbereitschaft bei diesem hei\u00dfen Wetter. Wehrleiter und Einsatzleiter Alexander Scharf und der Brand- und Katastrophenschutzinspekteur Mike Sch\u00f6nlaub sind stolz auf die Einsatzkr\u00e4fte. Es hat sich wieder gezeigt, dass die Zahnr\u00e4der greifen und alle Hilfsorganisationen gut miteinander arbeiten. Immer im Fokus: Der bestm\u00f6gliche Schutz der\u00a0Bev\u00f6lkerung.<\/p>\n","protected":false},"author":2,"featured_media":3388,"template":"","meta":{"advgb_blocks_editor_width":"","advgb_blocks_columns_visual_guide":"","ngg_post_thumbnail":0,"einsatz_weight":1,"footnotes":""},"categories":[],"einsatzart":[4],"fahrzeug":[16,18,30,37,48,81],"exteinsatzmittel":[9,10,56],"alarmierungsart":[],"evw_unit":[43],"class_list":["post-6203","einsatz","type-einsatz","status-publish","has-post-thumbnail","hentry","einsatzart-brand","fahrzeug-hlf-10-10","fahrzeug-mtf","fahrzeug-ab-tank","fahrzeug-wlf","fahrzeug-fez","fahrzeug-mzf-woerth","exteinsatzmittel-polizei","exteinsatzmittel-rettungsdienst","exteinsatzmittel-feuerwehr-jockgrim","evw_unit-woerth-am-rhein"],"featured_img":"https:\/\/feuerwehrwoerth.de\/wp-content\/uploads\/2022\/04\/bma-tableau_artikelbild-e1681295203430.jpg","coauthors":[],"author_meta":{"author_link":"https:\/\/feuerwehrwoerth.de\/index.php\/author\/tobias\/","display_name":"Tobias"},"relative_dates":{"created":"Posted 2\u00a0Jahren ago","modified":"Updated 2\u00a0Jahren ago"},"absolute_dates":{"created":"Posted on 17. Juli 2024","modified":"Updated on 15. August 2024"},"absolute_dates_time":{"created":"Posted on 17. Juli 2024 17:38","modified":"Updated on 15. August 2024 20:43"},"featured_img_caption":"","tax_additional":{"category":{"linked":[],"unlinked":[],"slug":"category","name":"Kategorien"},"einsatzart":{"linked":["<a href=\"https:\/\/feuerwehrwoerth.de\/index.php\/einsatzart\/brand\/\" class=\"advgb-post-tax-term\">Brand<\/a>"],"unlinked":["<span class=\"advgb-post-tax-term\">Brand<\/span>"],"slug":"einsatzart","name":"Einsatzarten"},"fahrzeug":{"linked":["<a href=\"https:\/\/feuerwehrwoerth.de\/index.php\/fahrzeug\/hlf-10-10\/\" class=\"advgb-post-tax-term\">1\/45 (HLF 10\/10)<\/a>","<a href=\"https:\/\/feuerwehrwoerth.de\/index.php\/fahrzeug\/mtf\/\" class=\"advgb-post-tax-term\">1\/19 (MTF)<\/a>","<a href=\"https:\/\/feuerwehrwoerth.de\/index.php\/fahrzeug\/ab-tank\/\" class=\"advgb-post-tax-term\">AB-Tank<\/a>","<a href=\"https:\/\/feuerwehrwoerth.de\/index.php\/fahrzeug\/wlf\/\" class=\"advgb-post-tax-term\">1\/65 (WLF)<\/a>","<a href=\"https:\/\/feuerwehrwoerth.de\/index.php\/fahrzeug\/fez\/\" class=\"advgb-post-tax-term\">FEZ<\/a>","<a href=\"https:\/\/feuerwehrwoerth.de\/index.php\/fahrzeug\/mzf-woerth\/\" class=\"advgb-post-tax-term\">1\/71 (MZF 1)<\/a>"],"unlinked":["<span class=\"advgb-post-tax-term\">1\/45 (HLF 10\/10)<\/span>","<span class=\"advgb-post-tax-term\">1\/19 (MTF)<\/span>","<span class=\"advgb-post-tax-term\">AB-Tank<\/span>","<span class=\"advgb-post-tax-term\">1\/65 (WLF)<\/span>","<span class=\"advgb-post-tax-term\">FEZ<\/span>","<span class=\"advgb-post-tax-term\">1\/71 (MZF 1)<\/span>"],"slug":"fahrzeug","name":"Fahrzeuge"},"exteinsatzmittel":{"linked":["<a href=\"https:\/\/feuerwehrwoerth.de\/index.php\/externe-einsatzmittel\/polizei\/\" class=\"advgb-post-tax-term\">Polizei<\/a>","<a href=\"https:\/\/feuerwehrwoerth.de\/index.php\/externe-einsatzmittel\/rettungsdienst\/\" class=\"advgb-post-tax-term\">Rettungsdienst<\/a>","<a href=\"https:\/\/feuerwehrwoerth.de\/index.php\/externe-einsatzmittel\/feuerwehr-jockgrim\/\" class=\"advgb-post-tax-term\">Feuerwehr VG Jockgrim<\/a>"],"unlinked":["<span class=\"advgb-post-tax-term\">Polizei<\/span>","<span class=\"advgb-post-tax-term\">Rettungsdienst<\/span>","<span class=\"advgb-post-tax-term\">Feuerwehr VG Jockgrim<\/span>"],"slug":"exteinsatzmittel","name":"Externe Einsatzmittel"},"alarmierungsart":{"linked":[],"unlinked":[],"slug":"alarmierungsart","name":"Alarmierungsarten"},"evw_unit":{"linked":["<a href=\"https:\/\/feuerwehrwoerth.de\/index.php\/evw_unit\/woerth-am-rhein\/\" class=\"advgb-post-tax-term\">W\u00f6rth<\/a>"],"unlinked":["<span class=\"advgb-post-tax-term\">W\u00f6rth<\/span>"],"slug":"evw_unit","name":"Einheiten"}},"series_order":"","jetpack_sharing_enabled":true,"_links":{"self":[{"href":"https:\/\/feuerwehrwoerth.de\/index.php\/wp-json\/wp\/v2\/einsatz\/6203","targetHints":{"allow":["GET"]}}],"collection":[{"href":"https:\/\/feuerwehrwoerth.de\/index.php\/wp-json\/wp\/v2\/einsatz"}],"about":[{"href":"https:\/\/feuerwehrwoerth.de\/index.php\/wp-json\/wp\/v2\/types\/einsatz"}],"author":[{"embeddable":true,"href":"https:\/\/feuerwehrwoerth.de\/index.php\/wp-json\/wp\/v2\/users\/2"}],"version-history":[{"count":4,"href":"https:\/\/feuerwehrwoerth.de\/index.php\/wp-json\/wp\/v2\/einsatz\/6203\/revisions"}],"predecessor-version":[{"id":6231,"href":"https:\/\/feuerwehrwoerth.de\/index.php\/wp-json\/wp\/v2\/einsatz\/6203\/revisions\/6231"}],"wp:featuredmedia":[{"embeddable":true,"href":"https:\/\/feuerwehrwoerth.de\/index.php\/wp-json\/wp\/v2\/media\/3388"}],"wp:attachment":[{"href":"https:\/\/feuerwehrwoerth.de\/index.php\/wp-json\/wp\/v2\/media?parent=6203"}],"wp:term":[{"taxonomy":"category","embeddable":true,"href":"https:\/\/feuerwehrwoerth.de\/index.php\/wp-json\/wp\/v2\/categories?post=6203"},{"taxonomy":"einsatzart","embeddable":true,"href":"https:\/\/feuerwehrwoerth.de\/index.php\/wp-json\/wp\/v2\/einsatzart?post=6203"},{"taxonomy":"fahrzeug","embeddable":true,"href":"https:\/\/feuerwehrwoerth.de\/index.php\/wp-json\/wp\/v2\/fahrzeug?post=6203"},{"taxonomy":"exteinsatzmittel","embeddable":true,"href":"https:\/\/feuerwehrwoerth.de\/index.php\/wp-json\/wp\/v2\/exteinsatzmittel?post=6203"},{"taxonomy":"alarmierungsart","embeddable":true,"href":"https:\/\/feuerwehrwoerth.de\/index.php\/wp-json\/wp\/v2\/alarmierungsart?post=6203"},{"taxonomy":"evw_unit","embeddable":true,"href":"https:\/\/feuerwehrwoerth.de\/index.php\/wp-json\/wp\/v2\/evw_unit?post=6203"}],"curies":[{"name":"wp","href":"https:\/\/api.w.org\/{rel}","templated":true}]}}

<p>Gegen 17:40 Uhr ist in Hatzenbühl ein Brand im hinteren Bereich der Luitpoldstraße ausgebrochen. Die Feuerwehren der VG Jockgrim und weitere Einheiten des Landkreises konnten den Schaden zunächst auf das vorgefundene Maß begrenzen; Es kam zu keiner weiteren Brandausbreitung. In der Hochphase waren rund 200 Feuerwehrleute im Einsatz. Gegen 21:00 Uhr sind noch letzte Nachlöscharbeiten durchzuführen, die laut jetzigen Stand bis tief in die Nacht hinein andauern werden. Die Einheiten des THW, des Deutschen Roten Kreuzes, der Malteser und der DLRG waren ebenfalls vor Ort; ebenso der Gerätewagen Atemschutz des Landkreises Südliche Weinstraße. Die Drohneneinheit und der überwiegende Teil des Katschutzzuges des Landkreises Germersheim waren zur Unterstützung der Einheiten vor Ort.</p>



<p>Aufgrund des beherzten und koordinierten Eingreifen der Kräfte der Feuerwehren Hatzenbühl und der weiteren Einheiten der VG Jockgrim konnte das Schadensmaß begrenzt werden und die anliegenden Wohnhäuser vor dem Feuer geschützt werden. Bürgermeister Karl Dieter Wünstel, Landrat Fritz Brechtel und der erste Kreisbeigeordnete Christoph Buttweiler waren vor Ort und konnten sich ein Bild der Lage verschaffen. Sie danken allen Einsatzkräften für ihren immens wichtigen Einsatz, sowie für ihre Leistungsbereitschaft bei diesem heißen Wetter. Wehrleiter und Einsatzleiter Alexander Scharf und der Brand- und Katastrophenschutzinspekteur Mike Schönlaub sind stolz auf die Einsatzkräfte. Es hat sich wieder gezeigt, dass die Zahnräder greifen und alle Hilfsorganisationen gut miteinander arbeiten. Immer im Fokus: Der bestmögliche Schutz der Bevölkerung.</p>

<a href="https://feuerwehrwoerth.de/index.php/evw_unit/woerth-am-rhein/" class="advgb-post-tax-term">Wörth</a>

<span class="advgb-post-tax-term">Wörth</span>
