{"id":6264,"date":"2024-08-27T11:57:00","date_gmt":"2024-08-27T09:57:00","guid":{"rendered":"https:\/\/feuerwehrwoerth.de\/?post_type=einsatz&#038;p=6264"},"modified":"2024-08-28T17:21:38","modified_gmt":"2024-08-28T15:21:38","slug":"rundballenbrand-2","status":"publish","type":"einsatz","link":"https:\/\/feuerwehrwoerth.de\/index.php\/einsatzberichte\/rundballenbrand-2\/","title":{"rendered":"Rundballenbrand"},"content":{"rendered":"\n<p>Wir wurden zur Unterst\u00fctzung der Feuerwehr Hagenbach zu einem gemeldeten Brand mehrerer Rundballen alarmiert. Beim Eintreffen an der Einsatzstelle hatte sich das Feuer bereits auf eine Stallanlage sowie mehrere Unterst\u00e4nde ausgebreitet. Wir unterst\u00fctzten die Hagenbacher Einsatzkr\u00e4fte umgehend bei einem massiven L\u00f6schangriff von mehreren Seiten. Im Lauf des Einsatzes wurde Vollalarm f\u00fcr die Atemschutzger\u00e4tetr\u00e4ger der Stadt W\u00f6rth am Rhein ausgel\u00f6st. Die Drohneneinheit wurde ebenfalls an die Einsatzstelle\u00a0alarmiert.<\/p>\n\n\n\nngg_shortcode_0_placeholder\n","protected":false},"author":2,"featured_media":548,"template":"","meta":{"advgb_blocks_editor_width":"","advgb_blocks_columns_visual_guide":"","ngg_post_thumbnail":0,"einsatz_weight":1,"footnotes":""},"categories":[],"einsatzart":[4],"fahrzeug":[3,15,81,114],"exteinsatzmittel":[9,10,49],"alarmierungsart":[],"evw_unit":[43],"class_list":["post-6264","einsatz","type-einsatz","status-publish","has-post-thumbnail","hentry","einsatzart-brand","fahrzeug-hlf-20-16","fahrzeug-elw-1","fahrzeug-mzf-woerth","fahrzeug-einsatzdrohne","exteinsatzmittel-polizei","exteinsatzmittel-rettungsdienst","exteinsatzmittel-feuerwehr-hagenbach","evw_unit-woerth-am-rhein"],"featured_img":"https:\/\/feuerwehrwoerth.de\/wp-content\/uploads\/Symbolbilder\/Brand-375x210.jpg","coauthors":[],"author_meta":{"author_link":"https:\/\/feuerwehrwoerth.de\/index.php\/author\/tobias\/","display_name":"Tobias"},"relative_dates":{"created":"Posted 2\u00a0Jahren ago","modified":"Updated 2\u00a0Jahren ago"},"absolute_dates":{"created":"Posted on 27. August 2024","modified":"Updated on 28. August 2024"},"absolute_dates_time":{"created":"Posted on 27. August 2024 11:57","modified":"Updated on 28. August 2024 17:21"},"featured_img_caption":"","tax_additional":{"category":{"linked":[],"unlinked":[],"slug":"category","name":"Kategorien"},"einsatzart":{"linked":["<a href=\"https:\/\/feuerwehrwoerth.de\/index.php\/einsatzart\/brand\/\" class=\"advgb-post-tax-term\">Brand<\/a>"],"unlinked":["<span class=\"advgb-post-tax-term\">Brand<\/span>"],"slug":"einsatzart","name":"Einsatzarten"},"fahrzeug":{"linked":["<a href=\"https:\/\/feuerwehrwoerth.de\/index.php\/fahrzeug\/hlf-20-16\/\" class=\"advgb-post-tax-term\">1\/46 (HLF 20\/16)<\/a>","<a href=\"https:\/\/feuerwehrwoerth.de\/index.php\/fahrzeug\/elw-1\/\" class=\"advgb-post-tax-term\">1\/11 (ELW 1)<\/a>","<a href=\"https:\/\/feuerwehrwoerth.de\/index.php\/fahrzeug\/mzf-woerth\/\" class=\"advgb-post-tax-term\">1\/71 (MZF 1)<\/a>","<a href=\"https:\/\/feuerwehrwoerth.de\/index.php\/fahrzeug\/einsatzdrohne\/\" class=\"advgb-post-tax-term\">Einsatzdrohne<\/a>"],"unlinked":["<span class=\"advgb-post-tax-term\">1\/46 (HLF 20\/16)<\/span>","<span class=\"advgb-post-tax-term\">1\/11 (ELW 1)<\/span>","<span class=\"advgb-post-tax-term\">1\/71 (MZF 1)<\/span>","<span class=\"advgb-post-tax-term\">Einsatzdrohne<\/span>"],"slug":"fahrzeug","name":"Fahrzeuge"},"exteinsatzmittel":{"linked":["<a href=\"https:\/\/feuerwehrwoerth.de\/index.php\/externe-einsatzmittel\/polizei\/\" class=\"advgb-post-tax-term\">Polizei<\/a>","<a href=\"https:\/\/feuerwehrwoerth.de\/index.php\/externe-einsatzmittel\/rettungsdienst\/\" class=\"advgb-post-tax-term\">Rettungsdienst<\/a>","<a href=\"https:\/\/feuerwehrwoerth.de\/index.php\/externe-einsatzmittel\/feuerwehr-hagenbach\/\" class=\"advgb-post-tax-term\">Feuerwehr VG Hagenbach<\/a>"],"unlinked":["<span class=\"advgb-post-tax-term\">Polizei<\/span>","<span class=\"advgb-post-tax-term\">Rettungsdienst<\/span>","<span class=\"advgb-post-tax-term\">Feuerwehr VG Hagenbach<\/span>"],"slug":"exteinsatzmittel","name":"Externe Einsatzmittel"},"alarmierungsart":{"linked":[],"unlinked":[],"slug":"alarmierungsart","name":"Alarmierungsarten"},"evw_unit":{"linked":["<a href=\"https:\/\/feuerwehrwoerth.de\/index.php\/evw_unit\/woerth-am-rhein\/\" class=\"advgb-post-tax-term\">W\u00f6rth<\/a>"],"unlinked":["<span class=\"advgb-post-tax-term\">W\u00f6rth<\/span>"],"slug":"evw_unit","name":"Einheiten"}},"series_order":"","jetpack_sharing_enabled":true,"_links":{"self":[{"href":"https:\/\/feuerwehrwoerth.de\/index.php\/wp-json\/wp\/v2\/einsatz\/6264","targetHints":{"allow":["GET"]}}],"collection":[{"href":"https:\/\/feuerwehrwoerth.de\/index.php\/wp-json\/wp\/v2\/einsatz"}],"about":[{"href":"https:\/\/feuerwehrwoerth.de\/index.php\/wp-json\/wp\/v2\/types\/einsatz"}],"author":[{"embeddable":true,"href":"https:\/\/feuerwehrwoerth.de\/index.php\/wp-json\/wp\/v2\/users\/2"}],"version-history":[{"count":2,"href":"https:\/\/feuerwehrwoerth.de\/index.php\/wp-json\/wp\/v2\/einsatz\/6264\/revisions"}],"predecessor-version":[{"id":6272,"href":"https:\/\/feuerwehrwoerth.de\/index.php\/wp-json\/wp\/v2\/einsatz\/6264\/revisions\/6272"}],"wp:featuredmedia":[{"embeddable":true,"href":"https:\/\/feuerwehrwoerth.de\/index.php\/wp-json\/wp\/v2\/media\/548"}],"wp:attachment":[{"href":"https:\/\/feuerwehrwoerth.de\/index.php\/wp-json\/wp\/v2\/media?parent=6264"}],"wp:term":[{"taxonomy":"category","embeddable":true,"href":"https:\/\/feuerwehrwoerth.de\/index.php\/wp-json\/wp\/v2\/categories?post=6264"},{"taxonomy":"einsatzart","embeddable":true,"href":"https:\/\/feuerwehrwoerth.de\/index.php\/wp-json\/wp\/v2\/einsatzart?post=6264"},{"taxonomy":"fahrzeug","embeddable":true,"href":"https:\/\/feuerwehrwoerth.de\/index.php\/wp-json\/wp\/v2\/fahrzeug?post=6264"},{"taxonomy":"exteinsatzmittel","embeddable":true,"href":"https:\/\/feuerwehrwoerth.de\/index.php\/wp-json\/wp\/v2\/exteinsatzmittel?post=6264"},{"taxonomy":"alarmierungsart","embeddable":true,"href":"https:\/\/feuerwehrwoerth.de\/index.php\/wp-json\/wp\/v2\/alarmierungsart?post=6264"},{"taxonomy":"evw_unit","embeddable":true,"href":"https:\/\/feuerwehrwoerth.de\/index.php\/wp-json\/wp\/v2\/evw_unit?post=6264"}],"curies":[{"name":"wp","href":"https:\/\/api.w.org\/{rel}","templated":true}]}}

<p>Wir wurden zur Unterstützung der Feuerwehr Hagenbach zu einem gemeldeten Brand mehrerer Rundballen alarmiert. Beim Eintreffen an der Einsatzstelle hatte sich das Feuer bereits auf eine Stallanlage sowie mehrere Unterstände ausgebreitet. Wir unterstützten die Hagenbacher Einsatzkräfte umgehend bei einem massiven Löschangriff von mehreren Seiten. Im Lauf des Einsatzes wurde Vollalarm für die Atemschutzgeräteträger der Stadt Wörth am Rhein ausgelöst. Die Drohneneinheit wurde ebenfalls an die Einsatzstelle alarmiert.</p>



ngg_shortcode_0_placeholder

<a href="https://feuerwehrwoerth.de/index.php/evw_unit/woerth-am-rhein/" class="advgb-post-tax-term">Wörth</a>

<span class="advgb-post-tax-term">Wörth</span>
