{"id":6411,"date":"2024-11-28T11:29:00","date_gmt":"2024-11-28T10:29:00","guid":{"rendered":"https:\/\/feuerwehrwoerth.de\/?post_type=einsatz&#038;p=6411"},"modified":"2024-12-01T16:08:38","modified_gmt":"2024-12-01T15:08:38","slug":"person-in-zwangslage-2","status":"publish","type":"einsatz","link":"https:\/\/feuerwehrwoerth.de\/index.php\/einsatzberichte\/person-in-zwangslage-2\/","title":{"rendered":"Person in Zwangslage"},"content":{"rendered":"\n<p>Zusammen mit unseren Kameraden aus Schaidt, B\u00fcchelberg und Scheibenhardt wurden wir mit dem Stichwort &#8222;Person in Zwangslage &#8211; Fahrzeug droht umzukippen&#8220; auf die Bundesstra\u00dfe 9 zwischen dem Langenberg und B\u00fcchelberg alarmiert. Nach einem missgl\u00fcckten Wendeman\u00f6ver war der Fahrer mit seinem Fahrzeug in einen Graben geraten, worauf hin jenes umzust\u00fcrzen drohte. Kurz nach dem Eintreffen der B\u00fcchelberger Einsatzkr\u00e4fte konnten zwei Personen aus ihrer Zwangslage im Fahrzeug befreit werden. Weitere Ma\u00dfnahmen waren durch uns keine n\u00f6tig.<\/p>\n\n\n<div class=\"wp-block-image\">\n<figure class=\"aligncenter size-large is-resized\"><img loading=\"lazy\" decoding=\"async\" width=\"1024\" height=\"576\" src=\"https:\/\/feuerwehrwoerth.de\/wp-content\/uploads\/2024\/12\/C74DD21A-5B0C-4240-BB51-DBD95F9582F0_1_201_a-1024x576.jpeg\" alt=\"\" class=\"wp-image-6412\" style=\"width:683px;height:auto\" srcset=\"https:\/\/feuerwehrwoerth.de\/wp-content\/uploads\/2024\/12\/C74DD21A-5B0C-4240-BB51-DBD95F9582F0_1_201_a-1024x576.jpeg 1024w, https:\/\/feuerwehrwoerth.de\/wp-content\/uploads\/2024\/12\/C74DD21A-5B0C-4240-BB51-DBD95F9582F0_1_201_a-300x169.jpeg 300w, https:\/\/feuerwehrwoerth.de\/wp-content\/uploads\/2024\/12\/C74DD21A-5B0C-4240-BB51-DBD95F9582F0_1_201_a-768x432.jpeg 768w, https:\/\/feuerwehrwoerth.de\/wp-content\/uploads\/2024\/12\/C74DD21A-5B0C-4240-BB51-DBD95F9582F0_1_201_a-500x281.jpeg 500w, https:\/\/feuerwehrwoerth.de\/wp-content\/uploads\/2024\/12\/C74DD21A-5B0C-4240-BB51-DBD95F9582F0_1_201_a-800x450.jpeg 800w, https:\/\/feuerwehrwoerth.de\/wp-content\/uploads\/2024\/12\/C74DD21A-5B0C-4240-BB51-DBD95F9582F0_1_201_a-1280x720.jpeg 1280w, https:\/\/feuerwehrwoerth.de\/wp-content\/uploads\/2024\/12\/C74DD21A-5B0C-4240-BB51-DBD95F9582F0_1_201_a.jpeg 1536w\" sizes=\"auto, (max-width: 1024px) 100vw, 1024px\" \/><\/figure>\n<\/div>","protected":false},"author":2,"featured_media":2878,"template":"","meta":{"advgb_blocks_editor_width":"","advgb_blocks_columns_visual_guide":"","ngg_post_thumbnail":0,"einsatz_weight":1,"footnotes":""},"categories":[],"einsatzart":[5],"fahrzeug":[15,16,20,21,25,29,133],"exteinsatzmittel":[9,10],"alarmierungsart":[],"evw_unit":[43,45,46],"class_list":["post-6411","einsatz","type-einsatz","status-publish","has-post-thumbnail","hentry","einsatzart-technische-hilfeleistung","fahrzeug-elw-1","fahrzeug-hlf-10-10","fahrzeug-mzb","fahrzeug-wlf-kran","fahrzeug-tlf-16-25-schaidt","fahrzeug-mtf-buechelberg","fahrzeug-hlf10-buechelberg","exteinsatzmittel-polizei","exteinsatzmittel-rettungsdienst","evw_unit-woerth-am-rhein","evw_unit-schaidt","evw_unit-buechelberg"],"featured_img":"https:\/\/feuerwehrwoerth.de\/wp-content\/uploads\/2022\/01\/verkehrsunfall_artikelbild-e1681295383770.jpg","coauthors":[],"author_meta":{"author_link":"https:\/\/feuerwehrwoerth.de\/index.php\/author\/tobias\/","display_name":"Tobias"},"relative_dates":{"created":"Posted 1\u00a0Jahr ago","modified":"Updated 1\u00a0Jahr ago"},"absolute_dates":{"created":"Posted on 28. November 2024","modified":"Updated on 1. Dezember 2024"},"absolute_dates_time":{"created":"Posted on 28. November 2024 11:29","modified":"Updated on 1. Dezember 2024 16:08"},"featured_img_caption":"","tax_additional":{"category":{"linked":[],"unlinked":[],"slug":"category","name":"Kategorien"},"einsatzart":{"linked":["<a href=\"https:\/\/feuerwehrwoerth.de\/index.php\/einsatzart\/technische-hilfeleistung\/\" class=\"advgb-post-tax-term\">Technische Hilfeleistung<\/a>"],"unlinked":["<span class=\"advgb-post-tax-term\">Technische Hilfeleistung<\/span>"],"slug":"einsatzart","name":"Einsatzarten"},"fahrzeug":{"linked":["<a href=\"https:\/\/feuerwehrwoerth.de\/index.php\/fahrzeug\/elw-1\/\" class=\"advgb-post-tax-term\">1\/11 (ELW 1)<\/a>","<a href=\"https:\/\/feuerwehrwoerth.de\/index.php\/fahrzeug\/hlf-10-10\/\" class=\"advgb-post-tax-term\">1\/45 (HLF 10\/10)<\/a>","<a href=\"https:\/\/feuerwehrwoerth.de\/index.php\/fahrzeug\/mzb\/\" class=\"advgb-post-tax-term\">1\/79 (MZB)<\/a>","<a href=\"https:\/\/feuerwehrwoerth.de\/index.php\/fahrzeug\/wlf-kran\/\" class=\"advgb-post-tax-term\">1\/66 (WLF-Kran)<\/a>","<a href=\"https:\/\/feuerwehrwoerth.de\/index.php\/fahrzeug\/tlf-16-25-schaidt\/\" class=\"advgb-post-tax-term\">3\/23 (TLF 16\/25)<\/a>","<a href=\"https:\/\/feuerwehrwoerth.de\/index.php\/fahrzeug\/mtf-buechelberg\/\" class=\"advgb-post-tax-term\">4\/19 (MTF)<\/a>","<a href=\"https:\/\/feuerwehrwoerth.de\/index.php\/fahrzeug\/hlf10-buechelberg\/\" class=\"advgb-post-tax-term\">4\/45 (HLF 10)<\/a>"],"unlinked":["<span class=\"advgb-post-tax-term\">1\/11 (ELW 1)<\/span>","<span class=\"advgb-post-tax-term\">1\/45 (HLF 10\/10)<\/span>","<span class=\"advgb-post-tax-term\">1\/79 (MZB)<\/span>","<span class=\"advgb-post-tax-term\">1\/66 (WLF-Kran)<\/span>","<span class=\"advgb-post-tax-term\">3\/23 (TLF 16\/25)<\/span>","<span class=\"advgb-post-tax-term\">4\/19 (MTF)<\/span>","<span class=\"advgb-post-tax-term\">4\/45 (HLF 10)<\/span>"],"slug":"fahrzeug","name":"Fahrzeuge"},"exteinsatzmittel":{"linked":["<a href=\"https:\/\/feuerwehrwoerth.de\/index.php\/externe-einsatzmittel\/polizei\/\" class=\"advgb-post-tax-term\">Polizei<\/a>","<a href=\"https:\/\/feuerwehrwoerth.de\/index.php\/externe-einsatzmittel\/rettungsdienst\/\" class=\"advgb-post-tax-term\">Rettungsdienst<\/a>"],"unlinked":["<span class=\"advgb-post-tax-term\">Polizei<\/span>","<span class=\"advgb-post-tax-term\">Rettungsdienst<\/span>"],"slug":"exteinsatzmittel","name":"Externe Einsatzmittel"},"alarmierungsart":{"linked":[],"unlinked":[],"slug":"alarmierungsart","name":"Alarmierungsarten"},"evw_unit":{"linked":["<a href=\"https:\/\/feuerwehrwoerth.de\/index.php\/evw_unit\/woerth-am-rhein\/\" class=\"advgb-post-tax-term\">W\u00f6rth<\/a>","<a href=\"https:\/\/feuerwehrwoerth.de\/index.php\/evw_unit\/schaidt\/\" class=\"advgb-post-tax-term\">Schaidt<\/a>","<a href=\"https:\/\/feuerwehrwoerth.de\/index.php\/evw_unit\/buechelberg\/\" class=\"advgb-post-tax-term\">B\u00fcchelberg<\/a>"],"unlinked":["<span class=\"advgb-post-tax-term\">W\u00f6rth<\/span>","<span class=\"advgb-post-tax-term\">Schaidt<\/span>","<span class=\"advgb-post-tax-term\">B\u00fcchelberg<\/span>"],"slug":"evw_unit","name":"Einheiten"}},"series_order":"","jetpack_sharing_enabled":true,"_links":{"self":[{"href":"https:\/\/feuerwehrwoerth.de\/index.php\/wp-json\/wp\/v2\/einsatz\/6411","targetHints":{"allow":["GET"]}}],"collection":[{"href":"https:\/\/feuerwehrwoerth.de\/index.php\/wp-json\/wp\/v2\/einsatz"}],"about":[{"href":"https:\/\/feuerwehrwoerth.de\/index.php\/wp-json\/wp\/v2\/types\/einsatz"}],"author":[{"embeddable":true,"href":"https:\/\/feuerwehrwoerth.de\/index.php\/wp-json\/wp\/v2\/users\/2"}],"version-history":[{"count":1,"href":"https:\/\/feuerwehrwoerth.de\/index.php\/wp-json\/wp\/v2\/einsatz\/6411\/revisions"}],"predecessor-version":[{"id":6413,"href":"https:\/\/feuerwehrwoerth.de\/index.php\/wp-json\/wp\/v2\/einsatz\/6411\/revisions\/6413"}],"wp:featuredmedia":[{"embeddable":true,"href":"https:\/\/feuerwehrwoerth.de\/index.php\/wp-json\/wp\/v2\/media\/2878"}],"wp:attachment":[{"href":"https:\/\/feuerwehrwoerth.de\/index.php\/wp-json\/wp\/v2\/media?parent=6411"}],"wp:term":[{"taxonomy":"category","embeddable":true,"href":"https:\/\/feuerwehrwoerth.de\/index.php\/wp-json\/wp\/v2\/categories?post=6411"},{"taxonomy":"einsatzart","embeddable":true,"href":"https:\/\/feuerwehrwoerth.de\/index.php\/wp-json\/wp\/v2\/einsatzart?post=6411"},{"taxonomy":"fahrzeug","embeddable":true,"href":"https:\/\/feuerwehrwoerth.de\/index.php\/wp-json\/wp\/v2\/fahrzeug?post=6411"},{"taxonomy":"exteinsatzmittel","embeddable":true,"href":"https:\/\/feuerwehrwoerth.de\/index.php\/wp-json\/wp\/v2\/exteinsatzmittel?post=6411"},{"taxonomy":"alarmierungsart","embeddable":true,"href":"https:\/\/feuerwehrwoerth.de\/index.php\/wp-json\/wp\/v2\/alarmierungsart?post=6411"},{"taxonomy":"evw_unit","embeddable":true,"href":"https:\/\/feuerwehrwoerth.de\/index.php\/wp-json\/wp\/v2\/evw_unit?post=6411"}],"curies":[{"name":"wp","href":"https:\/\/api.w.org\/{rel}","templated":true}]}}

<p>Zusammen mit unseren Kameraden aus Schaidt, Büchelberg und Scheibenhardt wurden wir mit dem Stichwort &#8222;Person in Zwangslage &#8211; Fahrzeug droht umzukippen&#8220; auf die Bundesstraße 9 zwischen dem Langenberg und Büchelberg alarmiert. Nach einem missglückten Wendemanöver war der Fahrer mit seinem Fahrzeug in einen Graben geraten, worauf hin jenes umzustürzen drohte. Kurz nach dem Eintreffen der Büchelberger Einsatzkräfte konnten zwei Personen aus ihrer Zwangslage im Fahrzeug befreit werden. Weitere Maßnahmen waren durch uns keine nötig.</p>


<div class="wp-block-image">
<figure class="aligncenter size-large is-resized"><img loading="lazy" decoding="async" width="1024" height="576" src="https://feuerwehrwoerth.de/wp-content/uploads/2024/12/C74DD21A-5B0C-4240-BB51-DBD95F9582F0_1_201_a-1024x576.jpeg" alt="" class="wp-image-6412" style="width:683px;height:auto" srcset="https://feuerwehrwoerth.de/wp-content/uploads/2024/12/C74DD21A-5B0C-4240-BB51-DBD95F9582F0_1_201_a-1024x576.jpeg 1024w, https://feuerwehrwoerth.de/wp-content/uploads/2024/12/C74DD21A-5B0C-4240-BB51-DBD95F9582F0_1_201_a-300x169.jpeg 300w, https://feuerwehrwoerth.de/wp-content/uploads/2024/12/C74DD21A-5B0C-4240-BB51-DBD95F9582F0_1_201_a-768x432.jpeg 768w, https://feuerwehrwoerth.de/wp-content/uploads/2024/12/C74DD21A-5B0C-4240-BB51-DBD95F9582F0_1_201_a-500x281.jpeg 500w, https://feuerwehrwoerth.de/wp-content/uploads/2024/12/C74DD21A-5B0C-4240-BB51-DBD95F9582F0_1_201_a-800x450.jpeg 800w, https://feuerwehrwoerth.de/wp-content/uploads/2024/12/C74DD21A-5B0C-4240-BB51-DBD95F9582F0_1_201_a-1280x720.jpeg 1280w, https://feuerwehrwoerth.de/wp-content/uploads/2024/12/C74DD21A-5B0C-4240-BB51-DBD95F9582F0_1_201_a.jpeg 1536w" sizes="auto, (max-width: 1024px) 100vw, 1024px" /></figure>
</div>

<a href="https://feuerwehrwoerth.de/index.php/evw_unit/woerth-am-rhein/" class="advgb-post-tax-term">Wörth</a>

<a href="https://feuerwehrwoerth.de/index.php/evw_unit/buechelberg/" class="advgb-post-tax-term">Büchelberg</a>

<span class="advgb-post-tax-term">Wörth</span>

<span class="advgb-post-tax-term">Büchelberg</span>
