{"id":7579,"date":"2025-09-04T04:54:00","date_gmt":"2025-09-04T02:54:00","guid":{"rendered":"https:\/\/feuerwehrwoerth.de\/?post_type=einsatz&#038;p=7579"},"modified":"2025-09-04T18:15:38","modified_gmt":"2025-09-04T16:15:38","slug":"tuer-oeffnen-dringend","status":"publish","type":"einsatz","link":"https:\/\/feuerwehrwoerth.de\/index.php\/einsatzberichte\/tuer-oeffnen-dringend\/","title":{"rendered":"T\u00fcr \u00f6ffnen dringend"},"content":{"rendered":"\n<p><br>Auf Anforderung der Polizei wurden wir zu einer Notfallt\u00fcr\u00f6ffnung alarmiert. Ein Bewohner ben\u00f6tigte dringend \u00e4rztliche Hilfe, konnte die Wohnung jedoch nicht mehr selbstst\u00e4ndig verlassen. Wir verschafften zerst\u00f6rungsfrei Zugang und \u00fcbergaben den Bewohner an den Rettungsdienst.<\/p>\n","protected":false},"author":5,"featured_media":2877,"template":"","meta":{"advgb_blocks_editor_width":"","advgb_blocks_columns_visual_guide":"","ngg_post_thumbnail":0,"einsatz_weight":1,"footnotes":""},"categories":[],"einsatzart":[5],"fahrzeug":[16,48,15],"exteinsatzmittel":[10,9],"alarmierungsart":[],"evw_unit":[43],"class_list":["post-7579","einsatz","type-einsatz","status-publish","has-post-thumbnail","hentry","einsatzart-technische-hilfeleistung","fahrzeug-hlf-10-10","fahrzeug-fez","fahrzeug-elw-1","exteinsatzmittel-rettungsdienst","exteinsatzmittel-polizei","evw_unit-woerth-am-rhein"],"featured_img":"https:\/\/feuerwehrwoerth.de\/wp-content\/uploads\/2022\/01\/tueroeffnung_artikelbild-e1681295436454.jpg","coauthors":[],"author_meta":{"author_link":"https:\/\/feuerwehrwoerth.de\/index.php\/author\/einsatz\/","display_name":"Ein Satz"},"relative_dates":{"created":"Posted 8\u00a0Monaten ago","modified":"Updated 8\u00a0Monaten ago"},"absolute_dates":{"created":"Posted on 4. September 2025","modified":"Updated on 4. September 2025"},"absolute_dates_time":{"created":"Posted on 4. September 2025 4:54","modified":"Updated on 4. September 2025 18:15"},"featured_img_caption":"","tax_additional":{"category":{"linked":[],"unlinked":[],"slug":"category","name":"Kategorien"},"einsatzart":{"linked":["<a href=\"https:\/\/feuerwehrwoerth.de\/index.php\/einsatzart\/technische-hilfeleistung\/\" class=\"advgb-post-tax-term\">Technische Hilfeleistung<\/a>"],"unlinked":["<span class=\"advgb-post-tax-term\">Technische Hilfeleistung<\/span>"],"slug":"einsatzart","name":"Einsatzarten"},"fahrzeug":{"linked":["<a href=\"https:\/\/feuerwehrwoerth.de\/index.php\/fahrzeug\/hlf-10-10\/\" class=\"advgb-post-tax-term\">1\/45 (HLF 10\/10)<\/a>","<a href=\"https:\/\/feuerwehrwoerth.de\/index.php\/fahrzeug\/fez\/\" class=\"advgb-post-tax-term\">FEZ<\/a>","<a href=\"https:\/\/feuerwehrwoerth.de\/index.php\/fahrzeug\/elw-1\/\" class=\"advgb-post-tax-term\">1\/11 (ELW 1)<\/a>"],"unlinked":["<span class=\"advgb-post-tax-term\">1\/45 (HLF 10\/10)<\/span>","<span class=\"advgb-post-tax-term\">FEZ<\/span>","<span class=\"advgb-post-tax-term\">1\/11 (ELW 1)<\/span>"],"slug":"fahrzeug","name":"Fahrzeuge"},"exteinsatzmittel":{"linked":["<a href=\"https:\/\/feuerwehrwoerth.de\/index.php\/externe-einsatzmittel\/rettungsdienst\/\" class=\"advgb-post-tax-term\">Rettungsdienst<\/a>","<a href=\"https:\/\/feuerwehrwoerth.de\/index.php\/externe-einsatzmittel\/polizei\/\" class=\"advgb-post-tax-term\">Polizei<\/a>"],"unlinked":["<span class=\"advgb-post-tax-term\">Rettungsdienst<\/span>","<span class=\"advgb-post-tax-term\">Polizei<\/span>"],"slug":"exteinsatzmittel","name":"Externe Einsatzmittel"},"alarmierungsart":{"linked":[],"unlinked":[],"slug":"alarmierungsart","name":"Alarmierungsarten"},"evw_unit":{"linked":["<a href=\"https:\/\/feuerwehrwoerth.de\/index.php\/evw_unit\/woerth-am-rhein\/\" class=\"advgb-post-tax-term\">W\u00f6rth<\/a>"],"unlinked":["<span class=\"advgb-post-tax-term\">W\u00f6rth<\/span>"],"slug":"evw_unit","name":"Einheiten"}},"series_order":"","jetpack_sharing_enabled":true,"_links":{"self":[{"href":"https:\/\/feuerwehrwoerth.de\/index.php\/wp-json\/wp\/v2\/einsatz\/7579","targetHints":{"allow":["GET"]}}],"collection":[{"href":"https:\/\/feuerwehrwoerth.de\/index.php\/wp-json\/wp\/v2\/einsatz"}],"about":[{"href":"https:\/\/feuerwehrwoerth.de\/index.php\/wp-json\/wp\/v2\/types\/einsatz"}],"author":[{"embeddable":true,"href":"https:\/\/feuerwehrwoerth.de\/index.php\/wp-json\/wp\/v2\/users\/5"}],"version-history":[{"count":1,"href":"https:\/\/feuerwehrwoerth.de\/index.php\/wp-json\/wp\/v2\/einsatz\/7579\/revisions"}],"predecessor-version":[{"id":7591,"href":"https:\/\/feuerwehrwoerth.de\/index.php\/wp-json\/wp\/v2\/einsatz\/7579\/revisions\/7591"}],"wp:featuredmedia":[{"embeddable":true,"href":"https:\/\/feuerwehrwoerth.de\/index.php\/wp-json\/wp\/v2\/media\/2877"}],"wp:attachment":[{"href":"https:\/\/feuerwehrwoerth.de\/index.php\/wp-json\/wp\/v2\/media?parent=7579"}],"wp:term":[{"taxonomy":"category","embeddable":true,"href":"https:\/\/feuerwehrwoerth.de\/index.php\/wp-json\/wp\/v2\/categories?post=7579"},{"taxonomy":"einsatzart","embeddable":true,"href":"https:\/\/feuerwehrwoerth.de\/index.php\/wp-json\/wp\/v2\/einsatzart?post=7579"},{"taxonomy":"fahrzeug","embeddable":true,"href":"https:\/\/feuerwehrwoerth.de\/index.php\/wp-json\/wp\/v2\/fahrzeug?post=7579"},{"taxonomy":"exteinsatzmittel","embeddable":true,"href":"https:\/\/feuerwehrwoerth.de\/index.php\/wp-json\/wp\/v2\/exteinsatzmittel?post=7579"},{"taxonomy":"alarmierungsart","embeddable":true,"href":"https:\/\/feuerwehrwoerth.de\/index.php\/wp-json\/wp\/v2\/alarmierungsart?post=7579"},{"taxonomy":"evw_unit","embeddable":true,"href":"https:\/\/feuerwehrwoerth.de\/index.php\/wp-json\/wp\/v2\/evw_unit?post=7579"}],"curies":[{"name":"wp","href":"https:\/\/api.w.org\/{rel}","templated":true}]}}

Tür öffnen dringend

<p><br>Auf Anforderung der Polizei wurden wir zu einer Notfalltüröffnung alarmiert. Ein Bewohner benötigte dringend ärztliche Hilfe, konnte die Wohnung jedoch nicht mehr selbstständig verlassen. Wir verschafften zerstörungsfrei Zugang und übergaben den Bewohner an den Rettungsdienst.</p>

<a href="https://feuerwehrwoerth.de/index.php/evw_unit/woerth-am-rhein/" class="advgb-post-tax-term">Wörth</a>

<span class="advgb-post-tax-term">Wörth</span>
