{"id":7729,"date":"2025-10-04T11:50:00","date_gmt":"2025-10-04T09:50:00","guid":{"rendered":"https:\/\/feuerwehrwoerth.de\/?post_type=einsatz&#038;p=7729"},"modified":"2025-10-04T22:20:11","modified_gmt":"2025-10-04T20:20:11","slug":"baum-auf-fahrbahn-unwetter","status":"publish","type":"einsatz","link":"https:\/\/feuerwehrwoerth.de\/index.php\/einsatzberichte\/baum-auf-fahrbahn-unwetter\/","title":{"rendered":"Baum auf Fahrbahn (Unwetter)"},"content":{"rendered":"\n<p>Heute wurden wir gemeinsam mit den Kameraden aus B\u00fcchelberg auf die B9 zwischen B\u00fcchelberg und der franz\u00f6sischen Grenze alarmiert. Aufgrund des Unwetters war dort ein Baum auf die Fahrbahn gest\u00fcrzt und hatte dabei zwei Pkw getroffen. Gl\u00fccklicherweise blieben alle Insassen unverletzt.<\/p>\n\n\n\n<p>Der Baum wurde durch vereinte Kr\u00e4fte mit Motors\u00e4gen zerkleinert und von der Fahrbahn entfernt. Im Anschluss \u00fcbernahm der Landesbetrieb Mobilit\u00e4t (LBM) die Einsatzstelle, reinigte die Fahrbahn und gab sie nach Abschluss der Arbeiten wieder f\u00fcr den Verkehr frei.<\/p>\n","protected":false},"author":5,"featured_media":3269,"template":"","meta":{"advgb_blocks_editor_width":"","advgb_blocks_columns_visual_guide":"","ngg_post_thumbnail":0,"einsatz_weight":1,"footnotes":""},"categories":[],"einsatzart":[5],"fahrzeug":[29,48,133,16],"exteinsatzmittel":[10,66,9],"alarmierungsart":[],"evw_unit":[46,43],"class_list":["post-7729","einsatz","type-einsatz","status-publish","has-post-thumbnail","hentry","einsatzart-technische-hilfeleistung","fahrzeug-mtf-buechelberg","fahrzeug-fez","fahrzeug-hlf10-buechelberg","fahrzeug-hlf-10-10","exteinsatzmittel-rettungsdienst","exteinsatzmittel-lbm","exteinsatzmittel-polizei","evw_unit-buechelberg","evw_unit-woerth-am-rhein"],"featured_img":"https:\/\/feuerwehrwoerth.de\/wp-content\/uploads\/2022\/02\/sturm_artikelbild-e1681295236136.jpg","coauthors":[],"author_meta":{"author_link":"https:\/\/feuerwehrwoerth.de\/index.php\/author\/einsatz\/","display_name":"Ein Satz"},"relative_dates":{"created":"Posted 7\u00a0Monaten ago","modified":"Updated 7\u00a0Monaten ago"},"absolute_dates":{"created":"Posted on 4. Oktober 2025","modified":"Updated on 4. Oktober 2025"},"absolute_dates_time":{"created":"Posted on 4. Oktober 2025 11:50","modified":"Updated on 4. Oktober 2025 22:20"},"featured_img_caption":"","tax_additional":{"category":{"linked":[],"unlinked":[],"slug":"category","name":"Kategorien"},"einsatzart":{"linked":["<a href=\"https:\/\/feuerwehrwoerth.de\/index.php\/einsatzart\/technische-hilfeleistung\/\" class=\"advgb-post-tax-term\">Technische Hilfeleistung<\/a>"],"unlinked":["<span class=\"advgb-post-tax-term\">Technische Hilfeleistung<\/span>"],"slug":"einsatzart","name":"Einsatzarten"},"fahrzeug":{"linked":["<a href=\"https:\/\/feuerwehrwoerth.de\/index.php\/fahrzeug\/mtf-buechelberg\/\" class=\"advgb-post-tax-term\">4\/19 (MTF)<\/a>","<a href=\"https:\/\/feuerwehrwoerth.de\/index.php\/fahrzeug\/fez\/\" class=\"advgb-post-tax-term\">FEZ<\/a>","<a href=\"https:\/\/feuerwehrwoerth.de\/index.php\/fahrzeug\/hlf10-buechelberg\/\" class=\"advgb-post-tax-term\">4\/45 (HLF 10)<\/a>","<a href=\"https:\/\/feuerwehrwoerth.de\/index.php\/fahrzeug\/hlf-10-10\/\" class=\"advgb-post-tax-term\">1\/45 (HLF 10\/10)<\/a>"],"unlinked":["<span class=\"advgb-post-tax-term\">4\/19 (MTF)<\/span>","<span class=\"advgb-post-tax-term\">FEZ<\/span>","<span class=\"advgb-post-tax-term\">4\/45 (HLF 10)<\/span>","<span class=\"advgb-post-tax-term\">1\/45 (HLF 10\/10)<\/span>"],"slug":"fahrzeug","name":"Fahrzeuge"},"exteinsatzmittel":{"linked":["<a href=\"https:\/\/feuerwehrwoerth.de\/index.php\/externe-einsatzmittel\/rettungsdienst\/\" class=\"advgb-post-tax-term\">Rettungsdienst<\/a>","<a href=\"https:\/\/feuerwehrwoerth.de\/index.php\/externe-einsatzmittel\/lbm\/\" class=\"advgb-post-tax-term\">LBM<\/a>","<a href=\"https:\/\/feuerwehrwoerth.de\/index.php\/externe-einsatzmittel\/polizei\/\" class=\"advgb-post-tax-term\">Polizei<\/a>"],"unlinked":["<span class=\"advgb-post-tax-term\">Rettungsdienst<\/span>","<span class=\"advgb-post-tax-term\">LBM<\/span>","<span class=\"advgb-post-tax-term\">Polizei<\/span>"],"slug":"exteinsatzmittel","name":"Externe Einsatzmittel"},"alarmierungsart":{"linked":[],"unlinked":[],"slug":"alarmierungsart","name":"Alarmierungsarten"},"evw_unit":{"linked":["<a href=\"https:\/\/feuerwehrwoerth.de\/index.php\/evw_unit\/buechelberg\/\" class=\"advgb-post-tax-term\">B\u00fcchelberg<\/a>","<a href=\"https:\/\/feuerwehrwoerth.de\/index.php\/evw_unit\/woerth-am-rhein\/\" class=\"advgb-post-tax-term\">W\u00f6rth<\/a>"],"unlinked":["<span class=\"advgb-post-tax-term\">B\u00fcchelberg<\/span>","<span class=\"advgb-post-tax-term\">W\u00f6rth<\/span>"],"slug":"evw_unit","name":"Einheiten"}},"series_order":"","jetpack_sharing_enabled":true,"_links":{"self":[{"href":"https:\/\/feuerwehrwoerth.de\/index.php\/wp-json\/wp\/v2\/einsatz\/7729","targetHints":{"allow":["GET"]}}],"collection":[{"href":"https:\/\/feuerwehrwoerth.de\/index.php\/wp-json\/wp\/v2\/einsatz"}],"about":[{"href":"https:\/\/feuerwehrwoerth.de\/index.php\/wp-json\/wp\/v2\/types\/einsatz"}],"author":[{"embeddable":true,"href":"https:\/\/feuerwehrwoerth.de\/index.php\/wp-json\/wp\/v2\/users\/5"}],"version-history":[{"count":1,"href":"https:\/\/feuerwehrwoerth.de\/index.php\/wp-json\/wp\/v2\/einsatz\/7729\/revisions"}],"predecessor-version":[{"id":7736,"href":"https:\/\/feuerwehrwoerth.de\/index.php\/wp-json\/wp\/v2\/einsatz\/7729\/revisions\/7736"}],"wp:featuredmedia":[{"embeddable":true,"href":"https:\/\/feuerwehrwoerth.de\/index.php\/wp-json\/wp\/v2\/media\/3269"}],"wp:attachment":[{"href":"https:\/\/feuerwehrwoerth.de\/index.php\/wp-json\/wp\/v2\/media?parent=7729"}],"wp:term":[{"taxonomy":"category","embeddable":true,"href":"https:\/\/feuerwehrwoerth.de\/index.php\/wp-json\/wp\/v2\/categories?post=7729"},{"taxonomy":"einsatzart","embeddable":true,"href":"https:\/\/feuerwehrwoerth.de\/index.php\/wp-json\/wp\/v2\/einsatzart?post=7729"},{"taxonomy":"fahrzeug","embeddable":true,"href":"https:\/\/feuerwehrwoerth.de\/index.php\/wp-json\/wp\/v2\/fahrzeug?post=7729"},{"taxonomy":"exteinsatzmittel","embeddable":true,"href":"https:\/\/feuerwehrwoerth.de\/index.php\/wp-json\/wp\/v2\/exteinsatzmittel?post=7729"},{"taxonomy":"alarmierungsart","embeddable":true,"href":"https:\/\/feuerwehrwoerth.de\/index.php\/wp-json\/wp\/v2\/alarmierungsart?post=7729"},{"taxonomy":"evw_unit","embeddable":true,"href":"https:\/\/feuerwehrwoerth.de\/index.php\/wp-json\/wp\/v2\/evw_unit?post=7729"}],"curies":[{"name":"wp","href":"https:\/\/api.w.org\/{rel}","templated":true}]}}

<p>Heute wurden wir gemeinsam mit den Kameraden aus Büchelberg auf die B9 zwischen Büchelberg und der französischen Grenze alarmiert. Aufgrund des Unwetters war dort ein Baum auf die Fahrbahn gestürzt und hatte dabei zwei Pkw getroffen. Glücklicherweise blieben alle Insassen unverletzt.</p>



<p>Der Baum wurde durch vereinte Kräfte mit Motorsägen zerkleinert und von der Fahrbahn entfernt. Im Anschluss übernahm der Landesbetrieb Mobilität (LBM) die Einsatzstelle, reinigte die Fahrbahn und gab sie nach Abschluss der Arbeiten wieder für den Verkehr frei.</p>

<a href="https://feuerwehrwoerth.de/index.php/evw_unit/buechelberg/" class="advgb-post-tax-term">Büchelberg</a>

<a href="https://feuerwehrwoerth.de/index.php/evw_unit/woerth-am-rhein/" class="advgb-post-tax-term">Wörth</a>

<span class="advgb-post-tax-term">Büchelberg</span>

<span class="advgb-post-tax-term">Wörth</span>
