{"id":7891,"date":"2025-12-06T22:29:00","date_gmt":"2025-12-06T21:29:00","guid":{"rendered":"https:\/\/feuerwehrwoerth.de\/?post_type=einsatz&#038;p=7891"},"modified":"2025-12-08T13:53:13","modified_gmt":"2025-12-08T12:53:13","slug":"wasserrettung-2","status":"publish","type":"einsatz","link":"https:\/\/feuerwehrwoerth.de\/index.php\/einsatzberichte\/wasserrettung-2\/","title":{"rendered":"Wasserrettung"},"content":{"rendered":"\n<p>Am sp\u00e4ten Samstagabend st\u00fcrzte im Bereich der Rheinf\u00e4hre Neuburg \u2013 Neuburgweiher, auf badischer Seite, aus bislang ungekl\u00e4rter Ursache ein Fahrzeug in den Rhein.<\/p>\n\n\n\n<p>Augenzeugen hatten umgehend den Notruf abgesetzt, woraufhin die Leitstellen f\u00fcr beide Rheinseiten einen \u201eRheinalarm\u201c ausl\u00f6sten. Dies f\u00fchrte zu einem Gro\u00dfeinsatz von Feuerwehren, Rettungsdienst, DLRG und Wasserwacht sowie der Polizei. Da sich die Einsatzstelle auf Baden-W\u00fcrttembergischer Seite befand und das Fahrzeug bereits unter Wasser gegangen war, unterst\u00fctzten wir gemeinsam mit anderen Booten aus dem Landkreis Germersheim die Arbeiten an der Ungl\u00fccksstelle w\u00e4hrend an Land Rettungskr\u00e4fte f\u00fcr m\u00f6gliche weitere Verletzte bereitstanden. Der verunfallte PKW konnte zwar unter Wasser lokalisiert werden, eine Bergung der verstobenen Person war aber aufgrund der starken Str\u00f6mung in diesem Bereich in der Nacht nicht mehr m\u00f6glich. Nach R\u00fccksprache mit der \u00f6rtlichen Einsatzleitung wurden die Rettungsmittel auf der pf\u00e4lzischen Seite wieder aus dem Einsatz entlassen.<\/p>\n\n\n\n<p>Im Einsatz waren weit \u00fcber 100 Einsatzkr\u00e4fte der verschiedenen Hilfsorganisationen auf beiden Rheinseiten.<\/p>\n","protected":false},"author":2,"featured_media":7892,"template":"","meta":{"advgb_blocks_editor_width":"","advgb_blocks_columns_visual_guide":"","ngg_post_thumbnail":0,"einsatz_weight":1,"footnotes":""},"categories":[],"einsatzart":[5],"fahrzeug":[48,193,15,16,20,21,22,23],"exteinsatzmittel":[9,10,52,207,208],"alarmierungsart":[],"evw_unit":[43,44],"class_list":["post-7891","einsatz","type-einsatz","status-publish","has-post-thumbnail","hentry","einsatzart-technische-hilfeleistung","fahrzeug-fez","fahrzeug-elw-1-kreis","fahrzeug-elw-1","fahrzeug-hlf-10-10","fahrzeug-mzb","fahrzeug-wlf-kran","fahrzeug-lf-10-6-maximiliansau","fahrzeug-mtf-maximiliansau","exteinsatzmittel-polizei","exteinsatzmittel-rettungsdienst","exteinsatzmittel-dlrg","exteinsatzmittel-feuerwehren-entlang-des-rheins","exteinsatzmittel-wasserwacht","evw_unit-woerth-am-rhein","evw_unit-maximiliansau"],"featured_img":"https:\/\/feuerwehrwoerth.de\/wp-content\/uploads\/2025\/12\/WhatsApp-Image-2025-12-07-at-19.45.29-copy.jpeg","coauthors":[],"author_meta":{"author_link":"https:\/\/feuerwehrwoerth.de\/index.php\/author\/tobias\/","display_name":"Tobias"},"relative_dates":{"created":"Posted 5\u00a0Monaten ago","modified":"Updated 5\u00a0Monaten ago"},"absolute_dates":{"created":"Posted on 6. Dezember 2025","modified":"Updated on 8. Dezember 2025"},"absolute_dates_time":{"created":"Posted on 6. Dezember 2025 22:29","modified":"Updated on 8. Dezember 2025 13:53"},"featured_img_caption":"","tax_additional":{"category":{"linked":[],"unlinked":[],"slug":"category","name":"Kategorien"},"einsatzart":{"linked":["<a href=\"https:\/\/feuerwehrwoerth.de\/index.php\/einsatzart\/technische-hilfeleistung\/\" class=\"advgb-post-tax-term\">Technische Hilfeleistung<\/a>"],"unlinked":["<span class=\"advgb-post-tax-term\">Technische Hilfeleistung<\/span>"],"slug":"einsatzart","name":"Einsatzarten"},"fahrzeug":{"linked":["<a href=\"https:\/\/feuerwehrwoerth.de\/index.php\/fahrzeug\/fez\/\" class=\"advgb-post-tax-term\">FEZ<\/a>","<a href=\"https:\/\/feuerwehrwoerth.de\/index.php\/fahrzeug\/elw-1-kreis\/\" class=\"advgb-post-tax-term\">GER-Kreis 11\/3 (ELW 1)<\/a>","<a href=\"https:\/\/feuerwehrwoerth.de\/index.php\/fahrzeug\/elw-1\/\" class=\"advgb-post-tax-term\">1\/11 (ELW 1)<\/a>","<a href=\"https:\/\/feuerwehrwoerth.de\/index.php\/fahrzeug\/hlf-10-10\/\" class=\"advgb-post-tax-term\">1\/45 (HLF 10\/10)<\/a>","<a href=\"https:\/\/feuerwehrwoerth.de\/index.php\/fahrzeug\/mzb\/\" class=\"advgb-post-tax-term\">1\/79 (MZB)<\/a>","<a href=\"https:\/\/feuerwehrwoerth.de\/index.php\/fahrzeug\/wlf-kran\/\" class=\"advgb-post-tax-term\">1\/66 (WLF-Kran)<\/a>","<a href=\"https:\/\/feuerwehrwoerth.de\/index.php\/fahrzeug\/lf-10-6-maximiliansau\/\" class=\"advgb-post-tax-term\">2\/44\/1 (LF 10\/6)<\/a>","<a href=\"https:\/\/feuerwehrwoerth.de\/index.php\/fahrzeug\/mtf-maximiliansau\/\" class=\"advgb-post-tax-term\">2\/19 (MTF)<\/a>"],"unlinked":["<span class=\"advgb-post-tax-term\">FEZ<\/span>","<span class=\"advgb-post-tax-term\">GER-Kreis 11\/3 (ELW 1)<\/span>","<span class=\"advgb-post-tax-term\">1\/11 (ELW 1)<\/span>","<span class=\"advgb-post-tax-term\">1\/45 (HLF 10\/10)<\/span>","<span class=\"advgb-post-tax-term\">1\/79 (MZB)<\/span>","<span class=\"advgb-post-tax-term\">1\/66 (WLF-Kran)<\/span>","<span class=\"advgb-post-tax-term\">2\/44\/1 (LF 10\/6)<\/span>","<span class=\"advgb-post-tax-term\">2\/19 (MTF)<\/span>"],"slug":"fahrzeug","name":"Fahrzeuge"},"exteinsatzmittel":{"linked":["<a href=\"https:\/\/feuerwehrwoerth.de\/index.php\/externe-einsatzmittel\/polizei\/\" class=\"advgb-post-tax-term\">Polizei<\/a>","<a href=\"https:\/\/feuerwehrwoerth.de\/index.php\/externe-einsatzmittel\/rettungsdienst\/\" class=\"advgb-post-tax-term\">Rettungsdienst<\/a>","<a href=\"https:\/\/feuerwehrwoerth.de\/index.php\/externe-einsatzmittel\/dlrg\/\" class=\"advgb-post-tax-term\">DLRG<\/a>","<a href=\"https:\/\/feuerwehrwoerth.de\/index.php\/externe-einsatzmittel\/feuerwehren-entlang-des-rheins\/\" class=\"advgb-post-tax-term\">Feuerwehren entlang des Rheins<\/a>","<a href=\"https:\/\/feuerwehrwoerth.de\/index.php\/externe-einsatzmittel\/wasserwacht\/\" class=\"advgb-post-tax-term\">Wasserwacht<\/a>"],"unlinked":["<span class=\"advgb-post-tax-term\">Polizei<\/span>","<span class=\"advgb-post-tax-term\">Rettungsdienst<\/span>","<span class=\"advgb-post-tax-term\">DLRG<\/span>","<span class=\"advgb-post-tax-term\">Feuerwehren entlang des Rheins<\/span>","<span class=\"advgb-post-tax-term\">Wasserwacht<\/span>"],"slug":"exteinsatzmittel","name":"Externe Einsatzmittel"},"alarmierungsart":{"linked":[],"unlinked":[],"slug":"alarmierungsart","name":"Alarmierungsarten"},"evw_unit":{"linked":["<a href=\"https:\/\/feuerwehrwoerth.de\/index.php\/evw_unit\/woerth-am-rhein\/\" class=\"advgb-post-tax-term\">W\u00f6rth<\/a>","<a href=\"https:\/\/feuerwehrwoerth.de\/index.php\/evw_unit\/maximiliansau\/\" class=\"advgb-post-tax-term\">Maximiliansau<\/a>"],"unlinked":["<span class=\"advgb-post-tax-term\">W\u00f6rth<\/span>","<span class=\"advgb-post-tax-term\">Maximiliansau<\/span>"],"slug":"evw_unit","name":"Einheiten"}},"series_order":"","jetpack_sharing_enabled":true,"_links":{"self":[{"href":"https:\/\/feuerwehrwoerth.de\/index.php\/wp-json\/wp\/v2\/einsatz\/7891","targetHints":{"allow":["GET"]}}],"collection":[{"href":"https:\/\/feuerwehrwoerth.de\/index.php\/wp-json\/wp\/v2\/einsatz"}],"about":[{"href":"https:\/\/feuerwehrwoerth.de\/index.php\/wp-json\/wp\/v2\/types\/einsatz"}],"author":[{"embeddable":true,"href":"https:\/\/feuerwehrwoerth.de\/index.php\/wp-json\/wp\/v2\/users\/2"}],"version-history":[{"count":2,"href":"https:\/\/feuerwehrwoerth.de\/index.php\/wp-json\/wp\/v2\/einsatz\/7891\/revisions"}],"predecessor-version":[{"id":7895,"href":"https:\/\/feuerwehrwoerth.de\/index.php\/wp-json\/wp\/v2\/einsatz\/7891\/revisions\/7895"}],"wp:featuredmedia":[{"embeddable":true,"href":"https:\/\/feuerwehrwoerth.de\/index.php\/wp-json\/wp\/v2\/media\/7892"}],"wp:attachment":[{"href":"https:\/\/feuerwehrwoerth.de\/index.php\/wp-json\/wp\/v2\/media?parent=7891"}],"wp:term":[{"taxonomy":"category","embeddable":true,"href":"https:\/\/feuerwehrwoerth.de\/index.php\/wp-json\/wp\/v2\/categories?post=7891"},{"taxonomy":"einsatzart","embeddable":true,"href":"https:\/\/feuerwehrwoerth.de\/index.php\/wp-json\/wp\/v2\/einsatzart?post=7891"},{"taxonomy":"fahrzeug","embeddable":true,"href":"https:\/\/feuerwehrwoerth.de\/index.php\/wp-json\/wp\/v2\/fahrzeug?post=7891"},{"taxonomy":"exteinsatzmittel","embeddable":true,"href":"https:\/\/feuerwehrwoerth.de\/index.php\/wp-json\/wp\/v2\/exteinsatzmittel?post=7891"},{"taxonomy":"alarmierungsart","embeddable":true,"href":"https:\/\/feuerwehrwoerth.de\/index.php\/wp-json\/wp\/v2\/alarmierungsart?post=7891"},{"taxonomy":"evw_unit","embeddable":true,"href":"https:\/\/feuerwehrwoerth.de\/index.php\/wp-json\/wp\/v2\/evw_unit?post=7891"}],"curies":[{"name":"wp","href":"https:\/\/api.w.org\/{rel}","templated":true}]}}

<p>Am späten Samstagabend stürzte im Bereich der Rheinfähre Neuburg – Neuburgweiher, auf badischer Seite, aus bislang ungeklärter Ursache ein Fahrzeug in den Rhein.</p>



<p>Augenzeugen hatten umgehend den Notruf abgesetzt, woraufhin die Leitstellen für beide Rheinseiten einen „Rheinalarm“ auslösten. Dies führte zu einem Großeinsatz von Feuerwehren, Rettungsdienst, DLRG und Wasserwacht sowie der Polizei. Da sich die Einsatzstelle auf Baden-Württembergischer Seite befand und das Fahrzeug bereits unter Wasser gegangen war, unterstützten wir gemeinsam mit anderen Booten aus dem Landkreis Germersheim die Arbeiten an der Unglücksstelle während an Land Rettungskräfte für mögliche weitere Verletzte bereitstanden. Der verunfallte PKW konnte zwar unter Wasser lokalisiert werden, eine Bergung der verstobenen Person war aber aufgrund der starken Strömung in diesem Bereich in der Nacht nicht mehr möglich. Nach Rücksprache mit der örtlichen Einsatzleitung wurden die Rettungsmittel auf der pfälzischen Seite wieder aus dem Einsatz entlassen.</p>



<p>Im Einsatz waren weit über 100 Einsatzkräfte der verschiedenen Hilfsorganisationen auf beiden Rheinseiten.</p>

<a href="https://feuerwehrwoerth.de/index.php/evw_unit/woerth-am-rhein/" class="advgb-post-tax-term">Wörth</a>

<span class="advgb-post-tax-term">Wörth</span>
