{"id":8130,"date":"2026-03-11T08:06:00","date_gmt":"2026-03-11T07:06:00","guid":{"rendered":"https:\/\/feuerwehrwoerth.de\/?post_type=einsatz&#038;p=8130"},"modified":"2026-03-11T14:43:40","modified_gmt":"2026-03-11T13:43:40","slug":"gefahrstoffeinsatz","status":"publish","type":"einsatz","link":"https:\/\/feuerwehrwoerth.de\/index.php\/einsatzberichte\/gefahrstoffeinsatz\/","title":{"rendered":"Gefahrstoffeinsatz Germersheim"},"content":{"rendered":"\n<p>Am 11.03. um 07:43 Uhr wurde die Feuerwehr Germersheim zu einem Einsatz am Tournuser Platz alarmiert. Grund der Alarmierung war ein unklarer Geruch in einem Geb\u00e4ude.<\/p>\n\n\n\n<p>Nach dem Eintreffen der Einsatzkr\u00e4fte wurde eine erste Erkundung durchgef\u00fchrt. Im weiteren Verlauf ging ein Trupp unter Chemikalienschutzanzug (CSA) zur Erkundung in das Geb\u00e4ude vor. Dabei stellte sich heraus, dass es im Untergeschoss des Geb\u00e4udes im Bereich der Aufbereitung zu einer Reaktion verschiedener Fl\u00fcssigkeiten in Kleinmengen gekommen war, wodurch der wahrgenommene Geruch entstanden war.<\/p>\n\n\n\n<p>Nach eingehender Pr\u00fcfung der Situation wurden entsprechende Ma\u00dfnahmen eingeleitet. Abschlie\u00dfend wurde ein Sp\u00fclvorgang durchgef\u00fchrt, um die betroffenen Bereiche zu reinigen und m\u00f6gliche R\u00fcckst\u00e4nde zu beseitigen.<\/p>\n\n\n\n<p>Der Einsatz wurde durch den Gefahrstoffzug des Landkreises Germersheim, Fachberater Chemie des GSZ, den Brand-und Katastrophenschutzinspekteur, die Polizei sowie die SEG begleitet. Es waren 61 Personen und 20 Fahrzeuge im Einsatz. Nach Abschluss der Ma\u00dfnahmen konnte der Einsatz beendet werden.<\/p>\n\n\n\n<p>Text: Presse und Medienteam der Feuerwehren des Landkreises Germersheim.<\/p>\n","protected":false},"author":2,"featured_media":2880,"template":"","meta":{"advgb_blocks_editor_width":"","advgb_blocks_columns_visual_guide":"","ngg_post_thumbnail":0,"einsatz_weight":1,"footnotes":""},"categories":[],"einsatzart":[6],"fahrzeug":[23,27,48,19],"exteinsatzmittel":[10,50,57,65,214,9],"alarmierungsart":[],"evw_unit":[44,45,43],"class_list":["post-8130","einsatz","type-einsatz","status-publish","has-post-thumbnail","hentry","einsatzart-gefahrstoffe","fahrzeug-mtf-maximiliansau","fahrzeug-mtf-schaidt","fahrzeug-fez","fahrzeug-gw-mess","exteinsatzmittel-rettungsdienst","exteinsatzmittel-feuerwehr-kandel","exteinsatzmittel-feuerwehr-ruelzheim","exteinsatzmittel-feuerwehr-germersheim","exteinsatzmittel-gefahrstoffzug-lk-ger","exteinsatzmittel-polizei","evw_unit-maximiliansau","evw_unit-schaidt","evw_unit-woerth-am-rhein"],"featured_img":"https:\/\/feuerwehrwoerth.de\/wp-content\/uploads\/2022\/01\/csa_artikelbild-e1681295331451.jpg","coauthors":[],"author_meta":{"author_link":"https:\/\/feuerwehrwoerth.de\/index.php\/author\/tobias\/","display_name":"Tobias"},"relative_dates":{"created":"Posted 2\u00a0Monaten ago","modified":"Updated 2\u00a0Monaten ago"},"absolute_dates":{"created":"Posted on 11. M\u00e4rz 2026","modified":"Updated on 11. M\u00e4rz 2026"},"absolute_dates_time":{"created":"Posted on 11. M\u00e4rz 2026 8:06","modified":"Updated on 11. M\u00e4rz 2026 14:43"},"featured_img_caption":"","tax_additional":{"category":{"linked":[],"unlinked":[],"slug":"category","name":"Kategorien"},"einsatzart":{"linked":["<a href=\"https:\/\/feuerwehrwoerth.de\/index.php\/einsatzart\/gefahrstoffe\/\" class=\"advgb-post-tax-term\">Gefahrstoffe<\/a>"],"unlinked":["<span class=\"advgb-post-tax-term\">Gefahrstoffe<\/span>"],"slug":"einsatzart","name":"Einsatzarten"},"fahrzeug":{"linked":["<a href=\"https:\/\/feuerwehrwoerth.de\/index.php\/fahrzeug\/mtf-maximiliansau\/\" class=\"advgb-post-tax-term\">2\/19 (MTF)<\/a>","<a href=\"https:\/\/feuerwehrwoerth.de\/index.php\/fahrzeug\/mtf-schaidt\/\" class=\"advgb-post-tax-term\">3\/19 (MTF)<\/a>","<a href=\"https:\/\/feuerwehrwoerth.de\/index.php\/fahrzeug\/fez\/\" class=\"advgb-post-tax-term\">FEZ<\/a>","<a href=\"https:\/\/feuerwehrwoerth.de\/index.php\/fahrzeug\/gw-mess\/\" class=\"advgb-post-tax-term\">GER-Kreis 53 (GW-Mess)<\/a>"],"unlinked":["<span class=\"advgb-post-tax-term\">2\/19 (MTF)<\/span>","<span class=\"advgb-post-tax-term\">3\/19 (MTF)<\/span>","<span class=\"advgb-post-tax-term\">FEZ<\/span>","<span class=\"advgb-post-tax-term\">GER-Kreis 53 (GW-Mess)<\/span>"],"slug":"fahrzeug","name":"Fahrzeuge"},"exteinsatzmittel":{"linked":["<a href=\"https:\/\/feuerwehrwoerth.de\/index.php\/externe-einsatzmittel\/rettungsdienst\/\" class=\"advgb-post-tax-term\">Rettungsdienst<\/a>","<a href=\"https:\/\/feuerwehrwoerth.de\/index.php\/externe-einsatzmittel\/feuerwehr-kandel\/\" class=\"advgb-post-tax-term\">Feuerwehr Kandel<\/a>","<a href=\"https:\/\/feuerwehrwoerth.de\/index.php\/externe-einsatzmittel\/feuerwehr-ruelzheim\/\" class=\"advgb-post-tax-term\">Feuerwehr R\u00fclzheim<\/a>","<a href=\"https:\/\/feuerwehrwoerth.de\/index.php\/externe-einsatzmittel\/feuerwehr-germersheim\/\" class=\"advgb-post-tax-term\">Feuerwehr Germersheim<\/a>","<a href=\"https:\/\/feuerwehrwoerth.de\/index.php\/externe-einsatzmittel\/gefahrstoffzug-lk-ger\/\" class=\"advgb-post-tax-term\">Gefahrstoffzug LK GER<\/a>","<a href=\"https:\/\/feuerwehrwoerth.de\/index.php\/externe-einsatzmittel\/polizei\/\" class=\"advgb-post-tax-term\">Polizei<\/a>"],"unlinked":["<span class=\"advgb-post-tax-term\">Rettungsdienst<\/span>","<span class=\"advgb-post-tax-term\">Feuerwehr Kandel<\/span>","<span class=\"advgb-post-tax-term\">Feuerwehr R\u00fclzheim<\/span>","<span class=\"advgb-post-tax-term\">Feuerwehr Germersheim<\/span>","<span class=\"advgb-post-tax-term\">Gefahrstoffzug LK GER<\/span>","<span class=\"advgb-post-tax-term\">Polizei<\/span>"],"slug":"exteinsatzmittel","name":"Externe Einsatzmittel"},"alarmierungsart":{"linked":[],"unlinked":[],"slug":"alarmierungsart","name":"Alarmierungsarten"},"evw_unit":{"linked":["<a href=\"https:\/\/feuerwehrwoerth.de\/index.php\/evw_unit\/maximiliansau\/\" class=\"advgb-post-tax-term\">Maximiliansau<\/a>","<a href=\"https:\/\/feuerwehrwoerth.de\/index.php\/evw_unit\/schaidt\/\" class=\"advgb-post-tax-term\">Schaidt<\/a>","<a href=\"https:\/\/feuerwehrwoerth.de\/index.php\/evw_unit\/woerth-am-rhein\/\" class=\"advgb-post-tax-term\">W\u00f6rth<\/a>"],"unlinked":["<span class=\"advgb-post-tax-term\">Maximiliansau<\/span>","<span class=\"advgb-post-tax-term\">Schaidt<\/span>","<span class=\"advgb-post-tax-term\">W\u00f6rth<\/span>"],"slug":"evw_unit","name":"Einheiten"}},"series_order":"","jetpack_sharing_enabled":true,"_links":{"self":[{"href":"https:\/\/feuerwehrwoerth.de\/index.php\/wp-json\/wp\/v2\/einsatz\/8130","targetHints":{"allow":["GET"]}}],"collection":[{"href":"https:\/\/feuerwehrwoerth.de\/index.php\/wp-json\/wp\/v2\/einsatz"}],"about":[{"href":"https:\/\/feuerwehrwoerth.de\/index.php\/wp-json\/wp\/v2\/types\/einsatz"}],"author":[{"embeddable":true,"href":"https:\/\/feuerwehrwoerth.de\/index.php\/wp-json\/wp\/v2\/users\/2"}],"version-history":[{"count":2,"href":"https:\/\/feuerwehrwoerth.de\/index.php\/wp-json\/wp\/v2\/einsatz\/8130\/revisions"}],"predecessor-version":[{"id":8132,"href":"https:\/\/feuerwehrwoerth.de\/index.php\/wp-json\/wp\/v2\/einsatz\/8130\/revisions\/8132"}],"wp:featuredmedia":[{"embeddable":true,"href":"https:\/\/feuerwehrwoerth.de\/index.php\/wp-json\/wp\/v2\/media\/2880"}],"wp:attachment":[{"href":"https:\/\/feuerwehrwoerth.de\/index.php\/wp-json\/wp\/v2\/media?parent=8130"}],"wp:term":[{"taxonomy":"category","embeddable":true,"href":"https:\/\/feuerwehrwoerth.de\/index.php\/wp-json\/wp\/v2\/categories?post=8130"},{"taxonomy":"einsatzart","embeddable":true,"href":"https:\/\/feuerwehrwoerth.de\/index.php\/wp-json\/wp\/v2\/einsatzart?post=8130"},{"taxonomy":"fahrzeug","embeddable":true,"href":"https:\/\/feuerwehrwoerth.de\/index.php\/wp-json\/wp\/v2\/fahrzeug?post=8130"},{"taxonomy":"exteinsatzmittel","embeddable":true,"href":"https:\/\/feuerwehrwoerth.de\/index.php\/wp-json\/wp\/v2\/exteinsatzmittel?post=8130"},{"taxonomy":"alarmierungsart","embeddable":true,"href":"https:\/\/feuerwehrwoerth.de\/index.php\/wp-json\/wp\/v2\/alarmierungsart?post=8130"},{"taxonomy":"evw_unit","embeddable":true,"href":"https:\/\/feuerwehrwoerth.de\/index.php\/wp-json\/wp\/v2\/evw_unit?post=8130"}],"curies":[{"name":"wp","href":"https:\/\/api.w.org\/{rel}","templated":true}]}}

<p>Am 11.03. um 07:43 Uhr wurde die Feuerwehr Germersheim zu einem Einsatz am Tournuser Platz alarmiert. Grund der Alarmierung war ein unklarer Geruch in einem Gebäude.</p>



<p>Nach dem Eintreffen der Einsatzkräfte wurde eine erste Erkundung durchgeführt. Im weiteren Verlauf ging ein Trupp unter Chemikalienschutzanzug (CSA) zur Erkundung in das Gebäude vor. Dabei stellte sich heraus, dass es im Untergeschoss des Gebäudes im Bereich der Aufbereitung zu einer Reaktion verschiedener Flüssigkeiten in Kleinmengen gekommen war, wodurch der wahrgenommene Geruch entstanden war.</p>



<p>Nach eingehender Prüfung der Situation wurden entsprechende Maßnahmen eingeleitet. Abschließend wurde ein Spülvorgang durchgeführt, um die betroffenen Bereiche zu reinigen und mögliche Rückstände zu beseitigen.</p>



<p>Der Einsatz wurde durch den Gefahrstoffzug des Landkreises Germersheim, Fachberater Chemie des GSZ, den Brand-und Katastrophenschutzinspekteur, die Polizei sowie die SEG begleitet. Es waren 61 Personen und 20 Fahrzeuge im Einsatz. Nach Abschluss der Maßnahmen konnte der Einsatz beendet werden.</p>



<p>Text: Presse und Medienteam der Feuerwehren des Landkreises Germersheim.</p>

Posted on 11. März 2026

Updated on 11. März 2026

Posted on 11. März 2026 8:06

Updated on 11. März 2026 14:43

<a href="https://feuerwehrwoerth.de/index.php/externe-einsatzmittel/feuerwehr-ruelzheim/" class="advgb-post-tax-term">Feuerwehr Rülzheim</a>

<span class="advgb-post-tax-term">Feuerwehr Rülzheim</span>

<a href="https://feuerwehrwoerth.de/index.php/evw_unit/woerth-am-rhein/" class="advgb-post-tax-term">Wörth</a>

<span class="advgb-post-tax-term">Wörth</span>
