{"id":8133,"date":"2026-03-11T18:30:00","date_gmt":"2026-03-11T17:30:00","guid":{"rendered":"https:\/\/feuerwehrwoerth.de\/?post_type=einsatz&#038;p=8133"},"modified":"2026-03-15T19:25:34","modified_gmt":"2026-03-15T18:25:34","slug":"brandsicherheitswache-115","status":"publish","type":"einsatz","link":"https:\/\/feuerwehrwoerth.de\/index.php\/einsatzberichte\/brandsicherheitswache-115\/","title":{"rendered":"Brandsicherheitswache"},"content":{"rendered":"\n<p>Wir f\u00fchrten eine Brandsicherheitswache bei einem Konzert in der Festhalle durch.<\/p>\n","protected":false},"author":2,"featured_media":3388,"template":"","meta":{"advgb_blocks_editor_width":"","advgb_blocks_columns_visual_guide":"","ngg_post_thumbnail":0,"einsatz_weight":1,"footnotes":""},"categories":[1],"einsatzart":[12],"fahrzeug":[171],"exteinsatzmittel":[63],"alarmierungsart":[],"evw_unit":[],"class_list":["post-8133","einsatz","type-einsatz","status-publish","has-post-thumbnail","hentry","category-allgemein","einsatzart-dienstleistung","fahrzeug-keine","exteinsatzmittel-drk"],"featured_img":"https:\/\/feuerwehrwoerth.de\/wp-content\/uploads\/2022\/04\/bma-tableau_artikelbild-e1681295203430.jpg","coauthors":[],"author_meta":{"author_link":"https:\/\/feuerwehrwoerth.de\/index.php\/author\/tobias\/","display_name":"Tobias"},"relative_dates":{"created":"Posted 2\u00a0Monaten ago","modified":"Updated 1\u00a0Monat ago"},"absolute_dates":{"created":"Posted on 11. M\u00e4rz 2026","modified":"Updated on 15. M\u00e4rz 2026"},"absolute_dates_time":{"created":"Posted on 11. M\u00e4rz 2026 18:30","modified":"Updated on 15. M\u00e4rz 2026 19:25"},"featured_img_caption":"","tax_additional":{"category":{"linked":["<a href=\"https:\/\/feuerwehrwoerth.de\/index.php\/category\/allgemein\/\" class=\"advgb-post-tax-term\">Allgemein<\/a>"],"unlinked":["<span class=\"advgb-post-tax-term\">Allgemein<\/span>"],"slug":"category","name":"Kategorien"},"einsatzart":{"linked":["<a href=\"https:\/\/feuerwehrwoerth.de\/index.php\/einsatzart\/dienstleistung\/\" class=\"advgb-post-tax-term\">Dienstleistung<\/a>"],"unlinked":["<span class=\"advgb-post-tax-term\">Dienstleistung<\/span>"],"slug":"einsatzart","name":"Einsatzarten"},"fahrzeug":{"linked":["<a href=\"https:\/\/feuerwehrwoerth.de\/index.php\/fahrzeug\/keine\/\" class=\"advgb-post-tax-term\">keine<\/a>"],"unlinked":["<span class=\"advgb-post-tax-term\">keine<\/span>"],"slug":"fahrzeug","name":"Fahrzeuge"},"exteinsatzmittel":{"linked":["<a href=\"https:\/\/feuerwehrwoerth.de\/index.php\/externe-einsatzmittel\/drk\/\" class=\"advgb-post-tax-term\">DRK<\/a>"],"unlinked":["<span class=\"advgb-post-tax-term\">DRK<\/span>"],"slug":"exteinsatzmittel","name":"Externe Einsatzmittel"},"alarmierungsart":{"linked":[],"unlinked":[],"slug":"alarmierungsart","name":"Alarmierungsarten"},"evw_unit":{"linked":[],"unlinked":[],"slug":"evw_unit","name":"Einheiten"}},"series_order":"","jetpack_sharing_enabled":true,"_links":{"self":[{"href":"https:\/\/feuerwehrwoerth.de\/index.php\/wp-json\/wp\/v2\/einsatz\/8133","targetHints":{"allow":["GET"]}}],"collection":[{"href":"https:\/\/feuerwehrwoerth.de\/index.php\/wp-json\/wp\/v2\/einsatz"}],"about":[{"href":"https:\/\/feuerwehrwoerth.de\/index.php\/wp-json\/wp\/v2\/types\/einsatz"}],"author":[{"embeddable":true,"href":"https:\/\/feuerwehrwoerth.de\/index.php\/wp-json\/wp\/v2\/users\/2"}],"version-history":[{"count":1,"href":"https:\/\/feuerwehrwoerth.de\/index.php\/wp-json\/wp\/v2\/einsatz\/8133\/revisions"}],"predecessor-version":[{"id":8134,"href":"https:\/\/feuerwehrwoerth.de\/index.php\/wp-json\/wp\/v2\/einsatz\/8133\/revisions\/8134"}],"wp:featuredmedia":[{"embeddable":true,"href":"https:\/\/feuerwehrwoerth.de\/index.php\/wp-json\/wp\/v2\/media\/3388"}],"wp:attachment":[{"href":"https:\/\/feuerwehrwoerth.de\/index.php\/wp-json\/wp\/v2\/media?parent=8133"}],"wp:term":[{"taxonomy":"category","embeddable":true,"href":"https:\/\/feuerwehrwoerth.de\/index.php\/wp-json\/wp\/v2\/categories?post=8133"},{"taxonomy":"einsatzart","embeddable":true,"href":"https:\/\/feuerwehrwoerth.de\/index.php\/wp-json\/wp\/v2\/einsatzart?post=8133"},{"taxonomy":"fahrzeug","embeddable":true,"href":"https:\/\/feuerwehrwoerth.de\/index.php\/wp-json\/wp\/v2\/fahrzeug?post=8133"},{"taxonomy":"exteinsatzmittel","embeddable":true,"href":"https:\/\/feuerwehrwoerth.de\/index.php\/wp-json\/wp\/v2\/exteinsatzmittel?post=8133"},{"taxonomy":"alarmierungsart","embeddable":true,"href":"https:\/\/feuerwehrwoerth.de\/index.php\/wp-json\/wp\/v2\/alarmierungsart?post=8133"},{"taxonomy":"evw_unit","embeddable":true,"href":"https:\/\/feuerwehrwoerth.de\/index.php\/wp-json\/wp\/v2\/evw_unit?post=8133"}],"curies":[{"name":"wp","href":"https:\/\/api.w.org\/{rel}","templated":true}]}}

<p>Wir führten eine Brandsicherheitswache bei einem Konzert in der Festhalle durch.</p>

Posted on 11. März 2026

Updated on 15. März 2026

Posted on 11. März 2026 18:30

Updated on 15. März 2026 19:25
