{"id":9338,"date":"2026-04-24T22:56:00","date_gmt":"2026-04-24T20:56:00","guid":{"rendered":"https:\/\/feuerwehrwoerth.de\/?post_type=einsatz&#038;p=9338"},"modified":"2026-04-26T12:23:24","modified_gmt":"2026-04-26T10:23:24","slug":"vegetationsbrand-klein-2","status":"publish","type":"einsatz","link":"https:\/\/feuerwehrwoerth.de\/index.php\/einsatzberichte\/vegetationsbrand-klein-2\/","title":{"rendered":"Vegetationsbrand klein"},"content":{"rendered":"\n<p class=\"advgb-dyn-5f328ef9\">Um 22:56 wurden die Einheiten Maximiliansau und W\u00f6rth mit dem Stichwort \u201eVegetationsbrand klein\u201c an den Rhein in Maximiliansau alarmiert.<br>Durch den erst eintreffenden Einsatzleiter konnte ein unbeaufsichtigtes Lagerfeuer im Bereich einer Aussichtsplattform vorgefunden werden. Das Feuer wurde mit einem Rohr abgel\u00f6scht und auf Glutnester kontrolliert.<br>Durch die Kameraden aus W\u00f6rth wurde die Feuerwehreinsatzzentrale besetzt. Das L\u00f6schfahrzeug aus der Einheit W\u00f6rth konnte die Einsatzfahrt abbrechen. <br><br><br><em><strong>! HINWEIS !<\/strong><br>Lassen Sie Feuer niemals unbeaufsichtigt und l\u00f6schen Sie Glut vollst\u00e4ndig ab.<br>Grillen Sie ausschlie\u00dflich an ausgewiesenen Feuerstellen und beachten Sie geltende Vorschriften.<\/em><\/p>\n\n\n\n<p><\/p>\n","protected":false},"author":5,"featured_media":9341,"template":"","meta":{"advgb_blocks_editor_width":"","advgb_blocks_columns_visual_guide":"","ngg_post_thumbnail":0,"einsatz_weight":1,"footnotes":""},"categories":[235,237,233],"einsatzart":[4],"fahrzeug":[13,22,23,28,48,3],"exteinsatzmittel":[9],"alarmierungsart":[],"evw_unit":[44,43],"class_list":["post-9338","einsatz","type-einsatz","status-publish","has-post-thumbnail","hentry","category-woerth","category-maximiliansau","category-einheit","einsatzart-brand","fahrzeug-lf-kats-maximiliansau","fahrzeug-lf-10-6-maximiliansau","fahrzeug-mtf-maximiliansau","fahrzeug-lf-8-6-maximiliansau","fahrzeug-fez","fahrzeug-hlf-20-16","exteinsatzmittel-polizei","evw_unit-maximiliansau","evw_unit-woerth-am-rhein"],"featured_img":"https:\/\/feuerwehrwoerth.de\/wp-content\/uploads\/2026\/04\/kleinbrand_maximiliansau_24.apr26-scaled-e1777130037678.jpg","coauthors":[],"author_meta":{"author_link":"https:\/\/feuerwehrwoerth.de\/index.php\/author\/einsatz\/","display_name":"Ein Satz"},"relative_dates":{"created":"Posted 2\u00a0Tagen ago","modified":"Updated 56\u00a0Minuten ago"},"absolute_dates":{"created":"Posted on 24. April 2026","modified":"Updated on 26. April 2026"},"absolute_dates_time":{"created":"Posted on 24. April 2026 22:56","modified":"Updated on 26. April 2026 12:23"},"featured_img_caption":"","tax_additional":{"category":{"linked":["<a href=\"https:\/\/feuerwehrwoerth.de\/index.php\/category\/einheit\/woerth\/\" class=\"advgb-post-tax-term\">W\u00f6rth<\/a>","<a href=\"https:\/\/feuerwehrwoerth.de\/index.php\/category\/einheit\/maximiliansau\/\" class=\"advgb-post-tax-term\">Maximiliansau<\/a>","<a href=\"https:\/\/feuerwehrwoerth.de\/index.php\/category\/einheit\/\" class=\"advgb-post-tax-term\">Einheit<\/a>"],"unlinked":["<span class=\"advgb-post-tax-term\">W\u00f6rth<\/span>","<span class=\"advgb-post-tax-term\">Maximiliansau<\/span>","<span class=\"advgb-post-tax-term\">Einheit<\/span>"],"slug":"category","name":"Kategorien"},"einsatzart":{"linked":["<a href=\"https:\/\/feuerwehrwoerth.de\/index.php\/einsatzart\/brand\/\" class=\"advgb-post-tax-term\">Brand<\/a>"],"unlinked":["<span class=\"advgb-post-tax-term\">Brand<\/span>"],"slug":"einsatzart","name":"Einsatzarten"},"fahrzeug":{"linked":["<a href=\"https:\/\/feuerwehrwoerth.de\/index.php\/fahrzeug\/lf-kats-maximiliansau\/\" class=\"advgb-post-tax-term\">2\/48 (LF KatS)<\/a>","<a href=\"https:\/\/feuerwehrwoerth.de\/index.php\/fahrzeug\/lf-10-6-maximiliansau\/\" class=\"advgb-post-tax-term\">2\/44\/1 (LF 10\/6)<\/a>","<a href=\"https:\/\/feuerwehrwoerth.de\/index.php\/fahrzeug\/mtf-maximiliansau\/\" class=\"advgb-post-tax-term\">2\/19 (MTF)<\/a>","<a href=\"https:\/\/feuerwehrwoerth.de\/index.php\/fahrzeug\/lf-8-6-maximiliansau\/\" class=\"advgb-post-tax-term\">2\/44\/2 (LF 8\/6)<\/a>","<a href=\"https:\/\/feuerwehrwoerth.de\/index.php\/fahrzeug\/fez\/\" class=\"advgb-post-tax-term\">FEZ<\/a>","<a href=\"https:\/\/feuerwehrwoerth.de\/index.php\/fahrzeug\/hlf-20-16\/\" class=\"advgb-post-tax-term\">1\/46 (HLF 20\/16)<\/a>"],"unlinked":["<span class=\"advgb-post-tax-term\">2\/48 (LF KatS)<\/span>","<span class=\"advgb-post-tax-term\">2\/44\/1 (LF 10\/6)<\/span>","<span class=\"advgb-post-tax-term\">2\/19 (MTF)<\/span>","<span class=\"advgb-post-tax-term\">2\/44\/2 (LF 8\/6)<\/span>","<span class=\"advgb-post-tax-term\">FEZ<\/span>","<span class=\"advgb-post-tax-term\">1\/46 (HLF 20\/16)<\/span>"],"slug":"fahrzeug","name":"Fahrzeuge"},"exteinsatzmittel":{"linked":["<a href=\"https:\/\/feuerwehrwoerth.de\/index.php\/externe-einsatzmittel\/polizei\/\" class=\"advgb-post-tax-term\">Polizei<\/a>"],"unlinked":["<span class=\"advgb-post-tax-term\">Polizei<\/span>"],"slug":"exteinsatzmittel","name":"Externe Einsatzmittel"},"alarmierungsart":{"linked":[],"unlinked":[],"slug":"alarmierungsart","name":"Alarmierungsarten"},"evw_unit":{"linked":["<a href=\"https:\/\/feuerwehrwoerth.de\/index.php\/evw_unit\/maximiliansau\/\" class=\"advgb-post-tax-term\">Maximiliansau<\/a>","<a href=\"https:\/\/feuerwehrwoerth.de\/index.php\/evw_unit\/woerth-am-rhein\/\" class=\"advgb-post-tax-term\">W\u00f6rth<\/a>"],"unlinked":["<span class=\"advgb-post-tax-term\">Maximiliansau<\/span>","<span class=\"advgb-post-tax-term\">W\u00f6rth<\/span>"],"slug":"evw_unit","name":"Einheiten"}},"series_order":"","jetpack_sharing_enabled":true,"_links":{"self":[{"href":"https:\/\/feuerwehrwoerth.de\/index.php\/wp-json\/wp\/v2\/einsatz\/9338","targetHints":{"allow":["GET"]}}],"collection":[{"href":"https:\/\/feuerwehrwoerth.de\/index.php\/wp-json\/wp\/v2\/einsatz"}],"about":[{"href":"https:\/\/feuerwehrwoerth.de\/index.php\/wp-json\/wp\/v2\/types\/einsatz"}],"author":[{"embeddable":true,"href":"https:\/\/feuerwehrwoerth.de\/index.php\/wp-json\/wp\/v2\/users\/5"}],"version-history":[{"count":4,"href":"https:\/\/feuerwehrwoerth.de\/index.php\/wp-json\/wp\/v2\/einsatz\/9338\/revisions"}],"predecessor-version":[{"id":9349,"href":"https:\/\/feuerwehrwoerth.de\/index.php\/wp-json\/wp\/v2\/einsatz\/9338\/revisions\/9349"}],"wp:featuredmedia":[{"embeddable":true,"href":"https:\/\/feuerwehrwoerth.de\/index.php\/wp-json\/wp\/v2\/media\/9341"}],"wp:attachment":[{"href":"https:\/\/feuerwehrwoerth.de\/index.php\/wp-json\/wp\/v2\/media?parent=9338"}],"wp:term":[{"taxonomy":"category","embeddable":true,"href":"https:\/\/feuerwehrwoerth.de\/index.php\/wp-json\/wp\/v2\/categories?post=9338"},{"taxonomy":"einsatzart","embeddable":true,"href":"https:\/\/feuerwehrwoerth.de\/index.php\/wp-json\/wp\/v2\/einsatzart?post=9338"},{"taxonomy":"fahrzeug","embeddable":true,"href":"https:\/\/feuerwehrwoerth.de\/index.php\/wp-json\/wp\/v2\/fahrzeug?post=9338"},{"taxonomy":"exteinsatzmittel","embeddable":true,"href":"https:\/\/feuerwehrwoerth.de\/index.php\/wp-json\/wp\/v2\/exteinsatzmittel?post=9338"},{"taxonomy":"alarmierungsart","embeddable":true,"href":"https:\/\/feuerwehrwoerth.de\/index.php\/wp-json\/wp\/v2\/alarmierungsart?post=9338"},{"taxonomy":"evw_unit","embeddable":true,"href":"https:\/\/feuerwehrwoerth.de\/index.php\/wp-json\/wp\/v2\/evw_unit?post=9338"}],"curies":[{"name":"wp","href":"https:\/\/api.w.org\/{rel}","templated":true}]}}

<p class="advgb-dyn-5f328ef9">Um 22:56 wurden die Einheiten Maximiliansau und Wörth mit dem Stichwort „Vegetationsbrand klein“ an den Rhein in Maximiliansau alarmiert.<br>Durch den erst eintreffenden Einsatzleiter konnte ein unbeaufsichtigtes Lagerfeuer im Bereich einer Aussichtsplattform vorgefunden werden. Das Feuer wurde mit einem Rohr abgelöscht und auf Glutnester kontrolliert.<br>Durch die Kameraden aus Wörth wurde die Feuerwehreinsatzzentrale besetzt. Das Löschfahrzeug aus der Einheit Wörth konnte die Einsatzfahrt abbrechen. <br><br><br><em><strong>! HINWEIS !</strong><br>Lassen Sie Feuer niemals unbeaufsichtigt und löschen Sie Glut vollständig ab.<br>Grillen Sie ausschließlich an ausgewiesenen Feuerstellen und beachten Sie geltende Vorschriften.</em></p>



<p></p>

<a href="https://feuerwehrwoerth.de/index.php/category/einheit/woerth/" class="advgb-post-tax-term">Wörth</a>

<span class="advgb-post-tax-term">Wörth</span>

<a href="https://feuerwehrwoerth.de/index.php/evw_unit/woerth-am-rhein/" class="advgb-post-tax-term">Wörth</a>
