{"id":9597,"date":"2026-08-20T21:46:00","date_gmt":"2026-08-20T19:46:00","guid":{"rendered":"https:\/\/feuerwehrwoerth.de\/?post_type=einsatz&#038;p=9597"},"modified":"2026-09-05T13:30:20","modified_gmt":"2026-09-05T11:30:20","slug":"pkw-brand-innerorts-3","status":"publish","type":"einsatz","link":"https:\/\/feuerwehrwoerth.de\/index.php\/einsatzberichte\/pkw-brand-innerorts-3\/","title":{"rendered":"PKW-Brand innerorts"},"content":{"rendered":"\n<p class=\"wp-block-paragraph\">Am 20.08.2026 wurden wir um 21:46 Uhr gemeinsam mit der Einheit Maximiliansau zu einem gemeldeten PKW-Brand im Ortsgebiet von W\u00f6rth alarmiert.<\/p>\n\n\n\n<p class=\"wp-block-paragraph\">Bereits auf der Anfahrt zum Ger\u00e4tehaus best\u00e4tigten anfahrende Einsatzkr\u00e4fte die Meldung. Beim Eintreffen an der Einsatzstelle stand das betroffene Fahrzeug in Vollbrand.<\/p>\n\n\n\n<p class=\"wp-block-paragraph\">Zur Brandbek\u00e4mpfung wurde ein Trupp unter Atemschutz mit einem Strahlrohr eingesetzt. Das Feuer konnte auf das beim Eintreffen vorgefundene Ausma\u00df begrenzt und anschlie\u00dfend vollst\u00e4ndig abgel\u00f6scht werden.<\/p>\n\n\n\n<p class=\"wp-block-paragraph\">Nach Abschluss der L\u00f6schma\u00dfnahmen wurde die Einsatzstelle an die Polizei \u00fcbergeben.<\/p>\n","protected":false},"author":5,"featured_media":9627,"template":"","meta":{"advgb_blocks_editor_width":"","advgb_blocks_columns_visual_guide":"","ngg_post_thumbnail":0,"einsatz_weight":1,"footnotes":"","_members_access_role":[],"_members_access_error":""},"categories":[],"einsatzart":[4],"fahrzeug":[3,13,15,16,22,30,37,48,81],"exteinsatzmittel":[9,10,127],"alarmierungsart":[],"evw_unit":[43,44],"class_list":["post-9597","einsatz","type-einsatz","status-publish","has-post-thumbnail","hentry","einsatzart-brand","fahrzeug-hlf-20-16","fahrzeug-lf-kats-maximiliansau","fahrzeug-elw-1","fahrzeug-hlf-10-10","fahrzeug-lf-10-6-maximiliansau","fahrzeug-ab-tank","fahrzeug-wlf","fahrzeug-fez","fahrzeug-mzf-woerth","exteinsatzmittel-polizei","exteinsatzmittel-rettungsdienst","exteinsatzmittel-abschleppdienst","evw_unit-woerth-am-rhein","evw_unit-maximiliansau"],"featured_img":"https:\/\/feuerwehrwoerth.de\/wp-content\/uploads\/2026\/08\/WhatsApp-Image-2026-08-21-at-16.08.57.jpeg","coauthors":[],"author_meta":{"author_link":"https:\/\/feuerwehrwoerth.de\/index.php\/author\/einsatz\/","display_name":"Ein Satz"},"relative_dates":{"created":"Posted 2\u00a0Wochen ago","modified":"Updated 33\u00a0Minuten ago"},"absolute_dates":{"created":"Posted on 20. August 2026","modified":"Updated on 5. September 2026"},"absolute_dates_time":{"created":"Posted on 20. August 2026 21:46","modified":"Updated on 5. September 2026 13:30"},"featured_img_caption":"","tax_additional":{"category":{"linked":[],"unlinked":[],"slug":"category","name":"Kategorien"},"einsatzart":{"linked":["<a href=\"https:\/\/feuerwehrwoerth.de\/index.php\/einsatzart\/brand\/\" class=\"advgb-post-tax-term\">Brand<\/a>"],"unlinked":["<span class=\"advgb-post-tax-term\">Brand<\/span>"],"slug":"einsatzart","name":"Einsatzarten"},"fahrzeug":{"linked":["<a href=\"https:\/\/feuerwehrwoerth.de\/index.php\/fahrzeug\/hlf-20-16\/\" class=\"advgb-post-tax-term\">1\/46 (HLF 20\/16)<\/a>","<a href=\"https:\/\/feuerwehrwoerth.de\/index.php\/fahrzeug\/lf-kats-maximiliansau\/\" class=\"advgb-post-tax-term\">2\/48 (LF KatS)<\/a>","<a href=\"https:\/\/feuerwehrwoerth.de\/index.php\/fahrzeug\/elw-1\/\" class=\"advgb-post-tax-term\">1\/11 (ELW 1)<\/a>","<a href=\"https:\/\/feuerwehrwoerth.de\/index.php\/fahrzeug\/hlf-10-10\/\" class=\"advgb-post-tax-term\">1\/45 (HLF 10\/10)<\/a>","<a href=\"https:\/\/feuerwehrwoerth.de\/index.php\/fahrzeug\/lf-10-6-maximiliansau\/\" class=\"advgb-post-tax-term\">2\/44\/1 (LF 10\/6)<\/a>","<a href=\"https:\/\/feuerwehrwoerth.de\/index.php\/fahrzeug\/ab-tank\/\" class=\"advgb-post-tax-term\">AB-Tank<\/a>","<a href=\"https:\/\/feuerwehrwoerth.de\/index.php\/fahrzeug\/wlf\/\" class=\"advgb-post-tax-term\">1\/65 (WLF)<\/a>","<a href=\"https:\/\/feuerwehrwoerth.de\/index.php\/fahrzeug\/fez\/\" class=\"advgb-post-tax-term\">FEZ<\/a>","<a href=\"https:\/\/feuerwehrwoerth.de\/index.php\/fahrzeug\/mzf-woerth\/\" class=\"advgb-post-tax-term\">1\/71 (MZF 1)<\/a>"],"unlinked":["<span class=\"advgb-post-tax-term\">1\/46 (HLF 20\/16)<\/span>","<span class=\"advgb-post-tax-term\">2\/48 (LF KatS)<\/span>","<span class=\"advgb-post-tax-term\">1\/11 (ELW 1)<\/span>","<span class=\"advgb-post-tax-term\">1\/45 (HLF 10\/10)<\/span>","<span class=\"advgb-post-tax-term\">2\/44\/1 (LF 10\/6)<\/span>","<span class=\"advgb-post-tax-term\">AB-Tank<\/span>","<span class=\"advgb-post-tax-term\">1\/65 (WLF)<\/span>","<span class=\"advgb-post-tax-term\">FEZ<\/span>","<span class=\"advgb-post-tax-term\">1\/71 (MZF 1)<\/span>"],"slug":"fahrzeug","name":"Fahrzeuge"},"exteinsatzmittel":{"linked":["<a href=\"https:\/\/feuerwehrwoerth.de\/index.php\/externe-einsatzmittel\/polizei\/\" class=\"advgb-post-tax-term\">Polizei<\/a>","<a href=\"https:\/\/feuerwehrwoerth.de\/index.php\/externe-einsatzmittel\/rettungsdienst\/\" class=\"advgb-post-tax-term\">Rettungsdienst<\/a>","<a href=\"https:\/\/feuerwehrwoerth.de\/index.php\/externe-einsatzmittel\/abschleppdienst\/\" class=\"advgb-post-tax-term\">Abschleppdienst<\/a>"],"unlinked":["<span class=\"advgb-post-tax-term\">Polizei<\/span>","<span class=\"advgb-post-tax-term\">Rettungsdienst<\/span>","<span class=\"advgb-post-tax-term\">Abschleppdienst<\/span>"],"slug":"exteinsatzmittel","name":"Externe Einsatzmittel"},"alarmierungsart":{"linked":[],"unlinked":[],"slug":"alarmierungsart","name":"Alarmierungsarten"},"evw_unit":{"linked":["<a href=\"https:\/\/feuerwehrwoerth.de\/index.php\/evw_unit\/woerth-am-rhein\/\" class=\"advgb-post-tax-term\">W\u00f6rth<\/a>","<a href=\"https:\/\/feuerwehrwoerth.de\/index.php\/evw_unit\/maximiliansau\/\" class=\"advgb-post-tax-term\">Maximiliansau<\/a>"],"unlinked":["<span class=\"advgb-post-tax-term\">W\u00f6rth<\/span>","<span class=\"advgb-post-tax-term\">Maximiliansau<\/span>"],"slug":"evw_unit","name":"Einheiten"}},"series_order":"","jetpack_sharing_enabled":true,"_links":{"self":[{"href":"https:\/\/feuerwehrwoerth.de\/index.php\/wp-json\/wp\/v2\/einsatz\/9597","targetHints":{"allow":["GET"]}}],"collection":[{"href":"https:\/\/feuerwehrwoerth.de\/index.php\/wp-json\/wp\/v2\/einsatz"}],"about":[{"href":"https:\/\/feuerwehrwoerth.de\/index.php\/wp-json\/wp\/v2\/types\/einsatz"}],"author":[{"embeddable":true,"href":"https:\/\/feuerwehrwoerth.de\/index.php\/wp-json\/wp\/v2\/users\/5"}],"version-history":[{"count":1,"href":"https:\/\/feuerwehrwoerth.de\/index.php\/wp-json\/wp\/v2\/einsatz\/9597\/revisions"}],"predecessor-version":[{"id":9628,"href":"https:\/\/feuerwehrwoerth.de\/index.php\/wp-json\/wp\/v2\/einsatz\/9597\/revisions\/9628"}],"wp:featuredmedia":[{"embeddable":true,"href":"https:\/\/feuerwehrwoerth.de\/index.php\/wp-json\/wp\/v2\/media\/9627"}],"wp:attachment":[{"href":"https:\/\/feuerwehrwoerth.de\/index.php\/wp-json\/wp\/v2\/media?parent=9597"}],"wp:term":[{"taxonomy":"category","embeddable":true,"href":"https:\/\/feuerwehrwoerth.de\/index.php\/wp-json\/wp\/v2\/categories?post=9597"},{"taxonomy":"einsatzart","embeddable":true,"href":"https:\/\/feuerwehrwoerth.de\/index.php\/wp-json\/wp\/v2\/einsatzart?post=9597"},{"taxonomy":"fahrzeug","embeddable":true,"href":"https:\/\/feuerwehrwoerth.de\/index.php\/wp-json\/wp\/v2\/fahrzeug?post=9597"},{"taxonomy":"exteinsatzmittel","embeddable":true,"href":"https:\/\/feuerwehrwoerth.de\/index.php\/wp-json\/wp\/v2\/exteinsatzmittel?post=9597"},{"taxonomy":"alarmierungsart","embeddable":true,"href":"https:\/\/feuerwehrwoerth.de\/index.php\/wp-json\/wp\/v2\/alarmierungsart?post=9597"},{"taxonomy":"evw_unit","embeddable":true,"href":"https:\/\/feuerwehrwoerth.de\/index.php\/wp-json\/wp\/v2\/evw_unit?post=9597"}],"curies":[{"name":"wp","href":"https:\/\/api.w.org\/{rel}","templated":true}]}}

<p class="wp-block-paragraph">Am 20.08.2026 wurden wir um 21:46 Uhr gemeinsam mit der Einheit Maximiliansau zu einem gemeldeten PKW-Brand im Ortsgebiet von Wörth alarmiert.</p>



<p class="wp-block-paragraph">Bereits auf der Anfahrt zum Gerätehaus bestätigten anfahrende Einsatzkräfte die Meldung. Beim Eintreffen an der Einsatzstelle stand das betroffene Fahrzeug in Vollbrand.</p>



<p class="wp-block-paragraph">Zur Brandbekämpfung wurde ein Trupp unter Atemschutz mit einem Strahlrohr eingesetzt. Das Feuer konnte auf das beim Eintreffen vorgefundene Ausmaß begrenzt und anschließend vollständig abgelöscht werden.</p>



<p class="wp-block-paragraph">Nach Abschluss der Löschmaßnahmen wurde die Einsatzstelle an die Polizei übergeben.</p>

<a href="https://feuerwehrwoerth.de/index.php/evw_unit/woerth-am-rhein/" class="advgb-post-tax-term">Wörth</a>

<span class="advgb-post-tax-term">Wörth</span>
