{"id":9615,"date":"2026-09-04T20:18:00","date_gmt":"2026-09-04T18:18:00","guid":{"rendered":"https:\/\/feuerwehrwoerth.de\/?post_type=einsatz&#038;p=9615"},"modified":"2026-09-05T13:21:41","modified_gmt":"2026-09-05T11:21:41","slug":"gebaeudebrand-16","status":"publish","type":"einsatz","link":"https:\/\/feuerwehrwoerth.de\/index.php\/einsatzberichte\/gebaeudebrand-16\/","title":{"rendered":"Geb\u00e4udebrand"},"content":{"rendered":"\n<p class=\"wp-block-paragraph\">Am heutigen Abend wurden wir um 20:18 Uhr mit dem Stichwort \u201eGeb\u00e4udebrand\u201c und der zus\u00e4tzlichen Angabe schwarze Rauchs\u00e4ule sichtbar innerhalb des Ortsgebiets von W\u00f6rth alarmiert. Aufgrund des Einsatzstichworts wurden neben unserer Einheit auch die weiteren Einheiten der Stadt W\u00f6rth am Rhein mitalarmiert.<\/p>\n\n\n\n<p class=\"wp-block-paragraph\">Vor Ort konnte gl\u00fccklicherweise kein Geb\u00e4udebrand festgestellt werden. Die Rauchentwicklung stammte von einem Gartenfeuer.<\/p>\n\n\n\n<p class=\"wp-block-paragraph\">Da keine weitere Gefahr bestand, konnten die meisten nachr\u00fcckenden Kr\u00e4fte ihre Anfahrt abbrechen. F\u00fcr uns waren keine weiteren Ma\u00dfnahmen erforderlich, sodass der Einsatz zeitnah beendet werden konnte.<\/p>\n\n\n\n<p class=\"wp-block-paragraph\"><\/p>\n","protected":false},"author":5,"featured_media":2879,"template":"","meta":{"advgb_blocks_editor_width":"","advgb_blocks_columns_visual_guide":"","ngg_post_thumbnail":0,"einsatz_weight":1,"footnotes":"","_members_access_role":[],"_members_access_error":""},"categories":[39],"einsatzart":[4],"fahrzeug":[3,15,16,17,22,25,48,81,133],"exteinsatzmittel":[9,255],"alarmierungsart":[],"evw_unit":[43,44,45,46],"class_list":["post-9615","einsatz","type-einsatz","status-publish","has-post-thumbnail","hentry","category-ausbildung","einsatzart-brand","fahrzeug-hlf-20-16","fahrzeug-elw-1","fahrzeug-hlf-10-10","fahrzeug-dlk-23-12","fahrzeug-lf-10-6-maximiliansau","fahrzeug-tlf-16-25-schaidt","fahrzeug-fez","fahrzeug-mzf-woerth","fahrzeug-hlf10-buechelberg","exteinsatzmittel-polizei","exteinsatzmittel-bki","evw_unit-woerth-am-rhein","evw_unit-maximiliansau","evw_unit-schaidt","evw_unit-buechelberg"],"featured_img":"https:\/\/feuerwehrwoerth.de\/wp-content\/uploads\/2022\/01\/brand_artikelbild-e1681295356990.jpg","coauthors":[],"author_meta":{"author_link":"https:\/\/feuerwehrwoerth.de\/index.php\/author\/einsatz\/","display_name":"Ein Satz"},"relative_dates":{"created":"Posted 17\u00a0Stunden ago","modified":"Updated 5\u00a0Minuten ago"},"absolute_dates":{"created":"Posted on 4. September 2026","modified":"Updated on 5. September 2026"},"absolute_dates_time":{"created":"Posted on 4. September 2026 20:18","modified":"Updated on 5. September 2026 13:21"},"featured_img_caption":"","tax_additional":{"category":{"linked":["<a href=\"https:\/\/feuerwehrwoerth.de\/index.php\/category\/ausbildung\/\" class=\"advgb-post-tax-term\">Ausbildung<\/a>"],"unlinked":["<span class=\"advgb-post-tax-term\">Ausbildung<\/span>"],"slug":"category","name":"Kategorien"},"einsatzart":{"linked":["<a href=\"https:\/\/feuerwehrwoerth.de\/index.php\/einsatzart\/brand\/\" class=\"advgb-post-tax-term\">Brand<\/a>"],"unlinked":["<span class=\"advgb-post-tax-term\">Brand<\/span>"],"slug":"einsatzart","name":"Einsatzarten"},"fahrzeug":{"linked":["<a href=\"https:\/\/feuerwehrwoerth.de\/index.php\/fahrzeug\/hlf-20-16\/\" class=\"advgb-post-tax-term\">1\/46 (HLF 20\/16)<\/a>","<a href=\"https:\/\/feuerwehrwoerth.de\/index.php\/fahrzeug\/elw-1\/\" class=\"advgb-post-tax-term\">1\/11 (ELW 1)<\/a>","<a href=\"https:\/\/feuerwehrwoerth.de\/index.php\/fahrzeug\/hlf-10-10\/\" class=\"advgb-post-tax-term\">1\/45 (HLF 10\/10)<\/a>","<a href=\"https:\/\/feuerwehrwoerth.de\/index.php\/fahrzeug\/dlk-23-12\/\" class=\"advgb-post-tax-term\">1\/34 (DL(A)K 23\/12)<\/a>","<a href=\"https:\/\/feuerwehrwoerth.de\/index.php\/fahrzeug\/lf-10-6-maximiliansau\/\" class=\"advgb-post-tax-term\">2\/44\/1 (LF 10\/6)<\/a>","<a href=\"https:\/\/feuerwehrwoerth.de\/index.php\/fahrzeug\/tlf-16-25-schaidt\/\" class=\"advgb-post-tax-term\">3\/23 (TLF 16\/25)<\/a>","<a href=\"https:\/\/feuerwehrwoerth.de\/index.php\/fahrzeug\/fez\/\" class=\"advgb-post-tax-term\">FEZ<\/a>","<a href=\"https:\/\/feuerwehrwoerth.de\/index.php\/fahrzeug\/mzf-woerth\/\" class=\"advgb-post-tax-term\">1\/71 (MZF 1)<\/a>","<a href=\"https:\/\/feuerwehrwoerth.de\/index.php\/fahrzeug\/hlf10-buechelberg\/\" class=\"advgb-post-tax-term\">4\/45 (HLF 10)<\/a>"],"unlinked":["<span class=\"advgb-post-tax-term\">1\/46 (HLF 20\/16)<\/span>","<span class=\"advgb-post-tax-term\">1\/11 (ELW 1)<\/span>","<span class=\"advgb-post-tax-term\">1\/45 (HLF 10\/10)<\/span>","<span class=\"advgb-post-tax-term\">1\/34 (DL(A)K 23\/12)<\/span>","<span class=\"advgb-post-tax-term\">2\/44\/1 (LF 10\/6)<\/span>","<span class=\"advgb-post-tax-term\">3\/23 (TLF 16\/25)<\/span>","<span class=\"advgb-post-tax-term\">FEZ<\/span>","<span class=\"advgb-post-tax-term\">1\/71 (MZF 1)<\/span>","<span class=\"advgb-post-tax-term\">4\/45 (HLF 10)<\/span>"],"slug":"fahrzeug","name":"Fahrzeuge"},"exteinsatzmittel":{"linked":["<a href=\"https:\/\/feuerwehrwoerth.de\/index.php\/externe-einsatzmittel\/polizei\/\" class=\"advgb-post-tax-term\">Polizei<\/a>","<a href=\"https:\/\/feuerwehrwoerth.de\/index.php\/externe-einsatzmittel\/bki\/\" class=\"advgb-post-tax-term\">BKI<\/a>"],"unlinked":["<span class=\"advgb-post-tax-term\">Polizei<\/span>","<span class=\"advgb-post-tax-term\">BKI<\/span>"],"slug":"exteinsatzmittel","name":"Externe Einsatzmittel"},"alarmierungsart":{"linked":[],"unlinked":[],"slug":"alarmierungsart","name":"Alarmierungsarten"},"evw_unit":{"linked":["<a href=\"https:\/\/feuerwehrwoerth.de\/index.php\/evw_unit\/woerth-am-rhein\/\" class=\"advgb-post-tax-term\">W\u00f6rth<\/a>","<a href=\"https:\/\/feuerwehrwoerth.de\/index.php\/evw_unit\/maximiliansau\/\" class=\"advgb-post-tax-term\">Maximiliansau<\/a>","<a href=\"https:\/\/feuerwehrwoerth.de\/index.php\/evw_unit\/schaidt\/\" class=\"advgb-post-tax-term\">Schaidt<\/a>","<a href=\"https:\/\/feuerwehrwoerth.de\/index.php\/evw_unit\/buechelberg\/\" class=\"advgb-post-tax-term\">B\u00fcchelberg<\/a>"],"unlinked":["<span class=\"advgb-post-tax-term\">W\u00f6rth<\/span>","<span class=\"advgb-post-tax-term\">Maximiliansau<\/span>","<span class=\"advgb-post-tax-term\">Schaidt<\/span>","<span class=\"advgb-post-tax-term\">B\u00fcchelberg<\/span>"],"slug":"evw_unit","name":"Einheiten"}},"series_order":"","jetpack_sharing_enabled":true,"_links":{"self":[{"href":"https:\/\/feuerwehrwoerth.de\/index.php\/wp-json\/wp\/v2\/einsatz\/9615","targetHints":{"allow":["GET"]}}],"collection":[{"href":"https:\/\/feuerwehrwoerth.de\/index.php\/wp-json\/wp\/v2\/einsatz"}],"about":[{"href":"https:\/\/feuerwehrwoerth.de\/index.php\/wp-json\/wp\/v2\/types\/einsatz"}],"author":[{"embeddable":true,"href":"https:\/\/feuerwehrwoerth.de\/index.php\/wp-json\/wp\/v2\/users\/5"}],"version-history":[{"count":1,"href":"https:\/\/feuerwehrwoerth.de\/index.php\/wp-json\/wp\/v2\/einsatz\/9615\/revisions"}],"predecessor-version":[{"id":9618,"href":"https:\/\/feuerwehrwoerth.de\/index.php\/wp-json\/wp\/v2\/einsatz\/9615\/revisions\/9618"}],"wp:featuredmedia":[{"embeddable":true,"href":"https:\/\/feuerwehrwoerth.de\/index.php\/wp-json\/wp\/v2\/media\/2879"}],"wp:attachment":[{"href":"https:\/\/feuerwehrwoerth.de\/index.php\/wp-json\/wp\/v2\/media?parent=9615"}],"wp:term":[{"taxonomy":"category","embeddable":true,"href":"https:\/\/feuerwehrwoerth.de\/index.php\/wp-json\/wp\/v2\/categories?post=9615"},{"taxonomy":"einsatzart","embeddable":true,"href":"https:\/\/feuerwehrwoerth.de\/index.php\/wp-json\/wp\/v2\/einsatzart?post=9615"},{"taxonomy":"fahrzeug","embeddable":true,"href":"https:\/\/feuerwehrwoerth.de\/index.php\/wp-json\/wp\/v2\/fahrzeug?post=9615"},{"taxonomy":"exteinsatzmittel","embeddable":true,"href":"https:\/\/feuerwehrwoerth.de\/index.php\/wp-json\/wp\/v2\/exteinsatzmittel?post=9615"},{"taxonomy":"alarmierungsart","embeddable":true,"href":"https:\/\/feuerwehrwoerth.de\/index.php\/wp-json\/wp\/v2\/alarmierungsart?post=9615"},{"taxonomy":"evw_unit","embeddable":true,"href":"https:\/\/feuerwehrwoerth.de\/index.php\/wp-json\/wp\/v2\/evw_unit?post=9615"}],"curies":[{"name":"wp","href":"https:\/\/api.w.org\/{rel}","templated":true}]}}

Gebäudebrand

<p class="wp-block-paragraph">Am heutigen Abend wurden wir um 20:18 Uhr mit dem Stichwort „Gebäudebrand“ und der zusätzlichen Angabe schwarze Rauchsäule sichtbar innerhalb des Ortsgebiets von Wörth alarmiert. Aufgrund des Einsatzstichworts wurden neben unserer Einheit auch die weiteren Einheiten der Stadt Wörth am Rhein mitalarmiert.</p>



<p class="wp-block-paragraph">Vor Ort konnte glücklicherweise kein Gebäudebrand festgestellt werden. Die Rauchentwicklung stammte von einem Gartenfeuer.</p>



<p class="wp-block-paragraph">Da keine weitere Gefahr bestand, konnten die meisten nachrückenden Kräfte ihre Anfahrt abbrechen. Für uns waren keine weiteren Maßnahmen erforderlich, sodass der Einsatz zeitnah beendet werden konnte.</p>



<p class="wp-block-paragraph"></p>

<a href="https://feuerwehrwoerth.de/index.php/evw_unit/woerth-am-rhein/" class="advgb-post-tax-term">Wörth</a>

<a href="https://feuerwehrwoerth.de/index.php/evw_unit/buechelberg/" class="advgb-post-tax-term">Büchelberg</a>

<span class="advgb-post-tax-term">Wörth</span>

<span class="advgb-post-tax-term">Büchelberg</span>
