{"id":2265,"date":"2021-10-27T19:05:10","date_gmt":"2021-10-27T17:05:10","guid":{"rendered":"https:\/\/feuerwehrwoerth.de\/?page_id=2265"},"modified":"2026-04-01T07:11:41","modified_gmt":"2026-04-01T05:11:41","slug":"fuehrungskraefte-seit-gruendung","status":"publish","type":"page","link":"https:\/\/feuerwehrwoerth.de\/index.php\/ueber-uns\/chronik\/fuehrungskraefte-seit-gruendung\/","title":{"rendered":"F\u00fchrungskr\u00e4fte seit Gr\u00fcndung der Freiwilligen Feuerwehr"},"content":{"rendered":"\n<h3 class=\"wp-block-heading\">F\u00fchrungskr\u00e4fte seit Gr\u00fcndung der Freiwilligen Feuerwehr W\u00f6rth <\/h3>\n\n\n\n<figure class=\"wp-block-table is-style-stripes\"><table  class=\"has-fixed-layout table table-hover\" ><tbody><tr><td><strong>Wehrleiter<\/strong><br>Hugo Pfirrmann<br>Alois W\u00f6schler<br>Berthold Simon<br>Stefan Kuhn<br>J\u00fcrgen Stephany (aus B\u00fcchelberg)<\/td><td><br>1956 &#8211; 1975<br>1975 &#8211; 1983<br>1983 &#8211; 2001<br>2001 &#8211; 2018<br>seit 2018<\/td><\/tr><tr><td><strong>Wehrf\u00fchrer<\/strong><br>Hugo Pfirrmann<br>Alois W\u00f6schler<br>Berthold Simon<br>Stefan Kuhn<br>Daniel Fuhrmann<br>Werner W\u00f6schler<br>Alexander Mieger<\/td><td><br>1956 &#8211; 1969<br>1969 &#8211; 1983<br>1983 &#8211; 2001<br>2001 &#8211; 2011<br>2011 &#8211; 2015<br>2015 &#8211; 2021<br>seit 2021<\/td><\/tr><tr><td><strong>Stellv. Wehrf\u00fchrer<\/strong><br>Ludwig Kuhn<br>Alois W\u00f6schler<br>Ludwig Kuhn<br>Berthold Simon<br>Klaus-Bernd Gei\u00dfler<br>Daniel Fuhrmann<br>Werner W\u00f6schler<br>Sebastian Schr\u00f6der<br>Steffen Reidt<\/td><td><br>1956 &#8211; 1961<br>1961 &#8211; 1969<br>1969 &#8211; 1978<br>1978 &#8211; 1983<br>1983 &#8211; 2001<br>2001 &#8211; 2011<br>2011 &#8211; 2015<br>2015 &#8211; 2019<br>seit 2019<\/td><\/tr><tr><td><strong>Zugf\u00fchrer<\/strong><br>Alois W\u00f6schler<br>Hugo W\u00e4rther<br>Severin Pfirrmann<br>Ludwig Kuhn<br>Kurt Schlo\u00df<br>Bernhard Pfirrmann<br>Klaus-Bernd Gei\u00dfler<br>Stefan Kuhn<br>Ronny Pfrengle<br>Bernd W\u00fcst<br>Roland Kraus<br>Daniel Fuhrmann<br>Werner W\u00f6schler<br>Alexander Mieger<br>Sebastian Schr\u00f6der<br>Steffen Reidt<br>Matthias Stirm<br>Michael Simon<\/td><td><br>1968 &#8211; 1969<br>1968 &#8211; 1980<br>1974 &#8211; 1981<br>1978 &#8211; 1989<br>1980 &#8211; 1997<br>1980 &#8211; 1997<br>1980 &#8211; 1983<br>1994 &#8211; 2001<br>seit 1995<br>seit 2000<br>seit 2000<br>2001 &#8211; 2015<br>seit 2011<br>seit 2014<br>seit 2016<br>seit 2019<br>seit 2024<br>seit 2026<\/td><\/tr><tr><td><strong>Gruppenf\u00fchrer\/<\/strong><br><strong>Stellv. Gruppenf\u00fchrer<\/strong><br>Georg Eck<br>Erich Kuntz<br>Felix Pfirrmann<br>Severin Pfirrmann<br>Alois Schmuck<br>Ludwig Kuhn<br>Hugo W\u00e4rther<br>Alois Sitter<br>Eugen Schmuck<br>\u00c4gidius Wilhelm<br>Werner W\u00f6schler<br>Klaus-Bernd Gei\u00dfler<br>Bernhard Pfirrmann<br>Kurt Schlo\u00df<br>Berthold Simon<br>Edmund K\u00f6nig<br>Bernhard Sitter<br>Peter Semmler<br>Werner Herlein<br>Peter Unger<br>Ronny Pfrengle<br>Stefan Kuhn<br>Roland Kraus<br>Michael Schlo\u00df<br>Daniel Fuhrmann<br>Bernd W\u00fcst<br>Loch Olav<br>Uwe H\u00fcgle<br>Werner W\u00f6schler<br>Christiane Loch<br>Alexander Mieger<br>J\u00fcrgen Lotter<br>Fabian Neumann<br>Sebastian Schr\u00f6der<br>Martin Sulzer<br>Steffen Reidt<br>Kai Guldenschuh<br>Michael Simon<br>Marc Metzger<br>Paul K\u00f6nig<br>Eric St\u00f6ffler<br>Philipp Niederer<br>Lucas Offenbacher<br>Tobias Pfrengle<br>Michael Weis<br>Nina Weber<br>Matthias L\u00fcpertz<\/td><td><br><br>1956 &#8211; 1958<br>1956 &#8211; 1964<br>1956 &#8211; 1973<br>1958 &#8211; 1982<br>1961 &#8211; 1969<br>1963 &#8211; 1967<br>1970 &#8211; 1995<br>1972 &#8211; 1996<br>1973 &#8211; 1992<br>1973 &#8211; 1989<br>1973 &#8211; 1980<br>1974 &#8211; 1980<br>1974 &#8211; 1980<br>1974 &#8211; 1978<br>1977 &#8211; 1994<br>1977 &#8211; 1980<br>1978 &#8211; 1999<br>1979 &#8211; 1990<br>1980 &#8211; 1984<br>1983 &#8211; 1998<br>1984 &#8211; 1995<br>1992 &#8211; 1994<br>1992 &#8211; 2000<br>1994 &#8211; 2010<br>1996 &#8211; 2001<br>1997 &#8211; 2000<br>1997 &#8211; 2008<br>1997 &#8211; 2004<br>2004 &#8211; 2011<br>2004 &#8211; 2008<br>2005 &#8211; 2014<br>2005 &#8211; 2008<br>seit 2008<br>2008 &#8211; 2015<br>seit 2008<br>2014 &#8211; 2019<br>seit 2014<br>2015 &#8211; 2026<br>seit 2016<br>seit 2017<br>2017 &#8211; 2022<br>seit 2018<br>seit 2018<br>seit 2018<br>2018 &#8211; 2022<br>seit 2025<br>seit 2025<\/td><\/tr><tr><td><strong>Jugendwart<\/strong><br>Alois W\u00f6schler<br>Ernst Zapf<br>Berthold Simon<br>Ronny Pfrengle<br>J\u00fcrgen Lotter<br>Michael Simon<\/td><td><br>1956 &#8211; 1968<br>1968 &#8211; 1974<br>1974 &#8211; 1978<br>1978 &#8211; 2005&nbsp;<br>2006 &#8211; 2008<br>seit 2008<\/td><\/tr><\/tbody><\/table><\/figure>\n\n\n\n<p><strong>Verwaltungsrat<\/strong><\/p>\n\n\n\n<figure class=\"wp-block-table is-style-stripes\"><table  class=\"has-fixed-layout table table-hover\" ><tbody><tr><td><em>Schriftf\u00fchrer und Kassier (&#8217;56 bis &#8217;74)<\/em><br>Hans Kauter<br>Klaus Schmuck<br>Walter Hoock<br>Erwin Pfirrmann<\/td><td><br>1956 &#8211; 1959<br>1959 &#8211; 1965<br>1965 &#8211; 1966<br>1966 &#8211; 1974<\/td><\/tr><tr><td><em>Gesch\u00e4ftsf\u00fchrer ab 1974<\/em><br>Erwin Pfirrmann<br>Herbert Schoch<br>Torsten Benneter<\/td><td><br>1974 &#8211; 2000<br>2000 &#8211; 2010<br>seit 2010<\/td><\/tr><tr><td><em>Schriftf\u00fchrer ab 1974<\/em><br>Berthold Simon<br>Peter Semmler<br>J\u00fcrgen Weber<br>Peter Semmler<br>Thomas Graf<br>Ivonne Hartmann<\/td><td><br>1974 &#8211; 1978<br>1978 &#8211; 1994<br>1994 &#8211; 1999<br>1999 &#8211; 2000<br>2000 &#8211; 2023<br>seit 2023<\/td><\/tr><\/tbody><\/table><\/figure>\n","protected":false},"excerpt":{"rendered":"<p>F\u00fchrungskr\u00e4fte seit Gr\u00fcndung der Freiwilligen Feuerwehr W\u00f6rth WehrleiterHugo PfirrmannAlois W\u00f6schlerBerthold SimonStefan KuhnJ\u00fcrgen Stephany (aus B\u00fcchelberg) 1956 &#8211; 19751975 &#8211; 19831983 &#8211; 20012001 &#8211; 2018seit 2018 Wehrf\u00fchrerHugo PfirrmannAlois W\u00f6schlerBerthold SimonStefan KuhnDaniel FuhrmannWerner W\u00f6schlerAlexander Mieger 1956 &#8211; 19691969 &#8211; 19831983 &#8211; 20012001 &#8211; 20112011 &#8211; 20152015 &#8211; 2021seit 2021 Stellv. Wehrf\u00fchrerLudwig KuhnAlois W\u00f6schlerLudwig KuhnBerthold SimonKlaus-Bernd Gei\u00dflerDaniel FuhrmannWerner [&hellip;]<\/p>\n","protected":false},"author":2,"featured_media":0,"parent":326,"menu_order":0,"comment_status":"closed","ping_status":"closed","template":"","meta":{"advgb_blocks_editor_width":"","advgb_blocks_columns_visual_guide":"","ngg_post_thumbnail":0,"footnotes":""},"class_list":["post-2265","page","type-page","status-publish","hentry"],"coauthors":[],"author_meta":{"author_link":"https:\/\/feuerwehrwoerth.de\/index.php\/author\/tobias\/","display_name":"Tobias"},"relative_dates":{"created":"Posted 5\u00a0Jahren ago","modified":"Updated 4\u00a0Wochen ago"},"absolute_dates":{"created":"Posted on 27. Oktober 2021","modified":"Updated on 1. April 2026"},"absolute_dates_time":{"created":"Posted on 27. Oktober 2021 19:05","modified":"Updated on 1. April 2026 7:11"},"featured_img_caption":"","featured_img":false,"series_order":"","jetpack_sharing_enabled":true,"_links":{"self":[{"href":"https:\/\/feuerwehrwoerth.de\/index.php\/wp-json\/wp\/v2\/pages\/2265","targetHints":{"allow":["GET"]}}],"collection":[{"href":"https:\/\/feuerwehrwoerth.de\/index.php\/wp-json\/wp\/v2\/pages"}],"about":[{"href":"https:\/\/feuerwehrwoerth.de\/index.php\/wp-json\/wp\/v2\/types\/page"}],"author":[{"embeddable":true,"href":"https:\/\/feuerwehrwoerth.de\/index.php\/wp-json\/wp\/v2\/users\/2"}],"replies":[{"embeddable":true,"href":"https:\/\/feuerwehrwoerth.de\/index.php\/wp-json\/wp\/v2\/comments?post=2265"}],"version-history":[{"count":17,"href":"https:\/\/feuerwehrwoerth.de\/index.php\/wp-json\/wp\/v2\/pages\/2265\/revisions"}],"predecessor-version":[{"id":9015,"href":"https:\/\/feuerwehrwoerth.de\/index.php\/wp-json\/wp\/v2\/pages\/2265\/revisions\/9015"}],"up":[{"embeddable":true,"href":"https:\/\/feuerwehrwoerth.de\/index.php\/wp-json\/wp\/v2\/pages\/326"}],"wp:attachment":[{"href":"https:\/\/feuerwehrwoerth.de\/index.php\/wp-json\/wp\/v2\/media?parent=2265"}],"curies":[{"name":"wp","href":"https:\/\/api.w.org\/{rel}","templated":true}]}}

Führungskräfte seit Gründung der Freiwilligen Feuerwehr

<h3 class="wp-block-heading">Führungskräfte seit Gründung der Freiwilligen Feuerwehr Wörth </h3>



<figure class="wp-block-table is-style-stripes"><table  class="has-fixed-layout table table-hover" ><tbody><tr><td><strong>Wehrleiter</strong><br>Hugo Pfirrmann<br>Alois Wöschler<br>Berthold Simon<br>Stefan Kuhn<br>Jürgen Stephany (aus Büchelberg)</td><td><br>1956 &#8211; 1975<br>1975 &#8211; 1983<br>1983 &#8211; 2001<br>2001 &#8211; 2018<br>seit 2018</td></tr><tr><td><strong>Wehrführer</strong><br>Hugo Pfirrmann<br>Alois Wöschler<br>Berthold Simon<br>Stefan Kuhn<br>Daniel Fuhrmann<br>Werner Wöschler<br>Alexander Mieger</td><td><br>1956 &#8211; 1969<br>1969 &#8211; 1983<br>1983 &#8211; 2001<br>2001 &#8211; 2011<br>2011 &#8211; 2015<br>2015 &#8211; 2021<br>seit 2021</td></tr><tr><td><strong>Stellv. Wehrführer</strong><br>Ludwig Kuhn<br>Alois Wöschler<br>Ludwig Kuhn<br>Berthold Simon<br>Klaus-Bernd Geißler<br>Daniel Fuhrmann<br>Werner Wöschler<br>Sebastian Schröder<br>Steffen Reidt</td><td><br>1956 &#8211; 1961<br>1961 &#8211; 1969<br>1969 &#8211; 1978<br>1978 &#8211; 1983<br>1983 &#8211; 2001<br>2001 &#8211; 2011<br>2011 &#8211; 2015<br>2015 &#8211; 2019<br>seit 2019</td></tr><tr><td><strong>Zugführer</strong><br>Alois Wöschler<br>Hugo Wärther<br>Severin Pfirrmann<br>Ludwig Kuhn<br>Kurt Schloß<br>Bernhard Pfirrmann<br>Klaus-Bernd Geißler<br>Stefan Kuhn<br>Ronny Pfrengle<br>Bernd Wüst<br>Roland Kraus<br>Daniel Fuhrmann<br>Werner Wöschler<br>Alexander Mieger<br>Sebastian Schröder<br>Steffen Reidt<br>Matthias Stirm<br>Michael Simon</td><td><br>1968 &#8211; 1969<br>1968 &#8211; 1980<br>1974 &#8211; 1981<br>1978 &#8211; 1989<br>1980 &#8211; 1997<br>1980 &#8211; 1997<br>1980 &#8211; 1983<br>1994 &#8211; 2001<br>seit 1995<br>seit 2000<br>seit 2000<br>2001 &#8211; 2015<br>seit 2011<br>seit 2014<br>seit 2016<br>seit 2019<br>seit 2024<br>seit 2026</td></tr><tr><td><strong>Gruppenführer/</strong><br><strong>Stellv. Gruppenführer</strong><br>Georg Eck<br>Erich Kuntz<br>Felix Pfirrmann<br>Severin Pfirrmann<br>Alois Schmuck<br>Ludwig Kuhn<br>Hugo Wärther<br>Alois Sitter<br>Eugen Schmuck<br>Ägidius Wilhelm<br>Werner Wöschler<br>Klaus-Bernd Geißler<br>Bernhard Pfirrmann<br>Kurt Schloß<br>Berthold Simon<br>Edmund König<br>Bernhard Sitter<br>Peter Semmler<br>Werner Herlein<br>Peter Unger<br>Ronny Pfrengle<br>Stefan Kuhn<br>Roland Kraus<br>Michael Schloß<br>Daniel Fuhrmann<br>Bernd Wüst<br>Loch Olav<br>Uwe Hügle<br>Werner Wöschler<br>Christiane Loch<br>Alexander Mieger<br>Jürgen Lotter<br>Fabian Neumann<br>Sebastian Schröder<br>Martin Sulzer<br>Steffen Reidt<br>Kai Guldenschuh<br>Michael Simon<br>Marc Metzger<br>Paul König<br>Eric Stöffler<br>Philipp Niederer<br>Lucas Offenbacher<br>Tobias Pfrengle<br>Michael Weis<br>Nina Weber<br>Matthias Lüpertz</td><td><br><br>1956 &#8211; 1958<br>1956 &#8211; 1964<br>1956 &#8211; 1973<br>1958 &#8211; 1982<br>1961 &#8211; 1969<br>1963 &#8211; 1967<br>1970 &#8211; 1995<br>1972 &#8211; 1996<br>1973 &#8211; 1992<br>1973 &#8211; 1989<br>1973 &#8211; 1980<br>1974 &#8211; 1980<br>1974 &#8211; 1980<br>1974 &#8211; 1978<br>1977 &#8211; 1994<br>1977 &#8211; 1980<br>1978 &#8211; 1999<br>1979 &#8211; 1990<br>1980 &#8211; 1984<br>1983 &#8211; 1998<br>1984 &#8211; 1995<br>1992 &#8211; 1994<br>1992 &#8211; 2000<br>1994 &#8211; 2010<br>1996 &#8211; 2001<br>1997 &#8211; 2000<br>1997 &#8211; 2008<br>1997 &#8211; 2004<br>2004 &#8211; 2011<br>2004 &#8211; 2008<br>2005 &#8211; 2014<br>2005 &#8211; 2008<br>seit 2008<br>2008 &#8211; 2015<br>seit 2008<br>2014 &#8211; 2019<br>seit 2014<br>2015 &#8211; 2026<br>seit 2016<br>seit 2017<br>2017 &#8211; 2022<br>seit 2018<br>seit 2018<br>seit 2018<br>2018 &#8211; 2022<br>seit 2025<br>seit 2025</td></tr><tr><td><strong>Jugendwart</strong><br>Alois Wöschler<br>Ernst Zapf<br>Berthold Simon<br>Ronny Pfrengle<br>Jürgen Lotter<br>Michael Simon</td><td><br>1956 &#8211; 1968<br>1968 &#8211; 1974<br>1974 &#8211; 1978<br>1978 &#8211; 2005&nbsp;<br>2006 &#8211; 2008<br>seit 2008</td></tr></tbody></table></figure>



<p><strong>Verwaltungsrat</strong></p>



<figure class="wp-block-table is-style-stripes"><table  class="has-fixed-layout table table-hover" ><tbody><tr><td><em>Schriftführer und Kassier (&#8217;56 bis &#8217;74)</em><br>Hans Kauter<br>Klaus Schmuck<br>Walter Hoock<br>Erwin Pfirrmann</td><td><br>1956 &#8211; 1959<br>1959 &#8211; 1965<br>1965 &#8211; 1966<br>1966 &#8211; 1974</td></tr><tr><td><em>Geschäftsführer ab 1974</em><br>Erwin Pfirrmann<br>Herbert Schoch<br>Torsten Benneter</td><td><br>1974 &#8211; 2000<br>2000 &#8211; 2010<br>seit 2010</td></tr><tr><td><em>Schriftführer ab 1974</em><br>Berthold Simon<br>Peter Semmler<br>Jürgen Weber<br>Peter Semmler<br>Thomas Graf<br>Ivonne Hartmann</td><td><br>1974 &#8211; 1978<br>1978 &#8211; 1994<br>1994 &#8211; 1999<br>1999 &#8211; 2000<br>2000 &#8211; 2023<br>seit 2023</td></tr></tbody></table></figure>

<p>Führungskräfte seit Gründung der Freiwilligen Feuerwehr Wörth WehrleiterHugo PfirrmannAlois WöschlerBerthold SimonStefan KuhnJürgen Stephany (aus Büchelberg) 1956 &#8211; 19751975 &#8211; 19831983 &#8211; 20012001 &#8211; 2018seit 2018 WehrführerHugo PfirrmannAlois WöschlerBerthold SimonStefan KuhnDaniel FuhrmannWerner WöschlerAlexander Mieger 1956 &#8211; 19691969 &#8211; 19831983 &#8211; 20012001 &#8211; 20112011 &#8211; 20152015 &#8211; 2021seit 2021 Stellv. WehrführerLudwig KuhnAlois WöschlerLudwig KuhnBerthold SimonKlaus-Bernd GeißlerDaniel FuhrmannWerner [&hellip;]</p>
