{"id":2567,"date":"2021-12-14T19:47:53","date_gmt":"2021-12-14T18:47:53","guid":{"rendered":"https:\/\/feuerwehrwoerth.de\/?page_id=2567"},"modified":"2026-04-05T00:30:27","modified_gmt":"2026-04-04T22:30:27","slug":"facheinheiten","status":"publish","type":"page","link":"https:\/\/feuerwehrwoerth.de\/index.php\/facheinheiten\/","title":{"rendered":"Facheinheiten unserer Kommune"},"content":{"rendered":"\n<p>Innerhalb der Freiwilligen Feuerwehr der Stadt W\u00f6rth am Rhein gibt es mehrere fachspezifische Spezialgruppen. Diese Facheinheiten bestehen aus Einsatzkr\u00e4ften aller vier Ortsbezirke der Kommune. Die dort teilnehmenden Kameraden sind speziell auf besondere Bereiche des Feuerwehrwesens geschult und trainieren Ihre F\u00e4higkeiten zus\u00e4tzlich zu den \u00fcblichen \u00dcbungsterminen in regelm\u00e4\u00dfigen Sonderausbildungen. Dies ist notwendig, da die entsprechenden Wissensbereiche aufgrund ihrer Komplexit\u00e4t tieferes Wissen und spezielle Ausbildungen bzw. Lehrg\u00e4nge erforderlich machen.<\/p>\n\n\n\n<p><strong><em>Folgende Facheinheiten sind aktuell bei uns aktiv:<\/em><\/strong><\/p>\n\n\n\n<figure class=\"wp-block-table\"><table  class=\" table table-hover\" ><tbody><tr><td><a href=\"https:\/\/feuerwehrwoerth.de\/index.php\/facheinheiten\/facheinheit-atemschutz\/\" class=\"ek-link\">Atemschutz<\/a><\/td><\/tr><tr><td><a href=\"https:\/\/feuerwehrwoerth.de\/index.php\/facheinheiten\/absturzsicherung\/\" data-type=\"page\" data-id=\"655\">Absturzsicherung<\/a><\/td><\/tr><tr><td><a class=\"ek-link\" href=\"https:\/\/feuerwehrwoerth.de\/index.php\/drohne\/\">Drohne<\/a><\/td><\/tr><tr><td><a href=\"https:\/\/feuerwehrwoerth.de\/index.php\/facheinheiten\/facheinheit-drehleiter\/\" data-type=\"page\" data-id=\"4076\">Drehleiter<\/a><\/td><\/tr><tr><td><a href=\"https:\/\/feuerwehrwoerth.de\/index.php\/ueber-uns\/feuerwehrgeraetehaus\/fez\/\" class=\"ek-link\">Feuerwehreinsatzzentrale<\/a><\/td><\/tr><tr><td><a href=\"https:\/\/feuerwehrwoerth.de\/index.php\/facheinheiten\/facheinheit-gefahrstoffe\/\" data-type=\"page\" data-id=\"2618\">Gefahrstoffe<\/a><\/td><\/tr><tr><td><a href=\"https:\/\/feuerwehrwoerth.de\/index.php\/mitmachen\/unter-16-jahren\/\" data-type=\"page\" data-id=\"111\">Jugendfeuerwehr<\/a><\/td><\/tr><tr><td><a href=\"https:\/\/feuerwehrwoerth.de\/index.php\/facheinheiten\/facheinheit-technische-hilfeleistung\/\" data-type=\"page\" data-id=\"2622\">Technische Hilfeleistung<\/a><\/td><\/tr><\/tbody><\/table><\/figure>\n\n\n\n<p><\/p>\n\n\n\n<p><\/p>\n","protected":false},"excerpt":{"rendered":"<p>Innerhalb der Freiwilligen Feuerwehr der Stadt W\u00f6rth am Rhein gibt es mehrere fachspezifische Spezialgruppen. Diese Facheinheiten bestehen aus Einsatzkr\u00e4ften aller vier Ortsbezirke der Kommune. Die dort teilnehmenden Kameraden sind speziell auf besondere Bereiche des Feuerwehrwesens geschult und trainieren Ihre F\u00e4higkeiten zus\u00e4tzlich zu den \u00fcblichen \u00dcbungsterminen in regelm\u00e4\u00dfigen Sonderausbildungen. Dies ist notwendig, da die entsprechenden Wissensbereiche [&hellip;]<\/p>\n","protected":false},"author":2,"featured_media":0,"parent":0,"menu_order":0,"comment_status":"closed","ping_status":"closed","template":"","meta":{"advgb_blocks_editor_width":"","advgb_blocks_columns_visual_guide":"","ngg_post_thumbnail":0,"footnotes":""},"class_list":["post-2567","page","type-page","status-publish","hentry"],"coauthors":[],"author_meta":{"author_link":"https:\/\/feuerwehrwoerth.de\/index.php\/author\/tobias\/","display_name":"Tobias"},"relative_dates":{"created":"Posted 4\u00a0Jahren ago","modified":"Updated 3\u00a0Wochen ago"},"absolute_dates":{"created":"Posted on 14. Dezember 2021","modified":"Updated on 5. April 2026"},"absolute_dates_time":{"created":"Posted on 14. Dezember 2021 19:47","modified":"Updated on 5. April 2026 0:30"},"featured_img_caption":"","featured_img":false,"series_order":"","jetpack_sharing_enabled":true,"_links":{"self":[{"href":"https:\/\/feuerwehrwoerth.de\/index.php\/wp-json\/wp\/v2\/pages\/2567","targetHints":{"allow":["GET"]}}],"collection":[{"href":"https:\/\/feuerwehrwoerth.de\/index.php\/wp-json\/wp\/v2\/pages"}],"about":[{"href":"https:\/\/feuerwehrwoerth.de\/index.php\/wp-json\/wp\/v2\/types\/page"}],"author":[{"embeddable":true,"href":"https:\/\/feuerwehrwoerth.de\/index.php\/wp-json\/wp\/v2\/users\/2"}],"replies":[{"embeddable":true,"href":"https:\/\/feuerwehrwoerth.de\/index.php\/wp-json\/wp\/v2\/comments?post=2567"}],"version-history":[{"count":16,"href":"https:\/\/feuerwehrwoerth.de\/index.php\/wp-json\/wp\/v2\/pages\/2567\/revisions"}],"predecessor-version":[{"id":9133,"href":"https:\/\/feuerwehrwoerth.de\/index.php\/wp-json\/wp\/v2\/pages\/2567\/revisions\/9133"}],"wp:attachment":[{"href":"https:\/\/feuerwehrwoerth.de\/index.php\/wp-json\/wp\/v2\/media?parent=2567"}],"curies":[{"name":"wp","href":"https:\/\/api.w.org\/{rel}","templated":true}]}}

<p>Innerhalb der Freiwilligen Feuerwehr der Stadt Wörth am Rhein gibt es mehrere fachspezifische Spezialgruppen. Diese Facheinheiten bestehen aus Einsatzkräften aller vier Ortsbezirke der Kommune. Die dort teilnehmenden Kameraden sind speziell auf besondere Bereiche des Feuerwehrwesens geschult und trainieren Ihre Fähigkeiten zusätzlich zu den üblichen Übungsterminen in regelmäßigen Sonderausbildungen. Dies ist notwendig, da die entsprechenden Wissensbereiche aufgrund ihrer Komplexität tieferes Wissen und spezielle Ausbildungen bzw. Lehrgänge erforderlich machen.</p>



<p><strong><em>Folgende Facheinheiten sind aktuell bei uns aktiv:</em></strong></p>



<figure class="wp-block-table"><table  class=" table table-hover" ><tbody><tr><td><a href="https://feuerwehrwoerth.de/index.php/facheinheiten/facheinheit-atemschutz/" class="ek-link">Atemschutz</a></td></tr><tr><td><a href="https://feuerwehrwoerth.de/index.php/facheinheiten/absturzsicherung/" data-type="page" data-id="655">Absturzsicherung</a></td></tr><tr><td><a class="ek-link" href="https://feuerwehrwoerth.de/index.php/drohne/">Drohne</a></td></tr><tr><td><a href="https://feuerwehrwoerth.de/index.php/facheinheiten/facheinheit-drehleiter/" data-type="page" data-id="4076">Drehleiter</a></td></tr><tr><td><a href="https://feuerwehrwoerth.de/index.php/ueber-uns/feuerwehrgeraetehaus/fez/" class="ek-link">Feuerwehreinsatzzentrale</a></td></tr><tr><td><a href="https://feuerwehrwoerth.de/index.php/facheinheiten/facheinheit-gefahrstoffe/" data-type="page" data-id="2618">Gefahrstoffe</a></td></tr><tr><td><a href="https://feuerwehrwoerth.de/index.php/mitmachen/unter-16-jahren/" data-type="page" data-id="111">Jugendfeuerwehr</a></td></tr><tr><td><a href="https://feuerwehrwoerth.de/index.php/facheinheiten/facheinheit-technische-hilfeleistung/" data-type="page" data-id="2622">Technische Hilfeleistung</a></td></tr></tbody></table></figure>



<p></p>



<p></p>

<p>Innerhalb der Freiwilligen Feuerwehr der Stadt Wörth am Rhein gibt es mehrere fachspezifische Spezialgruppen. Diese Facheinheiten bestehen aus Einsatzkräften aller vier Ortsbezirke der Kommune. Die dort teilnehmenden Kameraden sind speziell auf besondere Bereiche des Feuerwehrwesens geschult und trainieren Ihre Fähigkeiten zusätzlich zu den üblichen Übungsterminen in regelmäßigen Sonderausbildungen. Dies ist notwendig, da die entsprechenden Wissensbereiche [&hellip;]</p>
