{"id":2622,"date":"2021-12-16T22:45:36","date_gmt":"2021-12-16T21:45:36","guid":{"rendered":"https:\/\/feuerwehrwoerth.de\/?page_id=2622"},"modified":"2025-08-24T15:35:28","modified_gmt":"2025-08-24T13:35:28","slug":"facheinheit-technische-hilfeleistung","status":"publish","type":"page","link":"https:\/\/feuerwehrwoerth.de\/index.php\/facheinheiten\/facheinheit-technische-hilfeleistung\/","title":{"rendered":"Facheinheit Technische Hilfeleistung"},"content":{"rendered":"\n<p>Neben der Brandbek\u00e4mpfung geh\u00f6rt die <strong>Technische Hilfeleistung (TH)<\/strong> zu den wichtigsten Aufgaben der Freiwilligen Feuerwehr. Ob Verkehrsunf\u00e4lle, Sturmsch\u00e4den oder Menschenrettung \u2013 bei diesen Eins\u00e4tzen ist schnelles, pr\u00e4zises Handeln gefragt. Damit wir in solchen Situationen professionell helfen k\u00f6nnen, absolvieren unsere Einsatzkr\u00e4fte eine fundierte Ausbildung im Bereich Technische Hilfe.<\/p>\n\n\n\n<hr class=\"wp-block-separator has-alpha-channel-opacity\"\/>\n\n\n\n<h3 class=\"wp-block-heading\"><strong>Was ist die Technische Hilfeleistung?<\/strong><\/h3>\n\n\n\n<p>Technische Hilfe umfasst alle Eins\u00e4tze, bei denen wir technische Ger\u00e4te und Verfahren einsetzen, um Menschen oder Tiere zu retten, Gefahren zu beseitigen oder Sachwerte zu sch\u00fctzen. Das kann von der Befreiung eingeklemmter Personen aus einem Fahrzeug bis hin zum Entfernen von umgest\u00fcrzten B\u00e4umen reichen.<\/p>\n\n\n\n<hr class=\"wp-block-separator has-alpha-channel-opacity\"\/>\n\n\n\n<h3 class=\"wp-block-heading\"><strong>Inhalte der Ausbildung f\u00fcr Technische Hilfe<\/strong><\/h3>\n\n\n\n<p>Die Ausbildung deckt ein breites Spektrum an F\u00e4higkeiten und Wissen ab:<\/p>\n\n\n\n<p><strong>1Grundlagen der Technischen Hilfe:<\/strong><\/p>\n\n\n\n<ul class=\"wp-block-list\">\n<li>Kennenlernen der Ger\u00e4te und Werkzeuge, z. B. hydraulische Rettungsger\u00e4te, Hebekissen und Motors\u00e4gen<\/li>\n\n\n\n<li>Sicherer Umgang mit technischem Equipment<\/li>\n\n\n\n<li>Einsch\u00e4tzung von Gefahren an der Einsatzstelle<\/li>\n<\/ul>\n\n\n\n<p><strong>Verkehrsunf\u00e4lle:<\/strong><\/p>\n\n\n\n<ul class=\"wp-block-list\">\n<li>Absichern der Unfallstelle und Schaffen eines sicheren Arbeitsbereichs<\/li>\n\n\n\n<li>Stabilisieren von Fahrzeugen, um Bewegungen zu verhindern<\/li>\n\n\n\n<li>Retten eingeklemmter Personen mit Schere, Spreizer und Rettungszylindern<\/li>\n<\/ul>\n\n\n\n<p><strong>Retten aus H\u00f6hen und Tiefen:<\/strong><\/p>\n\n\n\n<ul class=\"wp-block-list\">\n<li>Arbeiten mit Seiltechnik und Rettungsgurten<\/li>\n\n\n\n<li>Rettung von Personen aus Sch\u00e4chten, Gruben oder hohen Geb\u00e4uden<\/li>\n<\/ul>\n\n\n\n<p><strong>Beseitigung von Sturmsch\u00e4den:<\/strong><\/p>\n\n\n\n<ul class=\"wp-block-list\">\n<li>Umgang mit Motors\u00e4gen und anderen Ger\u00e4ten zur Beseitigung von umgest\u00fcrzten B\u00e4umen<\/li>\n\n\n\n<li>Sichern besch\u00e4digter D\u00e4cher und Geb\u00e4ude<\/li>\n<\/ul>\n\n\n\n<p><strong>Gefahrenabwehr bei Unf\u00e4llen mit Gefahrstoffen:<\/strong><\/p>\n\n\n\n<ul class=\"wp-block-list\">\n<li>Erkennen von Gefahrstoffen und Absichern der Einsatzstelle<\/li>\n\n\n\n<li>Abdichten von Leckagen oder Auffangen von auslaufenden Fl\u00fcssigkeiten<\/li>\n<\/ul>\n\n\n\n<p><strong>Arbeiten in besonderen Situationen:<\/strong><\/p>\n\n\n\n<ul class=\"wp-block-list\">\n<li>Umgang mit schwerem Ger\u00e4t, z. B. Hebekissen oder Seilwinden<\/li>\n\n\n\n<li>Zusammenarbeit mit anderen Organisationen wie Rettungsdiensten oder THW<\/li>\n<\/ul>\n\n\n\n<hr class=\"wp-block-separator has-alpha-channel-opacity\"\/>\n\n\n\n<h3 class=\"wp-block-heading\"><strong>Ablauf der Ausbildung<\/strong><\/h3>\n\n\n\n<p>Die Ausbildung f\u00fcr Technische Hilfe erfolgt in mehreren Schritten:<\/p>\n\n\n\n<ul class=\"wp-block-list\">\n<li><strong>Theorie:<\/strong> Du lernst die Grundlagen zu Technik, Einsatzabl\u00e4ufen und Sicherheitsma\u00dfnahmen.<\/li>\n\n\n\n<li><strong>Praktische \u00dcbungen:<\/strong> In realit\u00e4tsnahen Szenarien \u00fcbst du den Umgang mit Ger\u00e4ten und das Retten von Personen.<\/li>\n\n\n\n<li><strong>Vertiefung durch Lehrg\u00e4nge:<\/strong> Je nach Bedarf kannst du dich in Spezialbereichen wie Verkehrsunf\u00e4llen, Gefahrgut oder Absturzsicherung weiterbilden.<\/li>\n<\/ul>\n\n\n\n<p>Die Ausbildung ist praxisnah gestaltet, um dich optimal auf den Ernstfall vorzubereiten. Dabei spielt Teamarbeit eine zentrale Rolle, denn bei der Technischen Hilfe z\u00e4hlt jedes Hand-in-Hand.<\/p>\n\n\n\n<hr class=\"wp-block-separator has-alpha-channel-opacity\"\/>\n\n\n\n<h3 class=\"wp-block-heading\"><strong>Warum ist die Ausbildung f\u00fcr Technische Hilfe wichtig?<\/strong><\/h3>\n\n\n\n<p>Viele Eins\u00e4tze erfordern technisches Know-how, schnelles Handeln und den sicheren Umgang mit Ger\u00e4ten. Die Ausbildung gibt dir das Wissen und die F\u00e4higkeiten, um in solchen Situationen ruhig und effektiv zu agieren. So k\u00f6nnen wir gemeinsam Menschenleben retten, Sachwerte sch\u00fctzen und Gefahren abwehren.<\/p>\n\n\n\n<hr class=\"wp-block-separator has-alpha-channel-opacity\"\/>\n\n\n\n<h3 class=\"wp-block-heading\"><strong>Werde Teil unseres Teams!<\/strong><\/h3>\n\n\n\n<p>Die Technische Hilfeleistung ist ein spannender und abwechslungsreicher Bereich, der dich pers\u00f6nlich fordert und weiterbringt. M\u00f6chtest du diese F\u00e4higkeiten erlernen und Teil unserer Gemeinschaft werden? Dann melde dich bei uns und starte deine Ausbildung bei der Freiwilligen Feuerwehr! <strong>Wir freuen uns auf dich!<\/strong><\/p>\n","protected":false},"excerpt":{"rendered":"<p>Neben der Brandbek\u00e4mpfung geh\u00f6rt die Technische Hilfeleistung (TH) zu den wichtigsten Aufgaben der Freiwilligen Feuerwehr. Ob Verkehrsunf\u00e4lle, Sturmsch\u00e4den oder Menschenrettung \u2013 bei diesen Eins\u00e4tzen ist schnelles, pr\u00e4zises Handeln gefragt. Damit wir in solchen Situationen professionell helfen k\u00f6nnen, absolvieren unsere Einsatzkr\u00e4fte eine fundierte Ausbildung im Bereich Technische Hilfe. Was ist die Technische Hilfeleistung? Technische Hilfe umfasst [&hellip;]<\/p>\n","protected":false},"author":1,"featured_media":0,"parent":2567,"menu_order":0,"comment_status":"closed","ping_status":"closed","template":"","meta":{"advgb_blocks_editor_width":"","advgb_blocks_columns_visual_guide":"","ngg_post_thumbnail":0,"footnotes":""},"class_list":["post-2622","page","type-page","status-publish","hentry"],"coauthors":[],"author_meta":{"author_link":"https:\/\/feuerwehrwoerth.de\/index.php\/author\/chris\/","display_name":"Christian"},"relative_dates":{"created":"Posted 4\u00a0Jahren ago","modified":"Updated 8\u00a0Monaten ago"},"absolute_dates":{"created":"Posted on 16. Dezember 2021","modified":"Updated on 24. August 2025"},"absolute_dates_time":{"created":"Posted on 16. Dezember 2021 22:45","modified":"Updated on 24. August 2025 15:35"},"featured_img_caption":"","featured_img":false,"series_order":"","jetpack_sharing_enabled":true,"_links":{"self":[{"href":"https:\/\/feuerwehrwoerth.de\/index.php\/wp-json\/wp\/v2\/pages\/2622","targetHints":{"allow":["GET"]}}],"collection":[{"href":"https:\/\/feuerwehrwoerth.de\/index.php\/wp-json\/wp\/v2\/pages"}],"about":[{"href":"https:\/\/feuerwehrwoerth.de\/index.php\/wp-json\/wp\/v2\/types\/page"}],"author":[{"embeddable":true,"href":"https:\/\/feuerwehrwoerth.de\/index.php\/wp-json\/wp\/v2\/users\/1"}],"replies":[{"embeddable":true,"href":"https:\/\/feuerwehrwoerth.de\/index.php\/wp-json\/wp\/v2\/comments?post=2622"}],"version-history":[{"count":5,"href":"https:\/\/feuerwehrwoerth.de\/index.php\/wp-json\/wp\/v2\/pages\/2622\/revisions"}],"predecessor-version":[{"id":7534,"href":"https:\/\/feuerwehrwoerth.de\/index.php\/wp-json\/wp\/v2\/pages\/2622\/revisions\/7534"}],"up":[{"embeddable":true,"href":"https:\/\/feuerwehrwoerth.de\/index.php\/wp-json\/wp\/v2\/pages\/2567"}],"wp:attachment":[{"href":"https:\/\/feuerwehrwoerth.de\/index.php\/wp-json\/wp\/v2\/media?parent=2622"}],"curies":[{"name":"wp","href":"https:\/\/api.w.org\/{rel}","templated":true}]}}