{"id":326,"date":"2020-12-10T19:18:54","date_gmt":"2020-12-10T18:18:54","guid":{"rendered":"https:\/\/feuerwehrwoerth.de\/wordpress\/?page_id=326"},"modified":"2026-03-31T22:58:21","modified_gmt":"2026-03-31T20:58:21","slug":"chronik","status":"publish","type":"page","link":"https:\/\/feuerwehrwoerth.de\/index.php\/ueber-uns\/chronik\/","title":{"rendered":"Chronik Einheit W\u00f6rth"},"content":{"rendered":"\n<p class=\"has-text-align-center\"><em>Hier bieten wir einen Einblick in die langj\u00e4hrige Geschichte unserer Feuerwehr.<\/em><\/p>\n\n\n\n<hr class=\"wp-block-separator\"\/>\n\n\n\n<p>Auf den folgenden Unterseiten finden Sie die wichtigsten Informationen aus der Geschichte der Freiwilligen Feuerwehr W\u00f6rth:<\/p>\n\n\n\n<p><\/p>\n\n\n\n<figure class=\"wp-block-table\"><table  class=\" table table-hover\" ><tbody><tr><td>Das Personal<\/td><td><a href=\"https:\/\/feuerwehrwoerth.de\/index.php\/ueber-uns\/chronik\/fuehrungskraefte-seit-gruendung\/\" class=\"ek-link\">F\u00fchrungskr\u00e4fte seit Gr\u00fcndung der Freiwilligen Feuerwehr<\/a><\/td><\/tr><tr><td>Kapitel 1<\/td><td><a href=\"https:\/\/feuerwehrwoerth.de\/index.php\/ueber-uns\/chronik\/chronik-kapitel-1-die-urspruenge\/\" class=\"ek-link\">Die Urspr\u00fcnge<\/a><\/td><\/tr><tr><td>Kapitel 2<\/td><td><a href=\"https:\/\/feuerwehrwoerth.de\/index.php\/ueber-uns\/chronik\/chronik-kapitel-2-die-gruendung-der-freiwilligen-feuerwehr\/\" class=\"ek-link\">Gr\u00fcndung und Anfangsjahre der Freiwilligen Feuerwehr<\/a><\/td><\/tr><tr><td>Kapitel 3<\/td><td><a href=\"https:\/\/feuerwehrwoerth.de\/index.php\/ueber-uns\/chronik\/chronik-kapitel-3-die-jahre-1960-1979\/\" class=\"ek-link\">Die Jahre 1960-1979<\/a><\/td><\/tr><tr><td>Kapitel 4<\/td><td><a href=\"https:\/\/feuerwehrwoerth.de\/index.php\/ueber-uns\/chronik\/chronik-kapitel-4-die-jahre-1980-1999\/\" class=\"ek-link\">Die Jahre 1980-1999<\/a><\/td><\/tr><tr><td>Kapitel 5<\/td><td><a href=\"https:\/\/feuerwehrwoerth.de\/index.php\/ueber-uns\/chronik\/chronik-kapitel-5-die-jahre-2000-2019\/\" class=\"ek-link\">Die Jahre 2000-2019<\/a><\/td><\/tr><\/tbody><\/table><\/figure>\n\n\n\n<div class=\"wp-block-advgb-accordions advgb-accordion-wrapper\"><\/div>\n\n\n\n<p><\/p>\n","protected":false},"excerpt":{"rendered":"<p>Hier bieten wir einen Einblick in die langj\u00e4hrige Geschichte unserer Feuerwehr. Auf den folgenden Unterseiten finden Sie die wichtigsten Informationen aus der Geschichte der Freiwilligen Feuerwehr W\u00f6rth: Das Personal F\u00fchrungskr\u00e4fte seit Gr\u00fcndung der Freiwilligen Feuerwehr Kapitel 1 Die Urspr\u00fcnge Kapitel 2 Gr\u00fcndung und Anfangsjahre der Freiwilligen Feuerwehr Kapitel 3 Die Jahre 1960-1979 Kapitel 4 Die [&hellip;]<\/p>\n","protected":false},"author":2,"featured_media":0,"parent":34,"menu_order":0,"comment_status":"closed","ping_status":"closed","template":"","meta":{"advgb_blocks_editor_width":"","advgb_blocks_columns_visual_guide":"","ngg_post_thumbnail":0,"footnotes":""},"class_list":["post-326","page","type-page","status-publish","hentry"],"coauthors":[],"author_meta":{"author_link":"https:\/\/feuerwehrwoerth.de\/index.php\/author\/tobias\/","display_name":"Tobias"},"relative_dates":{"created":"Posted 5\u00a0Jahren ago","modified":"Updated 1\u00a0Monat ago"},"absolute_dates":{"created":"Posted on 10. Dezember 2020","modified":"Updated on 31. M\u00e4rz 2026"},"absolute_dates_time":{"created":"Posted on 10. Dezember 2020 19:18","modified":"Updated on 31. M\u00e4rz 2026 22:58"},"featured_img_caption":"","featured_img":false,"series_order":"","jetpack_sharing_enabled":true,"_links":{"self":[{"href":"https:\/\/feuerwehrwoerth.de\/index.php\/wp-json\/wp\/v2\/pages\/326","targetHints":{"allow":["GET"]}}],"collection":[{"href":"https:\/\/feuerwehrwoerth.de\/index.php\/wp-json\/wp\/v2\/pages"}],"about":[{"href":"https:\/\/feuerwehrwoerth.de\/index.php\/wp-json\/wp\/v2\/types\/page"}],"author":[{"embeddable":true,"href":"https:\/\/feuerwehrwoerth.de\/index.php\/wp-json\/wp\/v2\/users\/2"}],"replies":[{"embeddable":true,"href":"https:\/\/feuerwehrwoerth.de\/index.php\/wp-json\/wp\/v2\/comments?post=326"}],"version-history":[{"count":15,"href":"https:\/\/feuerwehrwoerth.de\/index.php\/wp-json\/wp\/v2\/pages\/326\/revisions"}],"predecessor-version":[{"id":8937,"href":"https:\/\/feuerwehrwoerth.de\/index.php\/wp-json\/wp\/v2\/pages\/326\/revisions\/8937"}],"up":[{"embeddable":true,"href":"https:\/\/feuerwehrwoerth.de\/index.php\/wp-json\/wp\/v2\/pages\/34"}],"wp:attachment":[{"href":"https:\/\/feuerwehrwoerth.de\/index.php\/wp-json\/wp\/v2\/media?parent=326"}],"curies":[{"name":"wp","href":"https:\/\/api.w.org\/{rel}","templated":true}]}}

Chronik Einheit Wörth

<p class="has-text-align-center"><em>Hier bieten wir einen Einblick in die langjährige Geschichte unserer Feuerwehr.</em></p>



<hr class="wp-block-separator"/>



<p>Auf den folgenden Unterseiten finden Sie die wichtigsten Informationen aus der Geschichte der Freiwilligen Feuerwehr Wörth:</p>



<p></p>



<figure class="wp-block-table"><table  class=" table table-hover" ><tbody><tr><td>Das Personal</td><td><a href="https://feuerwehrwoerth.de/index.php/ueber-uns/chronik/fuehrungskraefte-seit-gruendung/" class="ek-link">Führungskräfte seit Gründung der Freiwilligen Feuerwehr</a></td></tr><tr><td>Kapitel 1</td><td><a href="https://feuerwehrwoerth.de/index.php/ueber-uns/chronik/chronik-kapitel-1-die-urspruenge/" class="ek-link">Die Ursprünge</a></td></tr><tr><td>Kapitel 2</td><td><a href="https://feuerwehrwoerth.de/index.php/ueber-uns/chronik/chronik-kapitel-2-die-gruendung-der-freiwilligen-feuerwehr/" class="ek-link">Gründung und Anfangsjahre der Freiwilligen Feuerwehr</a></td></tr><tr><td>Kapitel 3</td><td><a href="https://feuerwehrwoerth.de/index.php/ueber-uns/chronik/chronik-kapitel-3-die-jahre-1960-1979/" class="ek-link">Die Jahre 1960-1979</a></td></tr><tr><td>Kapitel 4</td><td><a href="https://feuerwehrwoerth.de/index.php/ueber-uns/chronik/chronik-kapitel-4-die-jahre-1980-1999/" class="ek-link">Die Jahre 1980-1999</a></td></tr><tr><td>Kapitel 5</td><td><a href="https://feuerwehrwoerth.de/index.php/ueber-uns/chronik/chronik-kapitel-5-die-jahre-2000-2019/" class="ek-link">Die Jahre 2000-2019</a></td></tr></tbody></table></figure>



<div class="wp-block-advgb-accordions advgb-accordion-wrapper"></div>



<p></p>

<p>Hier bieten wir einen Einblick in die langjährige Geschichte unserer Feuerwehr. Auf den folgenden Unterseiten finden Sie die wichtigsten Informationen aus der Geschichte der Freiwilligen Feuerwehr Wörth: Das Personal Führungskräfte seit Gründung der Freiwilligen Feuerwehr Kapitel 1 Die Ursprünge Kapitel 2 Gründung und Anfangsjahre der Freiwilligen Feuerwehr Kapitel 3 Die Jahre 1960-1979 Kapitel 4 Die [&hellip;]</p>

Updated on 31. März 2026

Updated on 31. März 2026 22:58
