{"id":655,"date":"2020-12-13T02:30:26","date_gmt":"2020-12-13T01:30:26","guid":{"rendered":"https:\/\/feuerwehrwoerth.de\/wordpress\/?page_id=655"},"modified":"2025-08-24T15:19:02","modified_gmt":"2025-08-24T13:19:02","slug":"absturzsicherung","status":"publish","type":"page","link":"https:\/\/feuerwehrwoerth.de\/index.php\/facheinheiten\/absturzsicherung\/","title":{"rendered":"Facheinheit Absturzsicherung"},"content":{"rendered":"\n<p class=\"has-text-align-center\"><em>Hier erhalten Sie einen \u00dcberblick \u00fcber unsere Ausbildung im Bereich Absturzsicherung.<\/em><\/p>\n\n\n\n<hr class=\"wp-block-separator has-css-opacity\"\/>\n\n\n\n<p><strong>Arbeiten in \u201egef\u00e4hrlichen\u201c Bereichen<\/strong><\/p>\n\n\n\n<p class=\"has-text-align-justify\">Im heutigen Feuerwehralltag geht es schon lange nicht mehr nur um die Menschenrettung durch eine reine Brandbek\u00e4mpfung. In den vergangenen Jahrzehnten gewannen Einsatzszenarien rund um die Technische Hilfe an enormer Bedeutung. Ein besonderer Teil dieser Technischen Hilfe ist die \u2013 im Vergleich \u2013 noch recht junge Absturzsicherung (TH AbstuSi). Zum erfolgreichen Absolvieren von Eins\u00e4tzen kann es passieren, dass Einsatzkr\u00e4fte sich in absturzgef\u00e4hrdete Bereiche begeben m\u00fcssen. Wo fr\u00fcher noch wagemutig an Absturzkanten wie beispielsweise auf D\u00e4chern gehandelt wurde, festigte sich irgendwann der Sicherheitsgedanke auch in dieser Disziplin. Vom \u201eDachballett\u201c vergangener Zeiten ist keine Spur mehr zu sehen: Um bei Arbeiten in gef\u00e4hrdeten Bereichen sicher agieren zu k\u00f6nnen, ist heute eine ausreichende Sicherung gegen einen nicht immer auszuschlie\u00dfenden Absturz selbstverst\u00e4ndlich Standard. Diese Sicherung kann dabei jedoch die Einsatzgrenzen der gew\u00f6hnlichen Schutzausr\u00fcstung Feuerwehrangeh\u00f6riger \u00fcberschreiten. Ist dies der Fall, so bietet der Ger\u00e4tesatz Absturzsicherung uns eine m\u00f6gliche Alternative, um das Einsatzziel mit m\u00f6glichst geringem Risiko erreichen zu k\u00f6nnen.<\/p>\n\n\n\n<div style=\"height:15px\" aria-hidden=\"true\" class=\"wp-block-spacer\"><\/div>\n\n\n\n<figure class=\"wp-block-gallery has-nested-images columns-default is-cropped wp-block-gallery-1 is-layout-flex wp-block-gallery-is-layout-flex\">\n<figure class=\"wp-block-image size-large\"><img loading=\"lazy\" decoding=\"async\" width=\"768\" height=\"1024\" data-id=\"707\" src=\"https:\/\/feuerwehrwoerth.de\/wp-content\/uploads\/Ausbildung\/k-20140513_183042-1-768x1024.jpg\" alt=\"\" class=\"wp-image-707\" srcset=\"https:\/\/feuerwehrwoerth.de\/wp-content\/uploads\/Ausbildung\/k-20140513_183042-1-768x1023.jpg 768w, https:\/\/feuerwehrwoerth.de\/wp-content\/uploads\/Ausbildung\/k-20140513_183042-1-225x300.jpg 225w, https:\/\/feuerwehrwoerth.de\/wp-content\/uploads\/Ausbildung\/k-20140513_183042-1.jpg 800w\" sizes=\"auto, (max-width: 768px) 100vw, 768px\" \/><figcaption class=\"wp-element-caption\">Die Absturzsicherung in Aktion<\/figcaption><\/figure>\n\n\n\n<figure class=\"wp-block-image size-large\"><img loading=\"lazy\" decoding=\"async\" width=\"800\" height=\"616\" data-id=\"708\" src=\"https:\/\/feuerwehrwoerth.de\/wp-content\/uploads\/Ausbildung\/k-IMG_0199-bearbeitet-1.jpg\" alt=\"\" class=\"wp-image-708\" srcset=\"https:\/\/feuerwehrwoerth.de\/wp-content\/uploads\/Ausbildung\/k-IMG_0199-bearbeitet-1.jpg 800w, https:\/\/feuerwehrwoerth.de\/wp-content\/uploads\/Ausbildung\/k-IMG_0199-bearbeitet-1-300x231.jpg 300w, https:\/\/feuerwehrwoerth.de\/wp-content\/uploads\/Ausbildung\/k-IMG_0199-bearbeitet-1-768x591.jpg 768w\" sizes=\"auto, (max-width: 800px) 100vw, 800px\" \/><figcaption class=\"wp-element-caption\">Beim Grundlehrgang der AbstuSi wird zuerst alles ohne Absturzgefahr ge\u00fcbt.<\/figcaption><\/figure>\n<\/figure>\n\n\n\n<p><strong>Voraussetzungen f\u00fcr ein sicheres Arbeiten<\/strong><\/p>\n\n\n\n<p class=\"has-text-align-justify\">Der Ger\u00e4tesatz Absturzsicherung besteht aus speziellen feuerwehrtauglichen Ausr\u00fcstungsgegenst\u00e4nden. Er ist den Sicherungselementen der H\u00f6hensicherung nachempfunden, erm\u00f6glicht jedoch aufgrund seines geringeren Umfangs nur die Bearbeitung einfacher Einsatzziele. Im Stadtgebiet befinden sich insgesamt zwei Ger\u00e4tes\u00e4tze. Einer davon bei uns in W\u00f6rth auf unserer&nbsp;<a href=\"https:\/\/www.ff-woerth-am-rhein.de\/ausr%C3%BCstung\/fahrzeuge\/dlk-23-12\/\">Drehleiter<\/a>&nbsp;verlastet, der andere ist bei unseren Kameraden aus B\u00fcchelberg zu finden. Da der Umgang mit diesem Material dennoch nicht zu den Alltagsaufgaben eines Feuerwehrmanns geh\u00f6ren und die Ausbildung \u00fcber die erforderlichen F\u00e4higkeiten der Grundausbildung weit herausreichen, ist eine spezielle Ausbildung daf\u00fcr erforderlich. Der notwendige Lehrgang \u201eSicheres Arbeiten in absturzgef\u00e4hrdeten Bereichen\u201c dauert mindestens 24 Stunden (bei der H\u00f6henrettung sind min. 80 Stunden erforderlich). Dabei werden u.a. die erforderlichen Grundtechniken seilgebundener Hilfeleistung, wichtige Sicherheitsgrunds\u00e4tze und nat\u00fcrlich der geeignete Umgang mit dem Material geschult. Voraussetzung f\u00fcr die Teilnahme an diesem Lehrgang ist eine abgeschlossene Ausbildung zum Truppmann, bei der die Feuerwehranw\u00e4rter die Grundlagen der allgemeinen Feuerwehrt\u00e4tigkeit \u2013 dazu geh\u00f6ren auch bereits Sicherungen mit Hilfe einer Feuerwehrleine \u2013 erlernen. Weiterhin ist vorab ein medizinischer Eignungstest erforderlich, da es sich bei der Absturzsicherung trotz allen Schutzma\u00dfnahmen immer noch um eine Risikoausbildung handelt und die Teilnehmer (wie auch bei Arbeiten unter einer Atemschutzmaske) in einer guten k\u00f6rperlichen Verfassung sein m\u00fcssen. Je nach Einsatzziel kann ein anstrengender vertikaler \u201eVorstieg\u201c erforderlich sein. Daf\u00fcr m\u00fcssen ausreichend Kr\u00e4fte und Ausdauer vorhanden sein. Die Aufgaben f\u00fcr die Absturzsicherungsgruppe der Stadt W\u00f6rth am Rhein betreffen aber nicht nur reine \u201eKletter\u00fcbungen\u201c wie in einer Kletterhalle. Es gibt durchaus komplexere Eins\u00e4tze zu bew\u00e4ltigen.<\/p>\n\n\n\n<div style=\"height:15px\" aria-hidden=\"true\" class=\"wp-block-spacer\"><\/div>\n\n\n\n<figure class=\"wp-block-gallery has-nested-images columns-default is-cropped wp-block-gallery-2 is-layout-flex wp-block-gallery-is-layout-flex\">\n<figure class=\"wp-block-image size-large\"><img loading=\"lazy\" decoding=\"async\" width=\"530\" height=\"800\" data-id=\"695\" src=\"https:\/\/feuerwehrwoerth.de\/wp-content\/uploads\/Ausbildung\/k-1800912_696372517074802_839563201_n.jpg\" alt=\"\" class=\"wp-image-695\" srcset=\"https:\/\/feuerwehrwoerth.de\/wp-content\/uploads\/Ausbildung\/k-1800912_696372517074802_839563201_n.jpg 530w, https:\/\/feuerwehrwoerth.de\/wp-content\/uploads\/Ausbildung\/k-1800912_696372517074802_839563201_n-199x300.jpg 199w\" sizes=\"auto, (max-width: 530px) 100vw, 530px\" \/><figcaption class=\"wp-element-caption\">Dank unserer Drehleiter sind spontane \u00dcbungen auch ohne gro\u00dfen Aufwand m\u00f6glich.<\/figcaption><\/figure>\n\n\n\n<figure class=\"wp-block-image size-large\"><img loading=\"lazy\" decoding=\"async\" width=\"531\" height=\"800\" data-id=\"696\" src=\"https:\/\/feuerwehrwoerth.de\/wp-content\/uploads\/Ausbildung\/k-DSC_0522.jpg\" alt=\"\" class=\"wp-image-696\" srcset=\"https:\/\/feuerwehrwoerth.de\/wp-content\/uploads\/Ausbildung\/k-DSC_0522.jpg 531w, https:\/\/feuerwehrwoerth.de\/wp-content\/uploads\/Ausbildung\/k-DSC_0522-199x300.jpg 199w\" sizes=\"auto, (max-width: 531px) 100vw, 531px\" \/><figcaption class=\"wp-element-caption\">Der Auffang- und Sitzgurt soll als ein Teil der Schutzausr\u00fcstung beim Sturz vor Verletzungen sch\u00fctzen.<\/figcaption><\/figure>\n<\/figure>\n\n\n\n<p><strong>M\u00f6gliche Eins\u00e4tze und unsere Grenzen<\/strong><\/p>\n\n\n\n<figure> <img decoding=\"async\" class=\"size-medium wp-iage-359 alignright\" src=\"https:\/\/feuerwehrwoerth.de\/wordpress\/wp-content\/uploads\/Ausbildung\/k-IMG_2263.jpg\" width=\"240\"> <\/figure>\n<p style=\"text-align:justify\">Ein Beispiel f\u00fcr solche Einsatzszenarien ist die letzte Phase eines Geb\u00e4udebrands: Wenn das Feuer erfolgreich bek\u00e4mpft werden konnte und der Brand gel\u00f6scht ist, so k\u00f6nnen alle Objekte im Gefahrenbereich abk\u00fchlen. Um dies zu unterst\u00fctzen und letzte Glutnester abzul\u00f6schen f\u00fchren wir sogenannte Nachl\u00f6scharbeiten durch. Diese k\u00f6nnen an einer Einsatzstelle an allen m\u00f6glichen Orten und Stellen notwendig werden \u2013 also auch in einem absturzgef\u00e4hrdeten Bereich. Weiterhin sind auch Eins\u00e4tze m\u00f6glich, in denen die Absturzsicherung nicht nur eine unterst\u00fctzende Funktion hat, sondern das eigentliche Einsatzziel darstellt. Dies ist der Fall, wenn eine Person aus einer misslichen Lage befreit werden muss. Passieren kann das sowohl in H\u00f6hen als auch Tiefen. Bei Einsatzlagen in H\u00f6he ist es uns m\u00f6glich hierbei Personen gegen den Absturz zu sichern bis weitere Ma\u00dfnahmen durchgef\u00fchrt werden k\u00f6nnen oder wir Verst\u00e4rkung von den Kameraden der \u201eSpeziellen Rettung aus H\u00f6hen und Tiefen\u201c (SRHT), also den H\u00f6henrettern, bekommen. Im Unterschied zu diesen Spezialkr\u00e4ften f\u00fcr die Rettung aus Notlagen in H\u00f6hen und Tiefen sind wir mit unserem Ger\u00e4tesatz Absturzsicherung an Einsatzziele gebunden, f\u00fcr welche zwar eine Absturzgefahr f\u00fcr Einsatzkr\u00e4fte besteht, es jedoch zu keiner Zeit ein H\u00e4ngen im Seil geplant ist. Somit ist unser Sicherungsseil nur da, um St\u00fcrze aufzufangen und damit Verletzungen zu vermeiden. H\u00f6henretter hingegen arbeiten w\u00e4hrend des H\u00e4ngens im Seil und sind deswegen durch redundante Seilsysteme mehrfach gegen einen Absturz gesichert. <\/p>\n\n\n\n<div style=\"height:15px\" aria-hidden=\"true\" class=\"wp-block-spacer\"><\/div>\n\n\n<div class=\"wp-block-image\">\n<figure class=\"aligncenter size-large\"><img loading=\"lazy\" decoding=\"async\" width=\"800\" height=\"600\" src=\"https:\/\/feuerwehrwoerth.de\/wordpress\/wp-content\/uploads\/Ausbildung\/k-IMG_0636.jpg\" alt=\"\" class=\"wp-image-725\" srcset=\"https:\/\/feuerwehrwoerth.de\/wp-content\/uploads\/Ausbildung\/k-IMG_0636.jpg 800w, https:\/\/feuerwehrwoerth.de\/wp-content\/uploads\/Ausbildung\/k-IMG_0636-300x225.jpg 300w, https:\/\/feuerwehrwoerth.de\/wp-content\/uploads\/Ausbildung\/k-IMG_0636-768x576.jpg 768w\" sizes=\"auto, (max-width: 800px) 100vw, 800px\" \/><figcaption class=\"wp-element-caption\">Selbst bei Dunkelheit haben wir mit einer Helmlampe immer gute Sicht.<\/figcaption><\/figure>\n<\/div>\n\n\n<p><strong>Kontinuierliche Weiterbildung<\/strong><\/p>\n\n\n\n<p class=\"has-text-align-justify\">Bei unserer Ausbildung zum Thema Absturzsicherung geht also es darum, unser Personal bestm\u00f6glich auf eine Verwendung des Ger\u00e4tesatzes im Ernstfall vorzubereiten. Inhaltlich bedeutet dies, die beim Absolvieren des Grundlehrgangs \u201eSicheres Arbeiten in absturzgef\u00e4hrdeten Bereichen\u201c Sicherungstechniken zu \u00fcben. Hierbei geht es vor allem um die Wiederholung der Grundlagen in der praktischen Anwendung und den Ma\u00dfnahmen zur \u00dcbungs- und Einsatznachsorge, also die Kontrolle des verwendeten Materials durch die Einsatzkr\u00e4fte. Dieser Vorgang nennt sich Sichtpr\u00fcfung. Dar\u00fcber hinaus k\u00f6nnen bew\u00e4hrte Methoden trainiert sowie eigene L\u00f6sungen zu neuen Herausforderungen \u2013 im Rahmen der M\u00f6glichkeiten der Ausr\u00fcstung \u2013 entwickelt werden. Weiterhin geht es bei unseren Ausbildungseinheiten um eine f\u00fcr den Einsatzfall geeignete Kommunikation. Denn wie in allen anderen Bereichen des Feuerwehrwesens ist auch bei der Absturzsicherung eine geregelte Kommunikation der Schl\u00fcssel zum Erfolg. Unsere geschulten Einsatzkr\u00e4fte der Absturzsicherungsgruppe der Stadt W\u00f6rth am Rhein haben das ganze Jahr die M\u00f6glichkeit, sich bei unseren zahlreichen Aus-, Fort- und Weiterbildungsveranstaltungen im ganzen Stadtgebiet auf den Ernstfall vorzubereiten und immer auf dem aktuellen Stand der Einsatztechniken zu bleiben.\u202a\u202a<\/p>\n\n\n\n<div style=\"height:15px\" aria-hidden=\"true\" class=\"wp-block-spacer\"><\/div>\n\n\n\n<figure class=\"wp-block-gallery aligncenter has-nested-images columns-default is-cropped wp-block-gallery-3 is-layout-flex wp-block-gallery-is-layout-flex\">\n<figure class=\"wp-block-image size-large\"><img loading=\"lazy\" decoding=\"async\" width=\"800\" height=\"600\" data-id=\"715\" src=\"https:\/\/feuerwehrwoerth.de\/wp-content\/uploads\/Ausbildung\/k-IMG_0505.jpg\" alt=\"\" class=\"wp-image-715\" srcset=\"https:\/\/feuerwehrwoerth.de\/wp-content\/uploads\/Ausbildung\/k-IMG_0505.jpg 800w, https:\/\/feuerwehrwoerth.de\/wp-content\/uploads\/Ausbildung\/k-IMG_0505-300x225.jpg 300w, https:\/\/feuerwehrwoerth.de\/wp-content\/uploads\/Ausbildung\/k-IMG_0505-768x576.jpg 768w\" sizes=\"auto, (max-width: 800px) 100vw, 800px\" \/><\/figure>\n\n\n\n<figure class=\"wp-block-image size-large\"><img loading=\"lazy\" decoding=\"async\" width=\"600\" height=\"800\" data-id=\"716\" src=\"https:\/\/feuerwehrwoerth.de\/wp-content\/uploads\/Ausbildung\/k-20140819_191843.jpg\" alt=\"\" class=\"wp-image-716\" srcset=\"https:\/\/feuerwehrwoerth.de\/wp-content\/uploads\/Ausbildung\/k-20140819_191843.jpg 600w, https:\/\/feuerwehrwoerth.de\/wp-content\/uploads\/Ausbildung\/k-20140819_191843-225x300.jpg 225w\" sizes=\"auto, (max-width: 600px) 100vw, 600px\" \/><\/figure>\n\n\n\n<figure class=\"wp-block-image size-large\"><img loading=\"lazy\" decoding=\"async\" width=\"800\" height=\"600\" data-id=\"717\" src=\"https:\/\/feuerwehrwoerth.de\/wp-content\/uploads\/2020\/12\/k-20150710_182546.jpg\" alt=\"\" class=\"wp-image-717\" srcset=\"https:\/\/feuerwehrwoerth.de\/wp-content\/uploads\/2020\/12\/k-20150710_182546.jpg 800w, https:\/\/feuerwehrwoerth.de\/wp-content\/uploads\/2020\/12\/k-20150710_182546-300x225.jpg 300w, https:\/\/feuerwehrwoerth.de\/wp-content\/uploads\/2020\/12\/k-20150710_182546-768x576.jpg 768w\" sizes=\"auto, (max-width: 800px) 100vw, 800px\" \/><\/figure>\n\n\n\n<figure class=\"wp-block-image size-large\"><img loading=\"lazy\" decoding=\"async\" width=\"800\" height=\"600\" data-id=\"718\" src=\"https:\/\/feuerwehrwoerth.de\/wp-content\/uploads\/Ausbildung\/k-20160914_194641.jpg\" alt=\"\" class=\"wp-image-718\" srcset=\"https:\/\/feuerwehrwoerth.de\/wp-content\/uploads\/Ausbildung\/k-20160914_194641.jpg 800w, https:\/\/feuerwehrwoerth.de\/wp-content\/uploads\/Ausbildung\/k-20160914_194641-300x225.jpg 300w, https:\/\/feuerwehrwoerth.de\/wp-content\/uploads\/Ausbildung\/k-20160914_194641-768x576.jpg 768w\" sizes=\"auto, (max-width: 800px) 100vw, 800px\" \/><\/figure>\n\n\n\n<figure class=\"wp-block-image size-large\"><img loading=\"lazy\" decoding=\"async\" width=\"800\" height=\"600\" data-id=\"719\" src=\"https:\/\/feuerwehrwoerth.de\/wp-content\/uploads\/Ausbildung\/k-IMG_0623.jpg\" alt=\"\" class=\"wp-image-719\" srcset=\"https:\/\/feuerwehrwoerth.de\/wp-content\/uploads\/Ausbildung\/k-IMG_0623.jpg 800w, https:\/\/feuerwehrwoerth.de\/wp-content\/uploads\/Ausbildung\/k-IMG_0623-300x225.jpg 300w, https:\/\/feuerwehrwoerth.de\/wp-content\/uploads\/Ausbildung\/k-IMG_0623-768x576.jpg 768w\" sizes=\"auto, (max-width: 800px) 100vw, 800px\" \/><\/figure>\n\n\n\n<figure class=\"wp-block-image size-large\"><img loading=\"lazy\" decoding=\"async\" width=\"800\" height=\"600\" data-id=\"720\" src=\"https:\/\/feuerwehrwoerth.de\/wp-content\/uploads\/Ausbildung\/k-IMG_0641.jpg\" alt=\"\" class=\"wp-image-720\" srcset=\"https:\/\/feuerwehrwoerth.de\/wp-content\/uploads\/Ausbildung\/k-IMG_0641.jpg 800w, https:\/\/feuerwehrwoerth.de\/wp-content\/uploads\/Ausbildung\/k-IMG_0641-300x225.jpg 300w, https:\/\/feuerwehrwoerth.de\/wp-content\/uploads\/Ausbildung\/k-IMG_0641-768x576.jpg 768w\" sizes=\"auto, (max-width: 800px) 100vw, 800px\" \/><\/figure>\n\n\n\n<figure class=\"wp-block-image size-large\"><img loading=\"lazy\" decoding=\"async\" width=\"1024\" height=\"227\" data-id=\"722\" src=\"https:\/\/feuerwehrwoerth.de\/wp-content\/uploads\/Ausbildung\/IMG-20181113-WA0015.jpg\" alt=\"\" class=\"wp-image-722\" srcset=\"https:\/\/feuerwehrwoerth.de\/wp-content\/uploads\/Ausbildung\/IMG-20181113-WA0015.jpg 1024w, https:\/\/feuerwehrwoerth.de\/wp-content\/uploads\/Ausbildung\/IMG-20181113-WA0015-300x67.jpg 300w, https:\/\/feuerwehrwoerth.de\/wp-content\/uploads\/Ausbildung\/IMG-20181113-WA0015-768x170.jpg 768w\" sizes=\"auto, (max-width: 1024px) 100vw, 1024px\" \/><\/figure>\n<\/figure>\n\n\n\n<p><\/p>\n","protected":false},"excerpt":{"rendered":"<p>Hier erhalten Sie einen \u00dcberblick \u00fcber unsere Ausbildung im Bereich Absturzsicherung. Arbeiten in \u201egef\u00e4hrlichen\u201c Bereichen Im heutigen Feuerwehralltag geht es schon lange nicht mehr nur um die Menschenrettung durch eine reine Brandbek\u00e4mpfung. In den vergangenen Jahrzehnten gewannen Einsatzszenarien rund um die Technische Hilfe an enormer Bedeutung. Ein besonderer Teil dieser Technischen Hilfe ist die \u2013 [&hellip;]<\/p>\n","protected":false},"author":2,"featured_media":722,"parent":2567,"menu_order":0,"comment_status":"closed","ping_status":"closed","template":"","meta":{"advgb_blocks_editor_width":"","advgb_blocks_columns_visual_guide":"","ngg_post_thumbnail":0,"footnotes":""},"class_list":["post-655","page","type-page","status-publish","has-post-thumbnail","hentry"],"coauthors":[],"author_meta":{"author_link":"https:\/\/feuerwehrwoerth.de\/index.php\/author\/tobias\/","display_name":"Tobias"},"relative_dates":{"created":"Posted 5\u00a0Jahren ago","modified":"Updated 8\u00a0Monaten ago"},"absolute_dates":{"created":"Posted on 13. Dezember 2020","modified":"Updated on 24. August 2025"},"absolute_dates_time":{"created":"Posted on 13. Dezember 2020 2:30","modified":"Updated on 24. August 2025 15:19"},"featured_img_caption":"","featured_img":"https:\/\/feuerwehrwoerth.de\/wp-content\/uploads\/Ausbildung\/IMG-20181113-WA0015-375x210.jpg","series_order":"","jetpack_sharing_enabled":true,"_links":{"self":[{"href":"https:\/\/feuerwehrwoerth.de\/index.php\/wp-json\/wp\/v2\/pages\/655","targetHints":{"allow":["GET"]}}],"collection":[{"href":"https:\/\/feuerwehrwoerth.de\/index.php\/wp-json\/wp\/v2\/pages"}],"about":[{"href":"https:\/\/feuerwehrwoerth.de\/index.php\/wp-json\/wp\/v2\/types\/page"}],"author":[{"embeddable":true,"href":"https:\/\/feuerwehrwoerth.de\/index.php\/wp-json\/wp\/v2\/users\/2"}],"replies":[{"embeddable":true,"href":"https:\/\/feuerwehrwoerth.de\/index.php\/wp-json\/wp\/v2\/comments?post=655"}],"version-history":[{"count":43,"href":"https:\/\/feuerwehrwoerth.de\/index.php\/wp-json\/wp\/v2\/pages\/655\/revisions"}],"predecessor-version":[{"id":7527,"href":"https:\/\/feuerwehrwoerth.de\/index.php\/wp-json\/wp\/v2\/pages\/655\/revisions\/7527"}],"up":[{"embeddable":true,"href":"https:\/\/feuerwehrwoerth.de\/index.php\/wp-json\/wp\/v2\/pages\/2567"}],"wp:featuredmedia":[{"embeddable":true,"href":"https:\/\/feuerwehrwoerth.de\/index.php\/wp-json\/wp\/v2\/media\/722"}],"wp:attachment":[{"href":"https:\/\/feuerwehrwoerth.de\/index.php\/wp-json\/wp\/v2\/media?parent=655"}],"curies":[{"name":"wp","href":"https:\/\/api.w.org\/{rel}","templated":true}]}}